{"id":54,"date":"2022-08-28T09:04:38","date_gmt":"2022-08-28T07:04:38","guid":{"rendered":"https:\/\/seal.transport-manager.net\/mrrinbod\/?page_id=54"},"modified":"2025-03-01T18:56:47","modified_gmt":"2025-03-01T17:56:47","slug":"info-trafic-en-direct","status":"publish","type":"page","link":"https:\/\/seal.transport-manager.net\/mrrinbod\/info-trafic-en-direct\/","title":{"rendered":"TRAFIC EN DIRECT"},"content":{"rendered":"\n<p>Retrouvez ici l&rsquo;\u00e9tat actuel de la circulation sur les lignes du r\u00e9seau R&rsquo;Mobilit\u00e9<\/p>\n\n\n\n<p>Ligne B1\ufe0f\u20e3 : \ud83d\udfe2 Circulation Normale<\/p>\n\n\n\n<p>Ligne B2\ufe0f\u20e3 : \ud83d\udfe2 Circulation Normale<\/p>\n\n\n\n<p>Ligne B3\ufe0f\u20e3 : \ud83d\udfe2 Circulation Normale<\/p>\n\n\n\n<p>Ligne 4\ufe0f\u20e3 : \ud83d\udfe2 Circulation Normale<\/p>\n\n\n\n<p>Ligne 5\ufe0f\u20e3 : \ud83d\udfe2 Circulation Normale<\/p>\n\n\n\n<p>Ligne 6\ufe0f\u20e3 : \ud83d\udfe2 Circulation Normale<\/p>\n\n\n\n<p>Ligne 7\ufe0f\u20e3 : \ud83d\udfe2 Circulation Normale<\/p>\n\n\n\n<p>Ligne 8\ufe0f\u20e3 : \ud83d\udfe2 Circulation Normale<\/p>\n\n\n\n<p>Ligne 9\ufe0f\u20e3 : \ud83d\udfe2 Circulation Normale<\/p>\n\n\n\n<p>Ligne 1\ufe0f\u20e30\ufe0f\u20e3 : \ud83d\udfe2 Circulation Normale<\/p>\n\n\n\n<p>Ligne 1\ufe0f\u20e31\ufe0f\u20e3 : \ud83d\udfe2 Circulation Normale<\/p>\n\n\n\n<p>Ligne 1\ufe0f\u20e32\ufe0f\u20e3 : \ud83d\udfe2 Circulation Normale<\/p>\n\n\n\n<p>Ligne 1\ufe0f\u20e33\ufe0f\u20e3 : \ud83d\udfe2 Circulation Normale<\/p>\n\n\n\n<p>Ligne 6\ufe0f\u20e30\ufe0f\u20e3 : \ud83d\udfe2 Circulation Normale<\/p>\n\n\n\n<p>Ligne 6\ufe0f\u20e31\ufe0f\u20e3 : \ud83d\udfe2 Circulation Normale<\/p>\n\n\n\n<p>Ligne 6\ufe0f\u20e32\ufe0f\u20e3 : \ud83d\udfe2 Circulation Normale<\/p>\n\n\n\n<p>Ligne 6\ufe0f\u20e33\ufe0f\u20e3 : \ud83d\udfe2 Circulation Normale<\/p>\n\n\n\n<p>Ligne 6\ufe0f\u20e34\ufe0f\u20e3 : \ud83d\udfe2 Circulation Normale<\/p>\n\n\n\n<p>Ligne 1\ufe0f\u20e30\ufe0f\u20e31\ufe0f\u20e3 : \ud83d\udfe2 Circulation Normale<\/p>\n\n\n\n<p>Ligne 1\ufe0f\u20e30\ufe0f\u20e32\ufe0f\u20e3 : \ud83d\udfe2 Circulation Normale<\/p>\n\n\n\n<p>Ligne 1\ufe0f\u20e30\ufe0f\u20e33\ufe0f\u20e3 : \ud83d\udfe2 Circulation Normale<\/p>\n\n\n\n<p>Ligne 1\ufe0f\u20e30\ufe0f\u20e34\ufe0f\u20e3 : \ud83d\udfe2 Circulation Normale<\/p>\n\n\n\n<p>Ligne ;2\ufe0f\u20e30\ufe0f\u20e31\ufe0f\u20e3 : \ud83d\udfe2 Circulation Normale<\/p>\n\n\n\n<p>Ligne 2\ufe0f\u20e30\ufe0f\u20e32\ufe0f\u20e3 : \ud83d\udfe2 Circulation Normale<\/p>\n\n\n\n<p>Ligne 2\ufe0f\u20e30\ufe0f\u20e33\ufe0f\u20e3 : \ud83d\udfe2 Circulation Normale<\/p>\n\n\n\n<p>Ligne 6\ufe0f\u20e30\ufe0f\u20e31\ufe0f\u20e3 : \ud83d\udfe2 Circulation Normale<\/p>\n\n\n\n<p>Ligne 6\ufe0f\u20e30\ufe0f\u20e32\ufe0f\u20e3 : \ud83d\udfe2 Circulation Normale<\/p>\n\n\n\n<p>Ligne 6\ufe0f\u20e35\ufe0f\u20e31\ufe0f\u20e3 : \ud83d\udfe2 Circulation Normale<\/p>\n\n\n\n<p>Ligne 6\ufe0f\u20e35\ufe0f\u20e32\ufe0f\u20e3 : \ud83d\udfe2 Circulation Normale<\/p>\n\n\n\n<p>Ligne 9\ufe0f\u20e30\ufe0f\u20e31\ufe0f\u20e3 : \ud83d\udfe2 Circulation Normale<\/p>\n\n\n\n<p>Ligne 9\ufe0f\u20e30\ufe0f\u20e32\ufe0f\u20e3 : \ud83d\udfe2 Circulation Normale<\/p>\n\n\n\n<p>Et n&rsquo;oubliez pas de prendre l&rsquo;R <\/p>\n\n\n\n<p><\/p>\n","protected":false},"excerpt":{"rendered":"<p>Retrouvez ici l&rsquo;\u00e9tat actuel de la circulation sur les lignes du r\u00e9seau R&rsquo;Mobilit\u00e9 Ligne B1\ufe0f\u20e3 : \ud83d\udfe2 Circulation Normale Ligne B2\ufe0f\u20e3 : \ud83d\udfe2 Circulation Normale Ligne B3\ufe0f\u20e3 : \ud83d\udfe2 Circulation&nbsp;&hellip;<\/p>\n","protected":false},"author":260,"featured_media":0,"parent":0,"menu_order":1,"comment_status":"closed","ping_status":"closed","template":"page-no-separators","meta":{"footnotes":""},"class_list":["post-54","page","type-page","status-publish","hentry"],"_links":{"self":[{"href":"https:\/\/seal.transport-manager.net\/mrrinbod\/wp-json\/wp\/v2\/pages\/54","targetHints":{"allow":["GET"]}}],"collection":[{"href":"https:\/\/seal.transport-manager.net\/mrrinbod\/wp-json\/wp\/v2\/pages"}],"about":[{"href":"https:\/\/seal.transport-manager.net\/mrrinbod\/wp-json\/wp\/v2\/types\/page"}],"author":[{"embeddable":true,"href":"https:\/\/seal.transport-manager.net\/mrrinbod\/wp-json\/wp\/v2\/users\/260"}],"replies":[{"embeddable":true,"href":"https:\/\/seal.transport-manager.net\/mrrinbod\/wp-json\/wp\/v2\/comments?post=54"}],"version-history":[{"count":90,"href":"https:\/\/seal.transport-manager.net\/mrrinbod\/wp-json\/wp\/v2\/pages\/54\/revisions"}],"predecessor-version":[{"id":950,"href":"https:\/\/seal.transport-manager.net\/mrrinbod\/wp-json\/wp\/v2\/pages\/54\/revisions\/950"}],"wp:attachment":[{"href":"https:\/\/seal.transport-manager.net\/mrrinbod\/wp-json\/wp\/v2\/media?parent=54"}],"curies":[{"name":"wp","href":"https:\/\/api.w.org\/{rel}","templated":true}]}}