{"id":477,"date":"2026-04-09T16:14:18","date_gmt":"2026-04-09T14:14:18","guid":{"rendered":"https:\/\/seal.transport-manager.net\/mtillier\/?page_id=477"},"modified":"2026-04-12T21:31:33","modified_gmt":"2026-04-12T19:31:33","slug":"evenements","status":"publish","type":"page","link":"https:\/\/seal.transport-manager.net\/mtillier\/evenements\/","title":{"rendered":"\u00c9v\u00e9nements"},"content":{"rendered":"\n<p>Vous retrouverez dans cette page tous les \u00e9v\u00e9nements du r\u00e9seau.<\/p>\n\n\n\n<p class=\"has-text-color has-link-color wp-elements-21195618bc1d9c2348ac63d690f3339b\" style=\"color:#3107e3\"><\/p>\n\n\n\n<p><\/p>\n","protected":false},"excerpt":{"rendered":"<p>Vous retrouverez dans cette page tous les \u00e9v\u00e9nements du r\u00e9seau.<\/p>\n","protected":false},"author":621,"featured_media":0,"parent":0,"menu_order":0,"comment_status":"closed","ping_status":"closed","template":"","meta":{"footnotes":""},"class_list":["post-477","page","type-page","status-publish","hentry"],"_links":{"self":[{"href":"https:\/\/seal.transport-manager.net\/mtillier\/wp-json\/wp\/v2\/pages\/477","targetHints":{"allow":["GET"]}}],"collection":[{"href":"https:\/\/seal.transport-manager.net\/mtillier\/wp-json\/wp\/v2\/pages"}],"about":[{"href":"https:\/\/seal.transport-manager.net\/mtillier\/wp-json\/wp\/v2\/types\/page"}],"author":[{"embeddable":true,"href":"https:\/\/seal.transport-manager.net\/mtillier\/wp-json\/wp\/v2\/users\/621"}],"replies":[{"embeddable":true,"href":"https:\/\/seal.transport-manager.net\/mtillier\/wp-json\/wp\/v2\/comments?post=477"}],"version-history":[{"count":6,"href":"https:\/\/seal.transport-manager.net\/mtillier\/wp-json\/wp\/v2\/pages\/477\/revisions"}],"predecessor-version":[{"id":503,"href":"https:\/\/seal.transport-manager.net\/mtillier\/wp-json\/wp\/v2\/pages\/477\/revisions\/503"}],"wp:attachment":[{"href":"https:\/\/seal.transport-manager.net\/mtillier\/wp-json\/wp\/v2\/media?parent=477"}],"curies":[{"name":"wp","href":"https:\/\/api.w.org\/{rel}","templated":true}]}}