{"id":1057,"date":"2023-07-11T06:48:06","date_gmt":"2023-07-11T04:48:06","guid":{"rendered":"https:\/\/seal.transport-manager.net\/orizo\/?page_id=1057"},"modified":"2026-02-22T16:32:25","modified_gmt":"2026-02-22T15:32:25","slug":"desserte-des-etablissements-scolaires","status":"publish","type":"page","link":"https:\/\/seal.transport-manager.net\/orizo\/desserte-des-etablissements-scolaires\/","title":{"rendered":"Desserte des \u00e9tablissements scolaires"},"content":{"rendered":"\n<figure class=\"wp-block-image alignfull size-full\"><img loading=\"lazy\" decoding=\"async\" width=\"2501\" height=\"226\" src=\"https:\/\/seal.transport-manager.net\/orizo\/wp-content\/uploads\/sites\/54\/2025\/06\/Scolaires-02.png\" alt=\"\" class=\"wp-image-2189\" srcset=\"https:\/\/seal.transport-manager.net\/orizo\/wp-content\/uploads\/sites\/54\/2025\/06\/Scolaires-02.png 2501w, https:\/\/seal.transport-manager.net\/orizo\/wp-content\/uploads\/sites\/54\/2025\/06\/Scolaires-02-300x27.png 300w, https:\/\/seal.transport-manager.net\/orizo\/wp-content\/uploads\/sites\/54\/2025\/06\/Scolaires-02-1024x93.png 1024w, https:\/\/seal.transport-manager.net\/orizo\/wp-content\/uploads\/sites\/54\/2025\/06\/Scolaires-02-768x69.png 768w, https:\/\/seal.transport-manager.net\/orizo\/wp-content\/uploads\/sites\/54\/2025\/06\/Scolaires-02-1536x139.png 1536w, https:\/\/seal.transport-manager.net\/orizo\/wp-content\/uploads\/sites\/54\/2025\/06\/Scolaires-02-2048x185.png 2048w\" sizes=\"auto, (max-width: 2501px) 100vw, 2501px\" \/><\/figure>\n\n\n\n<div class=\"wp-block-columns alignfull is-not-stacked-on-mobile is-layout-flex wp-container-core-columns-is-layout-28f84493 wp-block-columns-is-layout-flex\">\n<div class=\"wp-block-column is-layout-flow wp-block-column-is-layout-flow\" style=\"flex-basis:5%\"><\/div>\n\n\n\n<div class=\"wp-block-column is-layout-flow wp-block-column-is-layout-flow\">\n<div class=\"wp-block-group\"><div class=\"wp-block-group__inner-container is-layout-constrained wp-block-group-is-layout-constrained\">\n<hr class=\"wp-block-separator has-text-color has-white-color has-alpha-channel-opacity has-white-background-color has-background is-style-wide\" \/>\n\n\n\n<h2 class=\"wp-block-heading\">Enseignement secondaire<\/h2>\n\n\n\n<figure class=\"wp-block-table alignwide is-style-stripes\"><table><thead><tr><th class=\"has-text-align-center\" data-align=\"center\">\u00c9tablissement<\/th><th class=\"has-text-align-center\" data-align=\"center\">Arr\u00eat(s)<\/th><th class=\"has-text-align-center\" data-align=\"center\">Ligne(s)<\/th><\/tr><\/thead><tbody><tr><td class=\"has-text-align-center\" data-align=\"center\">Coll\u00e8ge Victor Hugo<\/td><td class=\"has-text-align-center\" data-align=\"center\">Coll\u00e8ge V. Hugo<\/td><td class=\"has-text-align-center\" data-align=\"center\"><img decoding=\"async\" class=\"wp-image-1989\" style=\"width:auto;height:30px\" src=\"https:\/\/seal.transport-manager.net\/orizo\/wp-content\/uploads\/sites\/54\/2025\/09\/B2.png\" alt=\"\"><img decoding=\"async\" class=\"wp-image-1989\" style=\"width:auto;height:30px\" src=\"https:\/\/seal.transport-manager.net\/orizo\/wp-content\/uploads\/sites\/54\/2025\/09\/S602.png\" alt=\"\"><img decoding=\"async\" class=\"wp-image-1989\" style=\"width:auto;height:30px\" src=\"https:\/\/seal.transport-manager.net\/orizo\/wp-content\/uploads\/sites\/54\/2025\/09\/S651.png\" alt=\"\"><\/td><\/tr><tr><td class=\"has-text-align-center\" data-align=\"center\">Lyc\u00e9e Caroline Herschel<\/td><td class=\"has-text-align-center\" data-align=\"center\">Lyc\u00e9e C. Herschel<\/td><td class=\"has-text-align-center\" data-align=\"center\"><img decoding=\"async\" class=\"wp-image-1989\" style=\"width:auto;height:30px\" src=\"https:\/\/seal.transport-manager.net\/orizo\/wp-content\/uploads\/sites\/54\/2025\/09\/B3.png\" alt=\"\"><img decoding=\"async\" class=\"wp-image-1989\" style=\"width:auto;height:30px\" src=\"https:\/\/seal.transport-manager.net\/orizo\/wp-content\/uploads\/sites\/54\/2025\/09\/P63.png\" alt=\"\"><img decoding=\"async\" class=\"wp-image-1989\" style=\"width:auto;height:30px\" src=\"https:\/\/seal.transport-manager.net\/orizo\/wp-content\/uploads\/sites\/54\/2025\/09\/S602.png\" alt=\"\"><img decoding=\"async\" class=\"wp-image-1989\" style=\"width:auto;height:30px\" src=\"https:\/\/seal.transport-manager.net\/orizo\/wp-content\/uploads\/sites\/54\/2025\/09\/S651.png\" alt=\"\"><\/td><\/tr><tr><td class=\"has-text-align-center\" data-align=\"center\">Coll\u00e8ge Rosa Parks<\/td><td class=\"has-text-align-center\" data-align=\"center\">Coll\u00e8ge R. Parks<\/td><td class=\"has-text-align-center\" data-align=\"center\"><img decoding=\"async\" class=\"wp-image-1989\" style=\"width:auto;height:30px\" src=\"https:\/\/seal.transport-manager.net\/orizo\/wp-content\/uploads\/sites\/54\/2025\/09\/U7.png\" alt=\"\"><img decoding=\"async\" class=\"wp-image-1989\" style=\"width:auto;height:30px\" src=\"https:\/\/seal.transport-manager.net\/orizo\/wp-content\/uploads\/sites\/54\/2025\/09\/P64.png\" alt=\"\"><img decoding=\"async\" class=\"wp-image-1989\" style=\"width:auto;height:30px\" src=\"https:\/\/seal.transport-manager.net\/orizo\/wp-content\/uploads\/sites\/54\/2025\/09\/S651.png\" alt=\"\"><\/td><\/tr><tr><td class=\"has-text-align-center\" data-align=\"center\">Coll\u00e8ge Rosa Luxembourg<\/td><td class=\"has-text-align-center\" data-align=\"center\">Coll\u00e8ge R. Luxembourg<\/td><td class=\"has-text-align-center\" data-align=\"center\"><img decoding=\"async\" class=\"wp-image-1989\" style=\"width:auto;height:30px\" src=\"https:\/\/seal.transport-manager.net\/orizo\/wp-content\/uploads\/sites\/54\/2025\/09\/U7.png\" alt=\"\"><img decoding=\"async\" class=\"wp-image-1989\" style=\"width:auto;height:30px\" src=\"https:\/\/seal.transport-manager.net\/orizo\/wp-content\/uploads\/sites\/54\/2025\/09\/S601.png\" alt=\"\"><img decoding=\"async\" class=\"wp-image-1989\" style=\"width:auto;height:30px\" src=\"https:\/\/seal.transport-manager.net\/orizo\/wp-content\/uploads\/sites\/54\/2025\/09\/S652.png\" alt=\"\"><\/td><\/tr><tr><td class=\"has-text-align-center\" data-align=\"center\">Lyc\u00e9e Karl Marx<\/td><td class=\"has-text-align-center\" data-align=\"center\">Lyc\u00e9e K. Marx<\/td><td class=\"has-text-align-center\" data-align=\"center\"><img decoding=\"async\" class=\"wp-image-1989\" style=\"width:auto;height:30px\" src=\"https:\/\/seal.transport-manager.net\/orizo\/wp-content\/uploads\/sites\/54\/2025\/09\/U10.png\" alt=\"\"><img decoding=\"async\" class=\"wp-image-1989\" style=\"width:auto;height:30px\" src=\"https:\/\/seal.transport-manager.net\/orizo\/wp-content\/uploads\/sites\/54\/2025\/09\/P60.png\" alt=\"\"><img decoding=\"async\" class=\"wp-image-1989\" style=\"width:auto;height:30px\" src=\"https:\/\/seal.transport-manager.net\/orizo\/wp-content\/uploads\/sites\/54\/2025\/09\/S651.png\" alt=\"\"><\/td><\/tr><tr><td class=\"has-text-align-center\" data-align=\"center\">Lyc\u00e9e Jean Zay<\/td><td class=\"has-text-align-center\" data-align=\"center\">Lyc\u00e9e J. Zay<\/td><td class=\"has-text-align-center\" data-align=\"center\"><img decoding=\"async\" class=\"wp-image-1989\" style=\"width:auto;height:30px\" src=\"https:\/\/seal.transport-manager.net\/orizo\/wp-content\/uploads\/sites\/54\/2025\/09\/U12.png\" alt=\"\"><img decoding=\"async\" class=\"wp-image-1989\" style=\"width:auto;height:30px\" src=\"https:\/\/seal.transport-manager.net\/orizo\/wp-content\/uploads\/sites\/54\/2025\/09\/S602.png\" alt=\"\"><img decoding=\"async\" class=\"wp-image-1989\" style=\"width:auto;height:30px\" src=\"https:\/\/seal.transport-manager.net\/orizo\/wp-content\/uploads\/sites\/54\/2025\/09\/S651.png\" alt=\"\"><\/td><\/tr><tr><td class=\"has-text-align-center\" data-align=\"center\">Coll\u00e8ge Saint-Paul<\/td><td class=\"has-text-align-center\" data-align=\"center\">Coll\u00e8ge Saint-Paul<\/td><td class=\"has-text-align-center\" data-align=\"center\"><img decoding=\"async\" class=\"wp-image-1989\" style=\"width:auto;height:30px\" src=\"https:\/\/seal.transport-manager.net\/orizo\/wp-content\/uploads\/sites\/54\/2025\/09\/U13.png\" alt=\"\"><img decoding=\"async\" class=\"wp-image-1989\" style=\"width:auto;height:30px\" src=\"https:\/\/seal.transport-manager.net\/orizo\/wp-content\/uploads\/sites\/54\/2025\/09\/S601.png\" alt=\"\"><img decoding=\"async\" class=\"wp-image-1989\" style=\"width:auto;height:30px\" src=\"https:\/\/seal.transport-manager.net\/orizo\/wp-content\/uploads\/sites\/54\/2025\/09\/S652.png\" alt=\"\"><\/td><\/tr><tr><td class=\"has-text-align-center\" data-align=\"center\">Lyc\u00e9e Anne Frank<\/td><td class=\"has-text-align-center\" data-align=\"center\">Lyc\u00e9e A. Frank<\/td><td class=\"has-text-align-center\" data-align=\"center\"><img decoding=\"async\" class=\"wp-image-1989\" style=\"width:auto;height:30px\" src=\"https:\/\/seal.transport-manager.net\/orizo\/wp-content\/uploads\/sites\/54\/2025\/09\/P61.png\" alt=\"\"><img decoding=\"async\" class=\"wp-image-1989\" style=\"width:auto;height:30px\" src=\"https:\/\/seal.transport-manager.net\/orizo\/wp-content\/uploads\/sites\/54\/2025\/09\/S601.png\" alt=\"\"><img decoding=\"async\" class=\"wp-image-1989\" style=\"width:auto;height:30px\" src=\"https:\/\/seal.transport-manager.net\/orizo\/wp-content\/uploads\/sites\/54\/2025\/09\/S652.png\" alt=\"\"><\/td><\/tr><tr><td class=\"has-text-align-center\" data-align=\"center\">Institut Simone Weil<\/td><td class=\"has-text-align-center\" data-align=\"center\">Institut S. Weil<\/td><td class=\"has-text-align-center\" data-align=\"center\"><img decoding=\"async\" class=\"wp-image-1989\" style=\"width:auto;height:30px\" src=\"https:\/\/seal.transport-manager.net\/orizo\/wp-content\/uploads\/sites\/54\/2025\/09\/P64.png\" alt=\"\"><img decoding=\"async\" class=\"wp-image-1989\" style=\"width:auto;height:30px\" src=\"https:\/\/seal.transport-manager.net\/orizo\/wp-content\/uploads\/sites\/54\/2025\/09\/S651.png\" alt=\"\"><\/td><\/tr><\/tbody><\/table><\/figure>\n\n\n\n<hr class=\"wp-block-separator has-alpha-channel-opacity\" \/>\n\n\n\n<h2 class=\"wp-block-heading\">Enseignement sup\u00e9rieur<\/h2>\n\n\n\n<figure class=\"wp-block-table alignwide is-style-stripes\"><table><thead><tr><th class=\"has-text-align-center\" data-align=\"center\">\u00c9tablissement<\/th><th class=\"has-text-align-center\" data-align=\"center\">Arr\u00eat(s)<\/th><th class=\"has-text-align-center\" data-align=\"center\">Ligne(s)<\/th><\/tr><\/thead><tbody><tr><td class=\"has-text-align-center\" data-align=\"center\"><em>Universit\u00e9 de Probourg<br><\/em>P\u00f4le Sciences et Technologies<\/td><td class=\"has-text-align-center\" data-align=\"center\">Campus A. Turing<\/td><td class=\"has-text-align-center\" data-align=\"center\"><img decoding=\"async\" class=\"wp-image-1989\" style=\"width:auto;height:30px\" src=\"https:\/\/seal.transport-manager.net\/orizo\/wp-content\/uploads\/sites\/54\/2025\/09\/B1.png\" alt=\"\"><img decoding=\"async\" class=\"wp-image-1989\" style=\"width:auto;height:30px\" src=\"https:\/\/seal.transport-manager.net\/orizo\/wp-content\/uploads\/sites\/54\/2025\/09\/U9.png\" alt=\"\"><img decoding=\"async\" class=\"wp-image-1989\" style=\"width:auto;height:30px\" src=\"https:\/\/seal.transport-manager.net\/orizo\/wp-content\/uploads\/sites\/54\/2025\/09\/U10.png\" alt=\"\"><img decoding=\"async\" class=\"wp-image-1989\" style=\"width:auto;height:30px\" src=\"https:\/\/seal.transport-manager.net\/orizo\/wp-content\/uploads\/sites\/54\/2025\/09\/L201.png\" alt=\"\"><img decoding=\"async\" class=\"wp-image-1989\" style=\"width:auto;height:30px\" src=\"https:\/\/seal.transport-manager.net\/orizo\/wp-content\/uploads\/sites\/54\/2025\/09\/L202.png\" alt=\"\"><\/td><\/tr><tr><td class=\"has-text-align-center\" data-align=\"center\"><em>Universit\u00e9 de Probourg<br><\/em>P\u00f4le Sant\u00e9<\/td><td class=\"has-text-align-center\" data-align=\"center\">Campus M. Gautier<br>CHRU M. Gautier<br>Fac de m\u00e9decine<\/td><td class=\"has-text-align-center\" data-align=\"center\"><img decoding=\"async\" class=\"wp-image-1989\" style=\"width:auto;height:30px\" src=\"https:\/\/seal.transport-manager.net\/orizo\/wp-content\/uploads\/sites\/54\/2025\/09\/B3.png\" alt=\"\"><img decoding=\"async\" class=\"wp-image-1989\" style=\"width:auto;height:30px\" src=\"https:\/\/seal.transport-manager.net\/orizo\/wp-content\/uploads\/sites\/54\/2025\/09\/U8.png\" alt=\"\"><img decoding=\"async\" class=\"wp-image-1989\" style=\"width:auto;height:30px\" src=\"https:\/\/seal.transport-manager.net\/orizo\/wp-content\/uploads\/sites\/54\/2025\/09\/U11.png\" alt=\"\"><img decoding=\"async\" class=\"wp-image-1989\" style=\"width:auto;height:30px\" src=\"https:\/\/seal.transport-manager.net\/orizo\/wp-content\/uploads\/sites\/54\/2025\/09\/S602.png\" alt=\"\"><br><img decoding=\"async\" class=\"wp-image-1989\" style=\"width:auto;height:30px\" src=\"https:\/\/seal.transport-manager.net\/orizo\/wp-content\/uploads\/sites\/54\/2025\/09\/B3.png\" alt=\"\"><img decoding=\"async\" class=\"wp-image-1989\" style=\"width:auto;height:30px\" src=\"https:\/\/seal.transport-manager.net\/orizo\/wp-content\/uploads\/sites\/54\/2025\/09\/U11.png\" alt=\"\"><br><img decoding=\"async\" class=\"wp-image-1989\" style=\"width:auto;height:30px\" src=\"https:\/\/seal.transport-manager.net\/orizo\/wp-content\/uploads\/sites\/54\/2025\/09\/B3.png\" alt=\"\"><\/td><\/tr><tr><td class=\"has-text-align-center\" data-align=\"center\"><em>Universit\u00e9 de Probourg<br><\/em>P\u00f4le Droit (historique)<\/td><td class=\"has-text-align-center\" data-align=\"center\">Fac de droit<\/td><td class=\"has-text-align-center\" data-align=\"center\"><img decoding=\"async\" class=\"wp-image-1989\" style=\"width:auto;height:30px\" src=\"https:\/\/seal.transport-manager.net\/orizo\/wp-content\/uploads\/sites\/54\/2025\/09\/B3.png\" alt=\"\"><\/td><\/tr><tr><td class=\"has-text-align-center\" data-align=\"center\">Sciences Po<\/td><td class=\"has-text-align-center\" data-align=\"center\">Sciences Po<\/td><td class=\"has-text-align-center\" data-align=\"center\"><img decoding=\"async\" class=\"wp-image-1989\" style=\"width:auto;height:30px\" src=\"https:\/\/seal.transport-manager.net\/orizo\/wp-content\/uploads\/sites\/54\/2025\/09\/U5.png\" alt=\"\"><img decoding=\"async\" class=\"wp-image-1989\" style=\"width:auto;height:30px\" src=\"https:\/\/seal.transport-manager.net\/orizo\/wp-content\/uploads\/sites\/54\/2025\/09\/U102.png\" alt=\"\"><\/td><\/tr><tr><td class=\"has-text-align-center\" data-align=\"center\"><em>Universit\u00e9 de Probourg<br><\/em>I.U.T. de Probourg<\/td><td class=\"has-text-align-center\" data-align=\"center\">IUT<br>Universit\u00e9<\/td><td class=\"has-text-align-center\" data-align=\"center\"><img decoding=\"async\" class=\"wp-image-1989\" style=\"width:auto;height:30px\" src=\"https:\/\/seal.transport-manager.net\/orizo\/wp-content\/uploads\/sites\/54\/2025\/09\/U5.png\" alt=\"\"><\/td><\/tr><tr><td class=\"has-text-align-center\" data-align=\"center\">Polytechnique<\/td><td class=\"has-text-align-center\" data-align=\"center\">Polytech<\/td><td class=\"has-text-align-center\" data-align=\"center\"><img decoding=\"async\" class=\"wp-image-1989\" style=\"width:auto;height:30px\" src=\"https:\/\/seal.transport-manager.net\/orizo\/wp-content\/uploads\/sites\/54\/2025\/09\/U5.png\" alt=\"\"><\/td><\/tr><tr><td class=\"has-text-align-center\" data-align=\"center\"><em>Universit\u00e9 de Probourg<br><\/em>P\u00f4le Droit et Comptabilit\u00e9<\/td><td class=\"has-text-align-center\" data-align=\"center\">P\u00f4le L. Pacioli<\/td><td class=\"has-text-align-center\" data-align=\"center\"><img decoding=\"async\" class=\"wp-image-1989\" style=\"width:auto;height:30px\" src=\"https:\/\/seal.transport-manager.net\/orizo\/wp-content\/uploads\/sites\/54\/2025\/09\/U5.png\" alt=\"\"><img decoding=\"async\" class=\"wp-image-1989\" style=\"width:auto;height:30px\" src=\"https:\/\/seal.transport-manager.net\/orizo\/wp-content\/uploads\/sites\/54\/2025\/09\/U8.png\" alt=\"\"><img decoding=\"async\" class=\"wp-image-1989\" style=\"width:auto;height:30px\" src=\"https:\/\/seal.transport-manager.net\/orizo\/wp-content\/uploads\/sites\/54\/2025\/09\/U103.png\" alt=\"\"><\/td><\/tr><tr><td class=\"has-text-align-center\" data-align=\"center\"><em>Universit\u00e9 de Probourg<br><\/em>P\u00f4le Sciences Humaines et Sociales<\/td><td class=\"has-text-align-center\" data-align=\"center\">Campus M. Esterle<\/td><td class=\"has-text-align-center\" data-align=\"center\"><img decoding=\"async\" class=\"wp-image-1989\" style=\"width:auto;height:30px\" src=\"https:\/\/seal.transport-manager.net\/orizo\/wp-content\/uploads\/sites\/54\/2025\/09\/U6.png\" alt=\"\"><img decoding=\"async\" class=\"wp-image-1989\" style=\"width:auto;height:30px\" src=\"https:\/\/seal.transport-manager.net\/orizo\/wp-content\/uploads\/sites\/54\/2025\/09\/U11.png\" alt=\"\"><img decoding=\"async\" class=\"wp-image-1989\" style=\"width:auto;height:30px\" src=\"https:\/\/seal.transport-manager.net\/orizo\/wp-content\/uploads\/sites\/54\/2025\/09\/U12.png\" alt=\"\"><img decoding=\"async\" class=\"wp-image-1989\" style=\"width:auto;height:30px\" src=\"https:\/\/seal.transport-manager.net\/orizo\/wp-content\/uploads\/sites\/54\/2025\/09\/P63.png\" alt=\"\"><\/td><\/tr><tr><td class=\"has-text-align-center\" data-align=\"center\">\u00c9cole des Mines<\/td><td class=\"has-text-align-center\" data-align=\"center\">\u00c9cole des Mines<\/td><td class=\"has-text-align-center\" data-align=\"center\"><img decoding=\"async\" class=\"wp-image-1989\" style=\"width:auto;height:30px\" src=\"https:\/\/seal.transport-manager.net\/orizo\/wp-content\/uploads\/sites\/54\/2025\/09\/U8.png\" alt=\"\"><\/td><\/tr><tr><td class=\"has-text-align-center\" data-align=\"center\">\u00c9cole d&rsquo;Architecture<\/td><td class=\"has-text-align-center\" data-align=\"center\">Architecture <\/td><td class=\"has-text-align-center\" data-align=\"center\"><img decoding=\"async\" class=\"wp-image-1989\" style=\"width:auto;height:30px\" src=\"https:\/\/seal.transport-manager.net\/orizo\/wp-content\/uploads\/sites\/54\/2025\/09\/U11.png\" alt=\"\"><\/td><\/tr><\/tbody><\/table><\/figure>\n<\/div><\/div>\n<\/div>\n\n\n\n<div class=\"wp-block-column is-layout-flow wp-block-column-is-layout-flow\" style=\"flex-basis:5%\"><\/div>\n<\/div>\n","protected":false},"excerpt":{"rendered":"<p>Enseignement secondaire \u00c9tablissement Arr\u00eat(s) Ligne(s) Coll\u00e8ge Victor Hugo Coll\u00e8ge V. Hugo Lyc\u00e9e Caroline Herschel Lyc\u00e9e C. Herschel Coll\u00e8ge Rosa Parks Coll\u00e8ge R. Parks Coll\u00e8ge Rosa Luxembourg Coll\u00e8ge R. Luxembourg Lyc\u00e9e Karl Marx Lyc\u00e9e K. Marx Lyc\u00e9e Jean Zay Lyc\u00e9e J. Zay Coll\u00e8ge Saint-Paul Coll\u00e8ge Saint-Paul Lyc\u00e9e Anne Frank Lyc\u00e9e A. [&hellip;]<\/p>\n","protected":false},"author":54,"featured_media":0,"parent":0,"menu_order":0,"comment_status":"closed","ping_status":"closed","template":"page-templates\/template-pagebuilder-full-width.php","meta":{"_EventAllDay":false,"_EventTimezone":"","_EventStartDate":"","_EventEndDate":"","_EventStartDateUTC":"","_EventEndDateUTC":"","_EventShowMap":false,"_EventShowMapLink":false,"_EventURL":"","_EventCost":"","_EventCostDescription":"","_EventCurrencySymbol":"","_EventCurrencyCode":"","_EventCurrencyPosition":"","_EventDateTimeSeparator":"","_EventTimeRangeSeparator":"","_EventOrganizerID":[],"_EventVenueID":[],"_OrganizerEmail":"","_OrganizerPhone":"","_OrganizerWebsite":"","_VenueAddress":"","_VenueCity":"","_VenueCountry":"","_VenueProvince":"","_VenueState":"","_VenueZip":"","_VenuePhone":"","_VenueURL":"","_VenueStateProvince":"","_VenueLat":"","_VenueLng":"","_VenueShowMap":false,"_VenueShowMapLink":false,"footnotes":""},"class_list":["post-1057","page","type-page","status-publish","hentry"],"_links":{"self":[{"href":"https:\/\/seal.transport-manager.net\/orizo\/wp-json\/wp\/v2\/pages\/1057","targetHints":{"allow":["GET"]}}],"collection":[{"href":"https:\/\/seal.transport-manager.net\/orizo\/wp-json\/wp\/v2\/pages"}],"about":[{"href":"https:\/\/seal.transport-manager.net\/orizo\/wp-json\/wp\/v2\/types\/page"}],"author":[{"embeddable":true,"href":"https:\/\/seal.transport-manager.net\/orizo\/wp-json\/wp\/v2\/users\/54"}],"replies":[{"embeddable":true,"href":"https:\/\/seal.transport-manager.net\/orizo\/wp-json\/wp\/v2\/comments?post=1057"}],"version-history":[{"count":15,"href":"https:\/\/seal.transport-manager.net\/orizo\/wp-json\/wp\/v2\/pages\/1057\/revisions"}],"predecessor-version":[{"id":2449,"href":"https:\/\/seal.transport-manager.net\/orizo\/wp-json\/wp\/v2\/pages\/1057\/revisions\/2449"}],"wp:attachment":[{"href":"https:\/\/seal.transport-manager.net\/orizo\/wp-json\/wp\/v2\/media?parent=1057"}],"curies":[{"name":"wp","href":"https:\/\/api.w.org\/{rel}","templated":true}]}}