{"id":1319,"date":"2023-08-08T22:47:06","date_gmt":"2023-08-08T20:47:06","guid":{"rendered":"https:\/\/seal.transport-manager.net\/orizo\/?page_id=1319"},"modified":"2025-06-25T20:42:35","modified_gmt":"2025-06-25T18:42:35","slug":"bus-plus","status":"publish","type":"page","link":"https:\/\/seal.transport-manager.net\/orizo\/bus-plus\/","title":{"rendered":"Bus+"},"content":{"rendered":"\n<figure class=\"wp-block-image alignfull size-full\"><img loading=\"lazy\" decoding=\"async\" width=\"2501\" height=\"226\" src=\"https:\/\/seal.transport-manager.net\/orizo\/wp-content\/uploads\/sites\/54\/2025\/06\/Bus-02.png\" alt=\"\" class=\"wp-image-2183\" srcset=\"https:\/\/seal.transport-manager.net\/orizo\/wp-content\/uploads\/sites\/54\/2025\/06\/Bus-02.png 2501w, https:\/\/seal.transport-manager.net\/orizo\/wp-content\/uploads\/sites\/54\/2025\/06\/Bus-02-300x27.png 300w, https:\/\/seal.transport-manager.net\/orizo\/wp-content\/uploads\/sites\/54\/2025\/06\/Bus-02-1024x93.png 1024w, https:\/\/seal.transport-manager.net\/orizo\/wp-content\/uploads\/sites\/54\/2025\/06\/Bus-02-768x69.png 768w, https:\/\/seal.transport-manager.net\/orizo\/wp-content\/uploads\/sites\/54\/2025\/06\/Bus-02-1536x139.png 1536w, https:\/\/seal.transport-manager.net\/orizo\/wp-content\/uploads\/sites\/54\/2025\/06\/Bus-02-2048x185.png 2048w\" sizes=\"auto, (max-width: 2501px) 100vw, 2501px\" \/><\/figure>\n\n\n\n<div class=\"wp-block-columns alignfull is-layout-flex wp-container-core-columns-is-layout-28f84493 wp-block-columns-is-layout-flex\">\n<div class=\"wp-block-column is-layout-flow wp-block-column-is-layout-flow\" style=\"flex-basis:5%\"><\/div>\n\n\n\n<div class=\"wp-block-column is-layout-flow wp-block-column-is-layout-flow\">\n<hr class=\"wp-block-separator has-text-color has-white-color has-alpha-channel-opacity has-white-background-color has-background is-style-wide\" \/>\n\n\n\n<h2 class=\"wp-block-heading has-header-gradient-color has-text-color\">Se d\u00e9placer facilement et rapidement ? Bus+ !<\/h2>\n\n\n\n<p>Marre des embouteillages ? Pensez Bus+ !<\/p>\n\n\n\n<p>Les lignes B1, B2 et B3 permettent de rejoindre rapidement votre destination, en \u00e9vitant les embouteillages. Ces lignes proposent de nombreuses correspondances avec les autres lignes du r\u00e9seau, de mani\u00e8re \u00e0 relier facilement chaque point de la ville et de l&rsquo;Agglom\u00e9ration.<\/p>\n\n\n\n<hr class=\"wp-block-separator has-alpha-channel-opacity\" \/>\n\n\n\n<h2 class=\"wp-block-heading has-header-gradient-color has-text-color\">Qu&rsquo;est-ce qu&rsquo;une ligne \u00ab Bus+ \u00bb ?<\/h2>\n\n\n\n<p>Votre r\u00e9seau Bus+, compos\u00e9 des lignes dites structurantes, propose des fr\u00e9quences \u00e9lev\u00e9es sur de grandes plages horaires.<\/p>\n\n\n\n<p>En heure de pointe, retrouvez un bus toutes les 5 minutes, le dimanche un bus toutes les 15 minutes !<\/p>\n\n\n\n<p><strong>Avec Bus+, se d\u00e9placer devient facile et plaisant.<\/strong><\/p>\n\n\n\n<hr class=\"wp-block-separator has-alpha-channel-opacity\" \/>\n\n\n\n<div class=\"wp-block-columns is-layout-flex wp-container-core-columns-is-layout-28f84493 wp-block-columns-is-layout-flex\">\n<div class=\"wp-block-column is-layout-flow wp-block-column-is-layout-flow\">\n<h2 class=\"wp-block-heading has-text-align-right has-header-gradient-color has-text-color\">Les actualit\u00e9s Bus+<\/h2>\n\n\n\n<div class=\"wp-block-query is-layout-flow wp-block-query-is-layout-flow\"><ul class=\"wp-block-post-template is-layout-flow wp-block-post-template-is-layout-flow\"><li class=\"wp-block-post post-2353 post type-post status-publish format-standard has-post-thumbnail hentry category-actualites category-info-reseau tag-bus-plus tag-34 tag-49 tag-50 tag-51 tag-35 tag-44 tag-45 tag-52 tag-53 tag-54 tag-13 tag-15 tag-16 tag-36 tag-55 tag-56 tag-37 tag-46 tag-47 tag-48 tag-57 tag-58 tag-17 tag-32 tag-ligne-9 tag-ligne-901 tag-ligne-902 tag-b1 tag-b2 tag-b3 tag-tram\">\n<h3 class=\"has-text-align-right wp-block-post-title has-text-color has-header-gradient-color\"><a href=\"https:\/\/seal.transport-manager.net\/orizo\/actualites\/2025\/12\/31\/2353\/\" target=\"_self\" >Les \u00e9volutions du r\u00e9seau en 2026<\/a><\/h3>\n<\/li><li class=\"wp-block-post post-2138 post type-post status-publish format-standard has-post-thumbnail hentry category-actualites category-info-reseau category-info-trafic tag-bus-plus tag-34 tag-49 tag-50 tag-51 tag-35 tag-44 tag-45 tag-52 tag-53 tag-54 tag-13 tag-15 tag-16 tag-36 tag-55 tag-56 tag-37 tag-46 tag-47 tag-48 tag-57 tag-58 tag-17 tag-32 tag-ligne-9 tag-ligne-901 tag-ligne-902 tag-b1 tag-b2 tag-b3\">\n<h3 class=\"has-text-align-right wp-block-post-title has-text-color has-header-gradient-color\"><a href=\"https:\/\/seal.transport-manager.net\/orizo\/actualites\/2025\/06\/03\/2138\/\" target=\"_self\" >Mouvement social<\/a><\/h3>\n<\/li><li class=\"wp-block-post post-2090 post type-post status-publish format-standard has-post-thumbnail hentry category-actualites category-info-reseau tag-bus-plus tag-52 tag-53 tag-54 tag-b1 tag-b2 tag-b3\">\n<h3 class=\"has-text-align-right wp-block-post-title has-text-color has-header-gradient-color\"><a href=\"https:\/\/seal.transport-manager.net\/orizo\/actualites\/2025\/05\/01\/2090\/\" target=\"_self\" >Restez connect\u00e9 !<\/a><\/h3>\n<\/li><\/ul>\n\n<nav class=\"wp-block-query-pagination is-content-justification-right is-layout-flex wp-container-core-query-pagination-is-layout-d445cf74 wp-block-query-pagination-is-layout-flex\" aria-label=\"Pagination\">\n\n\n<div class=\"wp-block-query-pagination-numbers\"><span aria-current=\"page\" class=\"page-numbers current\">1<\/span>\n<a class=\"page-numbers\" href=\"?query-2-page=2\">2<\/a><\/div>\n\n<a href=\"\/orizo\/wp-json\/wp\/v2\/pages\/1319?query-2-page=2\" class=\"wp-block-query-pagination-next\">Page suivante<\/a>\n<\/nav>\n\n<\/div>\n<\/div>\n\n\n\n<div class=\"wp-block-column is-layout-flow wp-block-column-is-layout-flow\" style=\"flex-basis:5%\"><\/div>\n\n\n\n<div class=\"wp-block-column is-layout-flow wp-block-column-is-layout-flow\">\n<h2 class=\"wp-block-heading has-text-align-left has-header-gradient-color has-text-color\">L&rsquo;info trafic Bus+<\/h2>\n\n\n\n<div class=\"wp-block-query is-layout-flow wp-block-query-is-layout-flow\">\n\n\n\n<div class=\"wp-block-query-no-results\">\n\n<p class=\"has-text-align-left\">Aucune perturbation li\u00e9e \u00e0 Bus+ n&rsquo;est pr\u00e9vue ou en cours.<\/p>\n\n<\/div><\/div>\n<\/div>\n<\/div>\n<\/div>\n\n\n\n<div class=\"wp-block-column is-layout-flow wp-block-column-is-layout-flow\" style=\"flex-basis:5%\"><\/div>\n<\/div>\n\n\n\n<figure class=\"wp-block-image alignfull size-full\"><img loading=\"lazy\" decoding=\"async\" width=\"2560\" height=\"1440\" src=\"https:\/\/seal.transport-manager.net\/orizo\/wp-content\/uploads\/sites\/54\/2025\/05\/Accueil_Plan-de-travail-1-scaled.png\" alt=\"\" class=\"wp-image-2095\" srcset=\"https:\/\/seal.transport-manager.net\/orizo\/wp-content\/uploads\/sites\/54\/2025\/05\/Accueil_Plan-de-travail-1-scaled.png 2560w, https:\/\/seal.transport-manager.net\/orizo\/wp-content\/uploads\/sites\/54\/2025\/05\/Accueil_Plan-de-travail-1-300x169.png 300w, https:\/\/seal.transport-manager.net\/orizo\/wp-content\/uploads\/sites\/54\/2025\/05\/Accueil_Plan-de-travail-1-1024x576.png 1024w, https:\/\/seal.transport-manager.net\/orizo\/wp-content\/uploads\/sites\/54\/2025\/05\/Accueil_Plan-de-travail-1-768x432.png 768w, https:\/\/seal.transport-manager.net\/orizo\/wp-content\/uploads\/sites\/54\/2025\/05\/Accueil_Plan-de-travail-1-1536x864.png 1536w, https:\/\/seal.transport-manager.net\/orizo\/wp-content\/uploads\/sites\/54\/2025\/05\/Accueil_Plan-de-travail-1-2048x1152.png 2048w\" sizes=\"auto, (max-width: 2560px) 100vw, 2560px\" \/><\/figure>\n","protected":false},"excerpt":{"rendered":"<p>Se d\u00e9placer facilement et rapidement ? Bus+ ! Marre des embouteillages ? Pensez Bus+ ! Les lignes B1, B2 et B3 permettent de rejoindre rapidement votre destination, en \u00e9vitant les embouteillages. Ces lignes proposent de nombreuses correspondances avec les autres lignes du r\u00e9seau, de mani\u00e8re \u00e0 relier facilement chaque point [&hellip;]<\/p>\n","protected":false},"author":54,"featured_media":0,"parent":0,"menu_order":0,"comment_status":"closed","ping_status":"closed","template":"page-templates\/template-pagebuilder-full-width.php","meta":{"_EventAllDay":false,"_EventTimezone":"","_EventStartDate":"","_EventEndDate":"","_EventStartDateUTC":"","_EventEndDateUTC":"","_EventShowMap":false,"_EventShowMapLink":false,"_EventURL":"","_EventCost":"","_EventCostDescription":"","_EventCurrencySymbol":"","_EventCurrencyCode":"","_EventCurrencyPosition":"","_EventDateTimeSeparator":"","_EventTimeRangeSeparator":"","_EventOrganizerID":[],"_EventVenueID":[],"_OrganizerEmail":"","_OrganizerPhone":"","_OrganizerWebsite":"","_VenueAddress":"","_VenueCity":"","_VenueCountry":"","_VenueProvince":"","_VenueState":"","_VenueZip":"","_VenuePhone":"","_VenueURL":"","_VenueStateProvince":"","_VenueLat":"","_VenueLng":"","_VenueShowMap":false,"_VenueShowMapLink":false,"footnotes":""},"class_list":["post-1319","page","type-page","status-publish","hentry"],"_links":{"self":[{"href":"https:\/\/seal.transport-manager.net\/orizo\/wp-json\/wp\/v2\/pages\/1319","targetHints":{"allow":["GET"]}}],"collection":[{"href":"https:\/\/seal.transport-manager.net\/orizo\/wp-json\/wp\/v2\/pages"}],"about":[{"href":"https:\/\/seal.transport-manager.net\/orizo\/wp-json\/wp\/v2\/types\/page"}],"author":[{"embeddable":true,"href":"https:\/\/seal.transport-manager.net\/orizo\/wp-json\/wp\/v2\/users\/54"}],"replies":[{"embeddable":true,"href":"https:\/\/seal.transport-manager.net\/orizo\/wp-json\/wp\/v2\/comments?post=1319"}],"version-history":[{"count":23,"href":"https:\/\/seal.transport-manager.net\/orizo\/wp-json\/wp\/v2\/pages\/1319\/revisions"}],"predecessor-version":[{"id":2188,"href":"https:\/\/seal.transport-manager.net\/orizo\/wp-json\/wp\/v2\/pages\/1319\/revisions\/2188"}],"wp:attachment":[{"href":"https:\/\/seal.transport-manager.net\/orizo\/wp-json\/wp\/v2\/media?parent=1319"}],"curies":[{"name":"wp","href":"https:\/\/api.w.org\/{rel}","templated":true}]}}

<figure class="wp-block-image alignfull size-full"><img loading="lazy" decoding="async" width="2501" height="226" src="https://seal.transport-manager.net/orizo/wp-content/uploads/sites/54/2025/06/Bus-02.png" alt="" class="wp-image-2183" srcset="https://seal.transport-manager.net/orizo/wp-content/uploads/sites/54/2025/06/Bus-02.png 2501w, https://seal.transport-manager.net/orizo/wp-content/uploads/sites/54/2025/06/Bus-02-300x27.png 300w, https://seal.transport-manager.net/orizo/wp-content/uploads/sites/54/2025/06/Bus-02-1024x93.png 1024w, https://seal.transport-manager.net/orizo/wp-content/uploads/sites/54/2025/06/Bus-02-768x69.png 768w, https://seal.transport-manager.net/orizo/wp-content/uploads/sites/54/2025/06/Bus-02-1536x139.png 1536w, https://seal.transport-manager.net/orizo/wp-content/uploads/sites/54/2025/06/Bus-02-2048x185.png 2048w" sizes="auto, (max-width: 2501px) 100vw, 2501px" /></figure>



<div class="wp-block-columns alignfull is-layout-flex wp-container-core-columns-is-layout-28f84493 wp-block-columns-is-layout-flex">
<div class="wp-block-column is-layout-flow wp-block-column-is-layout-flow" style="flex-basis:5%"></div>



<div class="wp-block-column is-layout-flow wp-block-column-is-layout-flow">
<hr class="wp-block-separator has-text-color has-white-color has-alpha-channel-opacity has-white-background-color has-background is-style-wide" />



<h2 class="wp-block-heading has-header-gradient-color has-text-color">Se déplacer facilement et rapidement ? Bus+ !</h2>



<p>Marre des embouteillages ? Pensez Bus+ !</p>



<p>Les lignes B1, B2 et B3 permettent de rejoindre rapidement votre destination, en évitant les embouteillages. Ces lignes proposent de nombreuses correspondances avec les autres lignes du réseau, de manière à relier facilement chaque point de la ville et de l&rsquo;Agglomération.</p>



<hr class="wp-block-separator has-alpha-channel-opacity" />



<h2 class="wp-block-heading has-header-gradient-color has-text-color">Qu&rsquo;est-ce qu&rsquo;une ligne « Bus+ » ?</h2>



<p>Votre réseau Bus+, composé des lignes dites structurantes, propose des fréquences élevées sur de grandes plages horaires.</p>



<p>En heure de pointe, retrouvez un bus toutes les 5 minutes, le dimanche un bus toutes les 15 minutes !</p>



<p><strong>Avec Bus+, se déplacer devient facile et plaisant.</strong></p>



<hr class="wp-block-separator has-alpha-channel-opacity" />



<div class="wp-block-columns is-layout-flex wp-container-core-columns-is-layout-28f84493 wp-block-columns-is-layout-flex">
<div class="wp-block-column is-layout-flow wp-block-column-is-layout-flow">
<h2 class="wp-block-heading has-text-align-right has-header-gradient-color has-text-color">Les actualités Bus+</h2>



<div class="wp-block-query is-layout-flow wp-block-query-is-layout-flow"><ul class="wp-block-post-template is-layout-flow wp-block-post-template-is-layout-flow"><li class="wp-block-post post-2353 post type-post status-publish format-standard has-post-thumbnail hentry category-actualites category-info-reseau tag-bus-plus tag-34 tag-49 tag-50 tag-51 tag-35 tag-44 tag-45 tag-52 tag-53 tag-54 tag-13 tag-15 tag-16 tag-36 tag-55 tag-56 tag-37 tag-46 tag-47 tag-48 tag-57 tag-58 tag-17 tag-32 tag-ligne-9 tag-ligne-901 tag-ligne-902 tag-b1 tag-b2 tag-b3 tag-tram">
<h3 class="has-text-align-right wp-block-post-title has-text-color has-header-gradient-color"><a href="https://seal.transport-manager.net/orizo/actualites/2025/12/31/2353/" target="_self" >Les évolutions du réseau en 2026</a></h3>
</li><li class="wp-block-post post-2138 post type-post status-publish format-standard has-post-thumbnail hentry category-actualites category-info-reseau category-info-trafic tag-bus-plus tag-34 tag-49 tag-50 tag-51 tag-35 tag-44 tag-45 tag-52 tag-53 tag-54 tag-13 tag-15 tag-16 tag-36 tag-55 tag-56 tag-37 tag-46 tag-47 tag-48 tag-57 tag-58 tag-17 tag-32 tag-ligne-9 tag-ligne-901 tag-ligne-902 tag-b1 tag-b2 tag-b3">
<h3 class="has-text-align-right wp-block-post-title has-text-color has-header-gradient-color"><a href="https://seal.transport-manager.net/orizo/actualites/2025/06/03/2138/" target="_self" >Mouvement social</a></h3>
</li><li class="wp-block-post post-2090 post type-post status-publish format-standard has-post-thumbnail hentry category-actualites category-info-reseau tag-bus-plus tag-52 tag-53 tag-54 tag-b1 tag-b2 tag-b3">
<h3 class="has-text-align-right wp-block-post-title has-text-color has-header-gradient-color"><a href="https://seal.transport-manager.net/orizo/actualites/2025/05/01/2090/" target="_self" >Restez connecté !</a></h3>
</li></ul>

<nav class="wp-block-query-pagination is-content-justification-right is-layout-flex wp-container-core-query-pagination-is-layout-d445cf74 wp-block-query-pagination-is-layout-flex" aria-label="Pagination">


<div class="wp-block-query-pagination-numbers"><span aria-current="page" class="page-numbers current">1</span>
<a class="page-numbers" href="?query-2-page=2">2</a></div>

<a href="/orizo/wp-json/wp/v2/pages/1319?query-2-page=2" class="wp-block-query-pagination-next">Page suivante</a>
</nav>

</div>
</div>



<div class="wp-block-column is-layout-flow wp-block-column-is-layout-flow" style="flex-basis:5%"></div>



<div class="wp-block-column is-layout-flow wp-block-column-is-layout-flow">
<h2 class="wp-block-heading has-text-align-left has-header-gradient-color has-text-color">L&rsquo;info trafic Bus+</h2>



<div class="wp-block-query is-layout-flow wp-block-query-is-layout-flow">



<div class="wp-block-query-no-results">

<p class="has-text-align-left">Aucune perturbation liée à Bus+ n&rsquo;est prévue ou en cours.</p>

</div></div>
</div>
</div>
</div>



<div class="wp-block-column is-layout-flow wp-block-column-is-layout-flow" style="flex-basis:5%"></div>
</div>



<figure class="wp-block-image alignfull size-full"><img loading="lazy" decoding="async" width="2560" height="1440" src="https://seal.transport-manager.net/orizo/wp-content/uploads/sites/54/2025/05/Accueil_Plan-de-travail-1-scaled.png" alt="" class="wp-image-2095" srcset="https://seal.transport-manager.net/orizo/wp-content/uploads/sites/54/2025/05/Accueil_Plan-de-travail-1-scaled.png 2560w, https://seal.transport-manager.net/orizo/wp-content/uploads/sites/54/2025/05/Accueil_Plan-de-travail-1-300x169.png 300w, https://seal.transport-manager.net/orizo/wp-content/uploads/sites/54/2025/05/Accueil_Plan-de-travail-1-1024x576.png 1024w, https://seal.transport-manager.net/orizo/wp-content/uploads/sites/54/2025/05/Accueil_Plan-de-travail-1-768x432.png 768w, https://seal.transport-manager.net/orizo/wp-content/uploads/sites/54/2025/05/Accueil_Plan-de-travail-1-1536x864.png 1536w, https://seal.transport-manager.net/orizo/wp-content/uploads/sites/54/2025/05/Accueil_Plan-de-travail-1-2048x1152.png 2048w" sizes="auto, (max-width: 2560px) 100vw, 2560px" /></figure>

<p>Se déplacer facilement et rapidement ? Bus+ ! Marre des embouteillages ? Pensez Bus+ ! Les lignes B1, B2 et B3 permettent de rejoindre rapidement votre destination, en évitant les embouteillages. Ces lignes proposent de nombreuses correspondances avec les autres lignes du réseau, de manière à relier facilement chaque point [&hellip;]</p>
