{"id":2433,"date":"2026-02-08T19:49:17","date_gmt":"2026-02-08T18:49:17","guid":{"rendered":"https:\/\/seal.transport-manager.net\/orizo\/?page_id=2433"},"modified":"2026-02-08T19:52:08","modified_gmt":"2026-02-08T18:52:08","slug":"se-deplacer-a-velo","status":"publish","type":"page","link":"https:\/\/seal.transport-manager.net\/orizo\/se-deplacer-a-velo\/","title":{"rendered":"Se d\u00e9placer \u00e0 v\u00e9lo"},"content":{"rendered":"\n<figure class=\"wp-block-image alignfull size-full\"><img decoding=\"async\" src=\"https:\/\/seal.transport-manager.net\/orizo\/wp-content\/uploads\/sites\/54\/2026\/02\/Velo-02.png\" alt=\"\" class=\"wp-image-2434\" \/><\/figure>\n\n\n\n<div class=\"wp-block-columns alignfull is-not-stacked-on-mobile is-layout-flex wp-container-core-columns-is-layout-28f84493 wp-block-columns-is-layout-flex\">\n<div class=\"wp-block-column is-layout-flow wp-block-column-is-layout-flow\" style=\"flex-basis:5%\"><\/div>\n\n\n\n<div class=\"wp-block-column is-layout-flow wp-block-column-is-layout-flow\">\n<hr class=\"wp-block-separator has-text-color has-white-color has-alpha-channel-opacity has-white-background-color has-background is-style-wide\" \/>\n\n\n\n<p>Afin de faciliter vos d\u00e9placements \u00e0 v\u00e9lo au sein de la m\u00e9tropole de Probourg, ceux-ci sont accept\u00e9s \u00e0 bord de nos v\u00e9hicules, en heures creuses uniquement* sur les lignes B1, B2, 5 et 10.<\/p>\n\n\n\n<p>De plus, la circulation des v\u00e9los est autoris\u00e9e sur les voies r\u00e9serv\u00e9es aux bus (lignes B1, B2 et B3).<\/p>\n\n\n\n<p>Vos d\u00e9placements \u00e0 v\u00e9lo sont donc acc\u00e9l\u00e9r\u00e9s !<\/p>\n\n\n\n<p>*Heures creuses : avant 7 heures, de 10 heures \u00e0 15 heures et apr\u00e8s 19 heures.<\/p>\n<\/div>\n\n\n\n<div class=\"wp-block-column is-layout-flow wp-block-column-is-layout-flow\" style=\"flex-basis:5%\"><\/div>\n<\/div>\n\n\n\n<p><\/p>\n","protected":false},"excerpt":{"rendered":"<p>Afin de faciliter vos d\u00e9placements \u00e0 v\u00e9lo au sein de la m\u00e9tropole de Probourg, ceux-ci sont accept\u00e9s \u00e0 bord de nos v\u00e9hicules, en heures creuses uniquement* sur les lignes B1, B2, 5 et 10. De plus, la circulation des v\u00e9los est autoris\u00e9e sur les voies r\u00e9serv\u00e9es aux bus (lignes B1, [&hellip;]<\/p>\n","protected":false},"author":54,"featured_media":0,"parent":0,"menu_order":0,"comment_status":"closed","ping_status":"closed","template":"page-templates\/template-pagebuilder-full-width.php","meta":{"_EventAllDay":false,"_EventTimezone":"","_EventStartDate":"","_EventEndDate":"","_EventStartDateUTC":"","_EventEndDateUTC":"","_EventShowMap":false,"_EventShowMapLink":false,"_EventURL":"","_EventCost":"","_EventCostDescription":"","_EventCurrencySymbol":"","_EventCurrencyCode":"","_EventCurrencyPosition":"","_EventDateTimeSeparator":"","_EventTimeRangeSeparator":"","_EventOrganizerID":[],"_EventVenueID":[],"_OrganizerEmail":"","_OrganizerPhone":"","_OrganizerWebsite":"","_VenueAddress":"","_VenueCity":"","_VenueCountry":"","_VenueProvince":"","_VenueState":"","_VenueZip":"","_VenuePhone":"","_VenueURL":"","_VenueStateProvince":"","_VenueLat":"","_VenueLng":"","_VenueShowMap":false,"_VenueShowMapLink":false,"footnotes":""},"class_list":["post-2433","page","type-page","status-publish","hentry"],"_links":{"self":[{"href":"https:\/\/seal.transport-manager.net\/orizo\/wp-json\/wp\/v2\/pages\/2433","targetHints":{"allow":["GET"]}}],"collection":[{"href":"https:\/\/seal.transport-manager.net\/orizo\/wp-json\/wp\/v2\/pages"}],"about":[{"href":"https:\/\/seal.transport-manager.net\/orizo\/wp-json\/wp\/v2\/types\/page"}],"author":[{"embeddable":true,"href":"https:\/\/seal.transport-manager.net\/orizo\/wp-json\/wp\/v2\/users\/54"}],"replies":[{"embeddable":true,"href":"https:\/\/seal.transport-manager.net\/orizo\/wp-json\/wp\/v2\/comments?post=2433"}],"version-history":[{"count":1,"href":"https:\/\/seal.transport-manager.net\/orizo\/wp-json\/wp\/v2\/pages\/2433\/revisions"}],"predecessor-version":[{"id":2435,"href":"https:\/\/seal.transport-manager.net\/orizo\/wp-json\/wp\/v2\/pages\/2433\/revisions\/2435"}],"wp:attachment":[{"href":"https:\/\/seal.transport-manager.net\/orizo\/wp-json\/wp\/v2\/media?parent=2433"}],"curies":[{"name":"wp","href":"https:\/\/api.w.org\/{rel}","templated":true}]}}

Se déplacer à vélo

<figure class="wp-block-image alignfull size-full"><img decoding="async" src="https://seal.transport-manager.net/orizo/wp-content/uploads/sites/54/2026/02/Velo-02.png" alt="" class="wp-image-2434" /></figure>



<div class="wp-block-columns alignfull is-not-stacked-on-mobile is-layout-flex wp-container-core-columns-is-layout-28f84493 wp-block-columns-is-layout-flex">
<div class="wp-block-column is-layout-flow wp-block-column-is-layout-flow" style="flex-basis:5%"></div>



<div class="wp-block-column is-layout-flow wp-block-column-is-layout-flow">
<hr class="wp-block-separator has-text-color has-white-color has-alpha-channel-opacity has-white-background-color has-background is-style-wide" />



<p>Afin de faciliter vos déplacements à vélo au sein de la métropole de Probourg, ceux-ci sont acceptés à bord de nos véhicules, en heures creuses uniquement* sur les lignes B1, B2, 5 et 10.</p>



<p>De plus, la circulation des vélos est autorisée sur les voies réservées aux bus (lignes B1, B2 et B3).</p>



<p>Vos déplacements à vélo sont donc accélérés !</p>



<p>*Heures creuses : avant 7 heures, de 10 heures à 15 heures et après 19 heures.</p>
</div>



<div class="wp-block-column is-layout-flow wp-block-column-is-layout-flow" style="flex-basis:5%"></div>
</div>



<p></p>

<p>Afin de faciliter vos déplacements à vélo au sein de la métropole de Probourg, ceux-ci sont acceptés à bord de nos véhicules, en heures creuses uniquement* sur les lignes B1, B2, 5 et 10. De plus, la circulation des vélos est autorisée sur les voies réservées aux bus (lignes B1, [&hellip;]</p>
