{"id":311,"date":"2022-12-18T21:23:21","date_gmt":"2022-12-18T20:23:21","guid":{"rendered":"https:\/\/seal.transport-manager.net\/orizo\/?page_id=311"},"modified":"2025-12-31T18:41:23","modified_gmt":"2025-12-31T17:41:23","slug":"zones-dactivites","status":"publish","type":"page","link":"https:\/\/seal.transport-manager.net\/orizo\/zones-dactivites\/","title":{"rendered":"Zones d&rsquo;Activit\u00e9s"},"content":{"rendered":"\n<figure class=\"wp-block-image alignfull size-full\"><img loading=\"lazy\" decoding=\"async\" width=\"2501\" height=\"226\" src=\"https:\/\/seal.transport-manager.net\/orizo\/wp-content\/uploads\/sites\/54\/2025\/06\/ZA-02.png\" alt=\"\" class=\"wp-image-2191\" srcset=\"https:\/\/seal.transport-manager.net\/orizo\/wp-content\/uploads\/sites\/54\/2025\/06\/ZA-02.png 2501w, https:\/\/seal.transport-manager.net\/orizo\/wp-content\/uploads\/sites\/54\/2025\/06\/ZA-02-300x27.png 300w, https:\/\/seal.transport-manager.net\/orizo\/wp-content\/uploads\/sites\/54\/2025\/06\/ZA-02-1024x93.png 1024w, https:\/\/seal.transport-manager.net\/orizo\/wp-content\/uploads\/sites\/54\/2025\/06\/ZA-02-768x69.png 768w, https:\/\/seal.transport-manager.net\/orizo\/wp-content\/uploads\/sites\/54\/2025\/06\/ZA-02-1536x139.png 1536w, https:\/\/seal.transport-manager.net\/orizo\/wp-content\/uploads\/sites\/54\/2025\/06\/ZA-02-2048x185.png 2048w\" sizes=\"auto, (max-width: 2501px) 100vw, 2501px\" \/><\/figure>\n\n\n\n<div class=\"wp-block-columns is-not-stacked-on-mobile is-layout-flex wp-container-core-columns-is-layout-28f84493 wp-block-columns-is-layout-flex\">\n<div class=\"wp-block-column is-layout-flow wp-block-column-is-layout-flow\" style=\"flex-basis:5%\"><\/div>\n\n\n\n<div class=\"wp-block-column is-layout-flow wp-block-column-is-layout-flow\">\n<div class=\"wp-block-group alignwide\"><div class=\"wp-block-group__inner-container is-layout-constrained wp-block-group-is-layout-constrained\">\n<hr class=\"wp-block-separator has-text-color has-white-color has-alpha-channel-opacity has-white-background-color has-background is-style-wide\" \/>\n\n\n\n<div class=\"wp-block-columns alignwide is-layout-flex wp-container-core-columns-is-layout-28f84493 wp-block-columns-is-layout-flex\">\n<div class=\"wp-block-column is-layout-flow wp-block-column-is-layout-flow\">\n<div class=\"wp-block-media-text has-media-on-the-right is-stacked-on-mobile\"><div class=\"wp-block-media-text__content\">\n<h5 class=\"wp-block-heading\">Zone Industrielle de la Gare de l&rsquo;Est<\/h5>\n\n\n\n<p>Au d\u00e9part de la Gare de l&rsquo;Est, d\u00e9couvrez la ligne 4 qui vous permet d&rsquo;acc\u00e9der en moins de 30 minutes \u00e0 la Gare Centrale !<\/p>\n\n\n\n<p>La ligne 10 permet \u00e9galement de rejoindre rapidement le Parc de l&rsquo;\u00c9tang et le Campus Alan Turing.<\/p>\n<\/div><figure class=\"wp-block-media-text__media\"><img loading=\"lazy\" decoding=\"async\" width=\"1024\" height=\"503\" src=\"https:\/\/seal.transport-manager.net\/orizo\/wp-content\/uploads\/sites\/54\/2025\/12\/Capture-decran-2025-12-31-183909-1024x503.png\" alt=\"\" class=\"wp-image-2396 size-full\" srcset=\"https:\/\/seal.transport-manager.net\/orizo\/wp-content\/uploads\/sites\/54\/2025\/12\/Capture-decran-2025-12-31-183909-1024x503.png 1024w, https:\/\/seal.transport-manager.net\/orizo\/wp-content\/uploads\/sites\/54\/2025\/12\/Capture-decran-2025-12-31-183909-300x147.png 300w, https:\/\/seal.transport-manager.net\/orizo\/wp-content\/uploads\/sites\/54\/2025\/12\/Capture-decran-2025-12-31-183909-768x377.png 768w, https:\/\/seal.transport-manager.net\/orizo\/wp-content\/uploads\/sites\/54\/2025\/12\/Capture-decran-2025-12-31-183909.png 1260w\" sizes=\"auto, (max-width: 1024px) 100vw, 1024px\" \/><\/figure><\/div>\n\n\n\n<hr class=\"wp-block-separator has-alpha-channel-opacity\" \/>\n\n\n\n<div class=\"wp-block-media-text alignwide is-stacked-on-mobile\"><figure class=\"wp-block-media-text__media\"><img loading=\"lazy\" decoding=\"async\" width=\"1024\" height=\"620\" src=\"https:\/\/seal.transport-manager.net\/orizo\/wp-content\/uploads\/sites\/54\/2025\/12\/Capture-decran-2025-12-31-183957-1024x620.png\" alt=\"\" class=\"wp-image-2398 size-full\" srcset=\"https:\/\/seal.transport-manager.net\/orizo\/wp-content\/uploads\/sites\/54\/2025\/12\/Capture-decran-2025-12-31-183957-1024x620.png 1024w, https:\/\/seal.transport-manager.net\/orizo\/wp-content\/uploads\/sites\/54\/2025\/12\/Capture-decran-2025-12-31-183957-300x182.png 300w, https:\/\/seal.transport-manager.net\/orizo\/wp-content\/uploads\/sites\/54\/2025\/12\/Capture-decran-2025-12-31-183957-768x465.png 768w, https:\/\/seal.transport-manager.net\/orizo\/wp-content\/uploads\/sites\/54\/2025\/12\/Capture-decran-2025-12-31-183957.png 1033w\" sizes=\"auto, (max-width: 1024px) 100vw, 1024px\" \/><\/figure><div class=\"wp-block-media-text__content\">\n<h5 class=\"wp-block-heading\">Zone Industrielle des Peintres<\/h5>\n\n\n\n<p>Situ\u00e9 \u00e0 proximit\u00e9 du Mus\u00e9e d&rsquo;Art Moderne, la Z.I. des Peintres est reli\u00e9e gr\u00e2ce \u00e0 la ligne 5 au P\u00f4le Luca Pacioli. Comptez moins de trente minutes pour rejoindre la ligne B2 \u00e0 l&rsquo;arr\u00eat H\u00f4tel de Police.<\/p>\n\n\n\n<p>La ligne 102 vous permet \u00e9galement de rejoindre la zone depuis Lacanac.<\/p>\n\n\n\n<p>Profitez de ces deux lignes pour rejoindre la ligne 9 \u00e0 Mus\u00e9e d&rsquo;Art Moderne.<\/p>\n<\/div><\/div>\n\n\n\n<hr class=\"wp-block-separator has-alpha-channel-opacity\" \/>\n\n\n\n<div class=\"wp-block-media-text alignwide has-media-on-the-right is-stacked-on-mobile\"><div class=\"wp-block-media-text__content\">\n<h5 class=\"wp-block-heading\">Port fluvial<\/h5>\n\n\n\n<p>Au d\u00e9part du Port fluvial, rejoignez le centre ville en trente minutes avec la ligne 7. Les correspondances avec la ligne B1 sont \u00e9galement possibles \u00e0 l&rsquo;H\u00f4tel de Ville.<\/p>\n\n\n\n<p>La ligne 13 vous permet de rejoindre l&rsquo;A\u00e9roport (correspondance B2) ou Haute-Ville (correspondances 9, 203 et 901). La ligne 13 dessert plus finement la zone du Port, pour vous permettre de rejoindre votre destination au plus pr\u00e8s.<\/p>\n<\/div><figure class=\"wp-block-media-text__media\"><img loading=\"lazy\" decoding=\"async\" width=\"744\" height=\"433\" src=\"https:\/\/seal.transport-manager.net\/orizo\/wp-content\/uploads\/sites\/54\/2025\/12\/Capture-decran-2025-12-31-184110.png\" alt=\"\" class=\"wp-image-2399 size-full\" srcset=\"https:\/\/seal.transport-manager.net\/orizo\/wp-content\/uploads\/sites\/54\/2025\/12\/Capture-decran-2025-12-31-184110.png 744w, https:\/\/seal.transport-manager.net\/orizo\/wp-content\/uploads\/sites\/54\/2025\/12\/Capture-decran-2025-12-31-184110-300x175.png 300w\" sizes=\"auto, (max-width: 744px) 100vw, 744px\" \/><\/figure><\/div>\n<\/div>\n<\/div>\n<\/div><\/div>\n<\/div>\n\n\n\n<div class=\"wp-block-column is-layout-flow wp-block-column-is-layout-flow\" style=\"flex-basis:5%\"><\/div>\n<\/div>\n","protected":false},"excerpt":{"rendered":"<p>Zone Industrielle de la Gare de l&rsquo;Est Au d\u00e9part de la Gare de l&rsquo;Est, d\u00e9couvrez la ligne 4 qui vous permet d&rsquo;acc\u00e9der en moins de 30 minutes \u00e0 la Gare Centrale ! La ligne 10 permet \u00e9galement de rejoindre rapidement le Parc de l&rsquo;\u00c9tang et le Campus Alan Turing. Zone [&hellip;]<\/p>\n","protected":false},"author":54,"featured_media":0,"parent":0,"menu_order":0,"comment_status":"closed","ping_status":"closed","template":"page-templates\/template-pagebuilder-full-width.php","meta":{"_EventAllDay":false,"_EventTimezone":"","_EventStartDate":"","_EventEndDate":"","_EventStartDateUTC":"","_EventEndDateUTC":"","_EventShowMap":false,"_EventShowMapLink":false,"_EventURL":"","_EventCost":"","_EventCostDescription":"","_EventCurrencySymbol":"","_EventCurrencyCode":"","_EventCurrencyPosition":"","_EventDateTimeSeparator":"","_EventTimeRangeSeparator":"","_EventOrganizerID":[],"_EventVenueID":[],"_OrganizerEmail":"","_OrganizerPhone":"","_OrganizerWebsite":"","_VenueAddress":"","_VenueCity":"","_VenueCountry":"","_VenueProvince":"","_VenueState":"","_VenueZip":"","_VenuePhone":"","_VenueURL":"","_VenueStateProvince":"","_VenueLat":"","_VenueLng":"","_VenueShowMap":false,"_VenueShowMapLink":false,"footnotes":""},"class_list":["post-311","page","type-page","status-publish","hentry"],"_links":{"self":[{"href":"https:\/\/seal.transport-manager.net\/orizo\/wp-json\/wp\/v2\/pages\/311","targetHints":{"allow":["GET"]}}],"collection":[{"href":"https:\/\/seal.transport-manager.net\/orizo\/wp-json\/wp\/v2\/pages"}],"about":[{"href":"https:\/\/seal.transport-manager.net\/orizo\/wp-json\/wp\/v2\/types\/page"}],"author":[{"embeddable":true,"href":"https:\/\/seal.transport-manager.net\/orizo\/wp-json\/wp\/v2\/users\/54"}],"replies":[{"embeddable":true,"href":"https:\/\/seal.transport-manager.net\/orizo\/wp-json\/wp\/v2\/comments?post=311"}],"version-history":[{"count":20,"href":"https:\/\/seal.transport-manager.net\/orizo\/wp-json\/wp\/v2\/pages\/311\/revisions"}],"predecessor-version":[{"id":2400,"href":"https:\/\/seal.transport-manager.net\/orizo\/wp-json\/wp\/v2\/pages\/311\/revisions\/2400"}],"wp:attachment":[{"href":"https:\/\/seal.transport-manager.net\/orizo\/wp-json\/wp\/v2\/media?parent=311"}],"curies":[{"name":"wp","href":"https:\/\/api.w.org\/{rel}","templated":true}]}}

Zones d&rsquo;Activités

<figure class="wp-block-image alignfull size-full"><img loading="lazy" decoding="async" width="2501" height="226" src="https://seal.transport-manager.net/orizo/wp-content/uploads/sites/54/2025/06/ZA-02.png" alt="" class="wp-image-2191" srcset="https://seal.transport-manager.net/orizo/wp-content/uploads/sites/54/2025/06/ZA-02.png 2501w, https://seal.transport-manager.net/orizo/wp-content/uploads/sites/54/2025/06/ZA-02-300x27.png 300w, https://seal.transport-manager.net/orizo/wp-content/uploads/sites/54/2025/06/ZA-02-1024x93.png 1024w, https://seal.transport-manager.net/orizo/wp-content/uploads/sites/54/2025/06/ZA-02-768x69.png 768w, https://seal.transport-manager.net/orizo/wp-content/uploads/sites/54/2025/06/ZA-02-1536x139.png 1536w, https://seal.transport-manager.net/orizo/wp-content/uploads/sites/54/2025/06/ZA-02-2048x185.png 2048w" sizes="auto, (max-width: 2501px) 100vw, 2501px" /></figure>



<div class="wp-block-columns is-not-stacked-on-mobile is-layout-flex wp-container-core-columns-is-layout-28f84493 wp-block-columns-is-layout-flex">
<div class="wp-block-column is-layout-flow wp-block-column-is-layout-flow" style="flex-basis:5%"></div>



<div class="wp-block-column is-layout-flow wp-block-column-is-layout-flow">
<div class="wp-block-group alignwide"><div class="wp-block-group__inner-container is-layout-constrained wp-block-group-is-layout-constrained">
<hr class="wp-block-separator has-text-color has-white-color has-alpha-channel-opacity has-white-background-color has-background is-style-wide" />



<div class="wp-block-columns alignwide is-layout-flex wp-container-core-columns-is-layout-28f84493 wp-block-columns-is-layout-flex">
<div class="wp-block-column is-layout-flow wp-block-column-is-layout-flow">
<div class="wp-block-media-text has-media-on-the-right is-stacked-on-mobile"><div class="wp-block-media-text__content">
<h5 class="wp-block-heading">Zone Industrielle de la Gare de l&rsquo;Est</h5>



<p>Au départ de la Gare de l&rsquo;Est, découvrez la ligne 4 qui vous permet d&rsquo;accéder en moins de 30 minutes à la Gare Centrale !</p>



<p>La ligne 10 permet également de rejoindre rapidement le Parc de l&rsquo;Étang et le Campus Alan Turing.</p>
</div><figure class="wp-block-media-text__media"><img loading="lazy" decoding="async" width="1024" height="503" src="https://seal.transport-manager.net/orizo/wp-content/uploads/sites/54/2025/12/Capture-decran-2025-12-31-183909-1024x503.png" alt="" class="wp-image-2396 size-full" srcset="https://seal.transport-manager.net/orizo/wp-content/uploads/sites/54/2025/12/Capture-decran-2025-12-31-183909-1024x503.png 1024w, https://seal.transport-manager.net/orizo/wp-content/uploads/sites/54/2025/12/Capture-decran-2025-12-31-183909-300x147.png 300w, https://seal.transport-manager.net/orizo/wp-content/uploads/sites/54/2025/12/Capture-decran-2025-12-31-183909-768x377.png 768w, https://seal.transport-manager.net/orizo/wp-content/uploads/sites/54/2025/12/Capture-decran-2025-12-31-183909.png 1260w" sizes="auto, (max-width: 1024px) 100vw, 1024px" /></figure></div>



<hr class="wp-block-separator has-alpha-channel-opacity" />



<div class="wp-block-media-text alignwide is-stacked-on-mobile"><figure class="wp-block-media-text__media"><img loading="lazy" decoding="async" width="1024" height="620" src="https://seal.transport-manager.net/orizo/wp-content/uploads/sites/54/2025/12/Capture-decran-2025-12-31-183957-1024x620.png" alt="" class="wp-image-2398 size-full" srcset="https://seal.transport-manager.net/orizo/wp-content/uploads/sites/54/2025/12/Capture-decran-2025-12-31-183957-1024x620.png 1024w, https://seal.transport-manager.net/orizo/wp-content/uploads/sites/54/2025/12/Capture-decran-2025-12-31-183957-300x182.png 300w, https://seal.transport-manager.net/orizo/wp-content/uploads/sites/54/2025/12/Capture-decran-2025-12-31-183957-768x465.png 768w, https://seal.transport-manager.net/orizo/wp-content/uploads/sites/54/2025/12/Capture-decran-2025-12-31-183957.png 1033w" sizes="auto, (max-width: 1024px) 100vw, 1024px" /></figure><div class="wp-block-media-text__content">
<h5 class="wp-block-heading">Zone Industrielle des Peintres</h5>



<p>Situé à proximité du Musée d&rsquo;Art Moderne, la Z.I. des Peintres est reliée grâce à la ligne 5 au Pôle Luca Pacioli. Comptez moins de trente minutes pour rejoindre la ligne B2 à l&rsquo;arrêt Hôtel de Police.</p>



<p>La ligne 102 vous permet également de rejoindre la zone depuis Lacanac.</p>



<p>Profitez de ces deux lignes pour rejoindre la ligne 9 à Musée d&rsquo;Art Moderne.</p>
</div></div>



<hr class="wp-block-separator has-alpha-channel-opacity" />



<div class="wp-block-media-text alignwide has-media-on-the-right is-stacked-on-mobile"><div class="wp-block-media-text__content">
<h5 class="wp-block-heading">Port fluvial</h5>



<p>Au départ du Port fluvial, rejoignez le centre ville en trente minutes avec la ligne 7. Les correspondances avec la ligne B1 sont également possibles à l&rsquo;Hôtel de Ville.</p>



<p>La ligne 13 vous permet de rejoindre l&rsquo;Aéroport (correspondance B2) ou Haute-Ville (correspondances 9, 203 et 901). La ligne 13 dessert plus finement la zone du Port, pour vous permettre de rejoindre votre destination au plus près.</p>
</div><figure class="wp-block-media-text__media"><img loading="lazy" decoding="async" width="744" height="433" src="https://seal.transport-manager.net/orizo/wp-content/uploads/sites/54/2025/12/Capture-decran-2025-12-31-184110.png" alt="" class="wp-image-2399 size-full" srcset="https://seal.transport-manager.net/orizo/wp-content/uploads/sites/54/2025/12/Capture-decran-2025-12-31-184110.png 744w, https://seal.transport-manager.net/orizo/wp-content/uploads/sites/54/2025/12/Capture-decran-2025-12-31-184110-300x175.png 300w" sizes="auto, (max-width: 744px) 100vw, 744px" /></figure></div>
</div>
</div>
</div></div>
</div>



<div class="wp-block-column is-layout-flow wp-block-column-is-layout-flow" style="flex-basis:5%"></div>
</div>

<p>Zone Industrielle de la Gare de l&rsquo;Est Au départ de la Gare de l&rsquo;Est, découvrez la ligne 4 qui vous permet d&rsquo;accéder en moins de 30 minutes à la Gare Centrale ! La ligne 10 permet également de rejoindre rapidement le Parc de l&rsquo;Étang et le Campus Alan Turing. Zone [&hellip;]</p>
