{"id":102,"date":"2022-04-25T15:59:50","date_gmt":"2022-04-25T13:59:50","guid":{"rendered":"https:\/\/seal.transport-manager.net\/panddragon\/?page_id=102"},"modified":"2023-05-09T22:25:22","modified_gmt":"2023-05-09T20:25:22","slug":"lignes-secondaire","status":"publish","type":"page","link":"https:\/\/seal.transport-manager.net\/panddragon\/lignes-secondaire\/","title":{"rendered":"Lignes Secondaires"},"content":{"rendered":"\n<p class=\"has-medium-font-size\" style=\"font-style:normal;font-weight:500\">Les lignes secondaires permettent de cr\u00e9er un maillage plus fin de notre m\u00e9tropole dans les secteurs qui le n\u00e9cessite. Ces lignes sont en service 6j\/7 :<\/p>\n\n\n\n<ul class=\"wp-block-list\">\n<li>Du lundi au vendredi de 6h \u00e0 21h<\/li>\n\n\n\n<li>Le samedi de 6h \u00e0 21h<\/li>\n<\/ul>\n\n\n\n<figure class=\"wp-block-image size-large is-style-default\"><img decoding=\"async\" src=\"https:\/\/transport-manager.net\/assets\/img\/lignes\/N3_L60_trans1.png\" alt=\"\" \/><\/figure>\n\n\n\n<figure class=\"wp-block-image size-large is-style-default\"><img decoding=\"async\" src=\"https:\/\/transport-manager.net\/assets\/img\/lignes\/N3_L61_trans1.png\" alt=\"\" \/><\/figure>\n\n\n\n<div class=\"wp-block-buttons is-layout-flex wp-block-buttons-is-layout-flex\">\n<div class=\"wp-block-button is-style-outline is-style-outline--1\"><a class=\"wp-block-button__link wp-element-button\" href=\"https:\/\/seal.transport-manager.net\/panddragon\/nos-lignes\/\">Retour \u00e0 la page pr\u00e9c\u00e9dente<\/a><\/div>\n<\/div>\n\n\n\n<p><\/p>\n","protected":false},"excerpt":{"rendered":"<p>Les lignes secondaires permettent de cr\u00e9er un maillage plus fin de notre m\u00e9tropole dans les secteurs qui le n\u00e9cessite. Ces lignes sont en service 6j\/7 :<\/p>\n","protected":false},"author":80,"featured_media":0,"parent":0,"menu_order":0,"comment_status":"closed","ping_status":"closed","template":"","meta":{"footnotes":""},"class_list":["post-102","page","type-page","status-publish","hentry"],"_links":{"self":[{"href":"https:\/\/seal.transport-manager.net\/panddragon\/wp-json\/wp\/v2\/pages\/102","targetHints":{"allow":["GET"]}}],"collection":[{"href":"https:\/\/seal.transport-manager.net\/panddragon\/wp-json\/wp\/v2\/pages"}],"about":[{"href":"https:\/\/seal.transport-manager.net\/panddragon\/wp-json\/wp\/v2\/types\/page"}],"author":[{"embeddable":true,"href":"https:\/\/seal.transport-manager.net\/panddragon\/wp-json\/wp\/v2\/users\/80"}],"replies":[{"embeddable":true,"href":"https:\/\/seal.transport-manager.net\/panddragon\/wp-json\/wp\/v2\/comments?post=102"}],"version-history":[{"count":6,"href":"https:\/\/seal.transport-manager.net\/panddragon\/wp-json\/wp\/v2\/pages\/102\/revisions"}],"predecessor-version":[{"id":725,"href":"https:\/\/seal.transport-manager.net\/panddragon\/wp-json\/wp\/v2\/pages\/102\/revisions\/725"}],"wp:attachment":[{"href":"https:\/\/seal.transport-manager.net\/panddragon\/wp-json\/wp\/v2\/media?parent=102"}],"curies":[{"name":"wp","href":"https:\/\/api.w.org\/{rel}","templated":true}]}}