{"id":207,"date":"2022-05-06T21:10:35","date_gmt":"2022-05-06T19:10:35","guid":{"rendered":"https:\/\/seal.transport-manager.net\/panddragon\/?page_id=207"},"modified":"2022-10-21T22:57:29","modified_gmt":"2022-10-21T20:57:29","slug":"info-trafic","status":"publish","type":"page","link":"https:\/\/seal.transport-manager.net\/panddragon\/info-trafic\/","title":{"rendered":"Info Trafic"},"content":{"rendered":"\n<p class=\"has-text-align-center\">Retrouvez ci-dessous l&rsquo;\u00e9tat du trafic et toutes les perturbations et travaux en cours ou pr\u00e9vues sur notre r\u00e9seau.<\/p>\n\n\n\n<figure class=\"wp-block-table is-style-stripes has-medium-font-size\" style=\"font-style:normal;font-weight:400\"><table class=\"has-black-color has-text-color has-fixed-layout\"><thead><tr><th class=\"has-text-align-center\" data-align=\"center\">Lignes<\/th><th class=\"has-text-align-center\" data-align=\"center\">Trafic<\/th><th class=\"has-text-align-center\" data-align=\"center\">Perturbations\/Travaux<\/th><\/tr><\/thead><tbody><tr><td class=\"has-text-align-center\" data-align=\"center\"><img loading=\"lazy\" decoding=\"async\" width=\"97\" height=\"97\" class=\"wp-image-138\" src=\"https:\/\/seal.transport-manager.net\/panddragon\/wp-content\/uploads\/sites\/81\/2022\/04\/image_2022-04-25_220814185.png\" alt=\"\"><\/td><td class=\"has-text-align-center\" data-align=\"center\">Trafic Normal<\/td><td class=\"has-text-align-center\" data-align=\"center\">Aucune perturbation<\/td><\/tr><tr><td class=\"has-text-align-center\" data-align=\"center\"><img decoding=\"async\" src=\"https:\/\/transport-manager.net\/assets\/img\/lignes\/L2.png\"><\/td><td class=\"has-text-align-center\" data-align=\"center\">Trafic Normal<\/td><td class=\"has-text-align-center\" data-align=\"center\">Aucune perturbation<\/td><\/tr><tr><td class=\"has-text-align-center\" data-align=\"center\"><img decoding=\"async\" src=\"https:\/\/transport-manager.net\/assets\/img\/lignes\/L3.png\" alt=\"L3.png (97\u00d797)\"><\/td><td class=\"has-text-align-center\" data-align=\"center\">Trafic Normal<\/td><td class=\"has-text-align-center\" data-align=\"center\">Aucune perturbation<\/td><\/tr><tr><td class=\"has-text-align-center\" data-align=\"center\"><img decoding=\"async\" src=\"https:\/\/transport-manager.net\/assets\/img\/lignes\/L4.png\" alt=\"L4.png (97\u00d797)\"><\/td><td class=\"has-text-align-center\" data-align=\"center\">Trafic Normal<\/td><td class=\"has-text-align-center\" data-align=\"center\">Aucune perturbation<\/td><\/tr><tr><td class=\"has-text-align-center\" data-align=\"center\"><img decoding=\"async\" src=\"https:\/\/transport-manager.net\/assets\/img\/lignes\/L5.png\" alt=\"L5.png (97\u00d797)\"><\/td><td class=\"has-text-align-center\" data-align=\"center\">Trafic Normal<\/td><td class=\"has-text-align-center\" data-align=\"center\">Aucune perturbation<\/td><\/tr><tr><td class=\"has-text-align-center\" data-align=\"center\"><img decoding=\"async\" src=\"https:\/\/transport-manager.net\/assets\/img\/lignes\/L6.png\" alt=\"L6.png (97\u00d797)\"><\/td><td class=\"has-text-align-center\" data-align=\"center\">Trafic Normal<\/td><td class=\"has-text-align-center\" data-align=\"center\">Aucune perturbation<\/td><\/tr><tr><td class=\"has-text-align-center\" data-align=\"center\"><img decoding=\"async\" src=\"https:\/\/transport-manager.net\/assets\/img\/lignes\/L7.png\" alt=\"L7.png (97\u00d797)\"><\/td><td class=\"has-text-align-center\" data-align=\"center\">Trafic Normal<\/td><td class=\"has-text-align-center\" data-align=\"center\">Aucune perturbation<\/td><\/tr><tr><td class=\"has-text-align-center\" data-align=\"center\"><img decoding=\"async\" src=\"https:\/\/transport-manager.net\/assets\/img\/lignes\/L8.png\" alt=\"L8.png (97\u00d797)\"><\/td><td class=\"has-text-align-center\" data-align=\"center\">Trafic Normal<\/td><td class=\"has-text-align-center\" data-align=\"center\">Aucune perturbation<\/td><\/tr><tr><td class=\"has-text-align-center\" data-align=\"center\"><img decoding=\"async\" src=\"https:\/\/transport-manager.net\/assets\/img\/lignes\/L9.png\" alt=\"L9.png (97\u00d797)\"><\/td><td class=\"has-text-align-center\" data-align=\"center\">Trafic Normal<\/td><td class=\"has-text-align-center\" data-align=\"center\">Aucune perturbation<\/td><\/tr><tr><td class=\"has-text-align-center\" data-align=\"center\"><img decoding=\"async\" src=\"https:\/\/transport-manager.net\/assets\/img\/lignes\/L10.png\" alt=\"L10.png (97\u00d797)\"><\/td><td class=\"has-text-align-center\" data-align=\"center\">Trafic Normal<\/td><td class=\"has-text-align-center\" data-align=\"center\">Aucune perturbation<\/td><\/tr><tr><td class=\"has-text-align-center\" data-align=\"center\"><img decoding=\"async\" src=\"https:\/\/transport-manager.net\/assets\/img\/lignes\/L11.png\" alt=\"L11.png (97\u00d797)\"><\/td><td class=\"has-text-align-center\" data-align=\"center\">Trafic Normal<\/td><td class=\"has-text-align-center\" data-align=\"center\">Aucune perturbation<\/td><\/tr><tr><td class=\"has-text-align-center\" data-align=\"center\"><img decoding=\"async\" src=\"https:\/\/transport-manager.net\/assets\/img\/lignes\/L60.png\" alt=\"L60.png (97\u00d797)\"><\/td><td class=\"has-text-align-center\" data-align=\"center\">Trafic Normal<\/td><td class=\"has-text-align-center\" data-align=\"center\">Aucune perturbation<\/td><\/tr><tr><td class=\"has-text-align-center\" data-align=\"center\"><img decoding=\"async\" src=\"https:\/\/transport-manager.net\/assets\/img\/lignes\/L61.png\" alt=\"L61.png (97\u00d797)\"><\/td><td class=\"has-text-align-center\" data-align=\"center\">Trafic Normal<\/td><td class=\"has-text-align-center\" data-align=\"center\">Aucune perturbation<\/td><\/tr><tr><td class=\"has-text-align-center\" data-align=\"center\"><img decoding=\"async\" src=\"https:\/\/transport-manager.net\/assets\/img\/lignes\/L901.png\" alt=\"L901.png (97\u00d797)\"><\/td><td class=\"has-text-align-center\" data-align=\"center\">R\u00e9servation Possible<\/td><td class=\"has-text-align-center\" data-align=\"center\">Aucune perturbation<\/td><\/tr><tr><td class=\"has-text-align-center\" data-align=\"center\"><img decoding=\"async\" src=\"https:\/\/transport-manager.net\/assets\/img\/lignes\/L902.png\" alt=\"L902.png (97\u00d797)\"><\/td><td class=\"has-text-align-center\" data-align=\"center\">R\u00e9servation Possible<\/td><td class=\"has-text-align-center\" data-align=\"center\">Aucune perturbation<\/td><\/tr><tr><td class=\"has-text-align-center\" data-align=\"center\">Trafic G\u00e9n\u00e9rale<\/td><td class=\"has-text-align-center\" data-align=\"center\">Trafic Normal<\/td><td class=\"has-text-align-center\" data-align=\"center\">Aucune perturbation<\/td><\/tr><\/tbody><\/table><figcaption>Derni\u00e8re mise \u00e0 jour le 21\/10\/2022<\/figcaption><\/figure>\n\n\n\n<p><\/p>\n","protected":false},"excerpt":{"rendered":"<p>Retrouvez ci-dessous l&rsquo;\u00e9tat du trafic et toutes les perturbations et travaux en cours ou pr\u00e9vues sur notre r\u00e9seau. Lignes Trafic Perturbations\/Travaux Trafic Normal Aucune perturbation Trafic Normal Aucune perturbation Trafic Normal Aucune perturbation Trafic Normal Aucune perturbation Trafic Normal Aucune perturbation Trafic Normal Aucune perturbation Trafic Normal Aucune perturbation Trafic [&hellip;]<\/p>\n","protected":false},"author":80,"featured_media":0,"parent":0,"menu_order":0,"comment_status":"closed","ping_status":"closed","template":"","meta":{"footnotes":""},"class_list":["post-207","page","type-page","status-publish","hentry"],"_links":{"self":[{"href":"https:\/\/seal.transport-manager.net\/panddragon\/wp-json\/wp\/v2\/pages\/207","targetHints":{"allow":["GET"]}}],"collection":[{"href":"https:\/\/seal.transport-manager.net\/panddragon\/wp-json\/wp\/v2\/pages"}],"about":[{"href":"https:\/\/seal.transport-manager.net\/panddragon\/wp-json\/wp\/v2\/types\/page"}],"author":[{"embeddable":true,"href":"https:\/\/seal.transport-manager.net\/panddragon\/wp-json\/wp\/v2\/users\/80"}],"replies":[{"embeddable":true,"href":"https:\/\/seal.transport-manager.net\/panddragon\/wp-json\/wp\/v2\/comments?post=207"}],"version-history":[{"count":58,"href":"https:\/\/seal.transport-manager.net\/panddragon\/wp-json\/wp\/v2\/pages\/207\/revisions"}],"predecessor-version":[{"id":668,"href":"https:\/\/seal.transport-manager.net\/panddragon\/wp-json\/wp\/v2\/pages\/207\/revisions\/668"}],"wp:attachment":[{"href":"https:\/\/seal.transport-manager.net\/panddragon\/wp-json\/wp\/v2\/media?parent=207"}],"curies":[{"name":"wp","href":"https:\/\/api.w.org\/{rel}","templated":true}]}}