{"id":97,"date":"2022-04-25T15:57:02","date_gmt":"2022-04-25T13:57:02","guid":{"rendered":"https:\/\/seal.transport-manager.net\/panddragon\/?page_id=97"},"modified":"2023-05-09T22:23:52","modified_gmt":"2023-05-09T20:23:52","slug":"lignes-principales-hors-lhns","status":"publish","type":"page","link":"https:\/\/seal.transport-manager.net\/panddragon\/lignes-principales-hors-lhns\/","title":{"rendered":"Lignes Principales hors LHNS"},"content":{"rendered":"\n<p class=\"has-medium-font-size\" style=\"font-style:normal;font-weight:500\">Ces lignes, en comptant les LHNS, permettent de relier de nombreux points de notre m\u00e9tropole tel que plusieurs gares ferroviaires, l&rsquo;a\u00e9roport, des campus universitaires et \u00e9tablissement scolaires (lyc\u00e9e et coll\u00e8ge) ou encore des mus\u00e9es et, bien \u00e9videment, l&rsquo;h\u00f4tel de ville de r\u00e9gion et la pr\u00e9fecture. La plupart de ces lignes circulent tous les jours :<\/p>\n\n\n\n<ul class=\"wp-block-list\">\n<li>En semaine de 6h \u00e0 1h<\/li>\n\n\n\n<li>Le samedi de 6h \u00e0 1h<\/li>\n\n\n\n<li>Le dimanche de 6h \u00e0 23h<\/li>\n<\/ul>\n\n\n\n<figure class=\"wp-block-image size-large is-style-default\"><img decoding=\"async\" src=\"https:\/\/transport-manager.net\/assets\/img\/lignes\/N3_L1_trans1.png\" alt=\"\" \/><\/figure>\n\n\n\n<figure class=\"wp-block-image size-large is-resized is-style-default\"><img loading=\"lazy\" decoding=\"async\" src=\"https:\/\/transport-manager.net\/assets\/img\/lignes\/N3_L4_trans1.png\" alt=\"\" width=\"1600\" height=\"425\" \/><figcaption class=\"wp-element-caption\"><strong><mark class=\"has-inline-color has-vivid-red-color\">Attention, cette ligne circule le dimanche de 11h \u00e0 20h !!!<\/mark><\/strong><\/figcaption><\/figure>\n\n\n\n<figure class=\"wp-block-image size-large is-style-default\"><img decoding=\"async\" src=\"https:\/\/transport-manager.net\/assets\/img\/lignes\/N3_L5_trans1.png\" alt=\"\" \/><\/figure>\n\n\n\n<figure class=\"wp-block-image size-large is-resized is-style-default\"><img loading=\"lazy\" decoding=\"async\" src=\"https:\/\/transport-manager.net\/assets\/img\/lignes\/N3_L6_trans1.png\" alt=\"\" width=\"1997\" height=\"586\" \/><figcaption class=\"wp-element-caption\"><strong><mark class=\"has-inline-color has-vivid-red-color\">Attention, cette ligne ne circule pas le dimanche et le soir en semaine pendant les vacances scolaires<\/mark><mark class=\"has-inline-color has-vivid-red-color\"> !!!<\/mark><\/strong><\/figcaption><\/figure>\n\n\n\n<figure class=\"wp-block-image size-large is-style-default\"><img decoding=\"async\" src=\"https:\/\/transport-manager.net\/assets\/img\/lignes\/N3_L7_trans1.png\" alt=\"\" \/><figcaption class=\"wp-element-caption\"><strong><mark class=\"has-inline-color has-vivid-red-color\">Attention, cette ligne circule le dimanche de 11h \u00e0 20h !!!<\/mark><\/strong> <\/figcaption><\/figure>\n\n\n\n<figure class=\"wp-block-image size-large is-resized is-style-default\"><img loading=\"lazy\" decoding=\"async\" src=\"https:\/\/transport-manager.net\/assets\/img\/lignes\/N3_L8_trans1.png\" alt=\"\" width=\"1997\" height=\"586\" \/><figcaption class=\"wp-element-caption\"><mark class=\"has-inline-color has-vivid-red-color\"><b>Attention, cette ligne ne circule pas le dimanche !!!<\/b><\/mark><\/figcaption><\/figure>\n\n\n\n<figure class=\"wp-block-image size-large is-style-default\"><img decoding=\"async\" src=\"https:\/\/transport-manager.net\/assets\/img\/lignes\/N3_L9_trans1.png\" alt=\"\" \/><\/figure>\n\n\n\n<figure class=\"wp-block-image size-large is-style-default\"><img decoding=\"async\" src=\"https:\/\/transport-manager.net\/assets\/img\/lignes\/N3_L10_trans1.png\" alt=\"\" \/><\/figure>\n\n\n\n<figure class=\"wp-block-image size-large is-resized is-style-default\"><img loading=\"lazy\" decoding=\"async\" src=\"https:\/\/transport-manager.net\/assets\/img\/lignes\/N3_L11_trans1.png\" alt=\"\" width=\"1981\" height=\"586\" \/><\/figure>\n\n\n\n<div class=\"wp-block-buttons is-layout-flex wp-block-buttons-is-layout-flex\">\n<div class=\"wp-block-button is-style-outline is-style-outline--1\"><a class=\"wp-block-button__link wp-element-button\" href=\"https:\/\/seal.transport-manager.net\/panddragon\/nos-lignes\/\">Retour \u00e0 la page pr\u00e9c\u00e9dente<\/a><\/div>\n<\/div>\n\n\n\n<p><\/p>\n","protected":false},"excerpt":{"rendered":"<p>Ces lignes, en comptant les LHNS, permettent de relier de nombreux points de notre m\u00e9tropole tel que plusieurs gares ferroviaires, l&rsquo;a\u00e9roport, des campus universitaires et \u00e9tablissement scolaires (lyc\u00e9e et coll\u00e8ge) ou encore des mus\u00e9es et, bien \u00e9videment, l&rsquo;h\u00f4tel de ville de r\u00e9gion et la pr\u00e9fecture. La plupart de ces lignes [&hellip;]<\/p>\n","protected":false},"author":80,"featured_media":0,"parent":0,"menu_order":0,"comment_status":"closed","ping_status":"closed","template":"","meta":{"footnotes":""},"class_list":["post-97","page","type-page","status-publish","hentry"],"_links":{"self":[{"href":"https:\/\/seal.transport-manager.net\/panddragon\/wp-json\/wp\/v2\/pages\/97","targetHints":{"allow":["GET"]}}],"collection":[{"href":"https:\/\/seal.transport-manager.net\/panddragon\/wp-json\/wp\/v2\/pages"}],"about":[{"href":"https:\/\/seal.transport-manager.net\/panddragon\/wp-json\/wp\/v2\/types\/page"}],"author":[{"embeddable":true,"href":"https:\/\/seal.transport-manager.net\/panddragon\/wp-json\/wp\/v2\/users\/80"}],"replies":[{"embeddable":true,"href":"https:\/\/seal.transport-manager.net\/panddragon\/wp-json\/wp\/v2\/comments?post=97"}],"version-history":[{"count":18,"href":"https:\/\/seal.transport-manager.net\/panddragon\/wp-json\/wp\/v2\/pages\/97\/revisions"}],"predecessor-version":[{"id":724,"href":"https:\/\/seal.transport-manager.net\/panddragon\/wp-json\/wp\/v2\/pages\/97\/revisions\/724"}],"wp:attachment":[{"href":"https:\/\/seal.transport-manager.net\/panddragon\/wp-json\/wp\/v2\/media?parent=97"}],"curies":[{"name":"wp","href":"https:\/\/api.w.org\/{rel}","templated":true}]}}