{"id":1014,"date":"2022-09-08T21:50:11","date_gmt":"2022-09-08T19:50:11","guid":{"rendered":"https:\/\/seal.transport-manager.net\/puck\/?page_id=1014"},"modified":"2025-11-29T21:36:12","modified_gmt":"2025-11-29T20:36:12","slug":"evenements-speciaux","status":"publish","type":"page","link":"https:\/\/seal.transport-manager.net\/puck\/evenements-speciaux\/","title":{"rendered":"Ev\u00e9nements sp\u00e9ciaux"},"content":{"rendered":"\n<div class=\"wp-block-columns is-layout-flex wp-container-core-columns-is-layout-9d6595d7 wp-block-columns-is-layout-flex\">\n<div class=\"wp-block-column is-layout-flow wp-block-column-is-layout-flow\" style=\"flex-basis:25%\"><\/div>\n\n\n\n<div class=\"wp-block-column is-layout-flow wp-block-column-is-layout-flow\" style=\"flex-basis:50%\"><\/div>\n\n\n\n<div class=\"wp-block-column is-layout-flow wp-block-column-is-layout-flow\" style=\"flex-basis:25%\"><\/div>\n<\/div>\n\n\n\n<div class=\"wp-block-columns is-layout-flex wp-container-core-columns-is-layout-9d6595d7 wp-block-columns-is-layout-flex\">\n<div class=\"wp-block-column is-layout-flow wp-block-column-is-layout-flow\"><\/div>\n\n\n\n<div class=\"wp-block-column is-layout-flow wp-block-column-is-layout-flow\"><\/div>\n\n\n\n<div class=\"wp-block-column is-layout-flow wp-block-column-is-layout-flow\"><\/div>\n<\/div>\n\n\n<h4 style=\"text-align: center\"><span style=\"color: #0000ff\"><strong>On skient au Mont Ludorgue du 1er d\u00e9cembre au 29 mars 2026<\/strong><\/span><\/h4>\n<p>Ligne <img loading=\"lazy\" decoding=\"async\" class=\"alignnone size-full wp-image-1822\" src=\"https:\/\/seal.transport-manager.net\/puck\/wp-content\/uploads\/sites\/55\/2025\/06\/tmligne203.png\" alt=\"\" width=\"107\" height=\"65\" \/><\/p>\n<p>renforcement de l&rsquo;offre de la ligne\u00a0<\/p>\n<p>Ligne Express <img loading=\"lazy\" decoding=\"async\" class=\"alignnone size-full wp-image-1918\" src=\"https:\/\/seal.transport-manager.net\/puck\/wp-content\/uploads\/sites\/55\/2025\/11\/ligne820.png\" alt=\"\" width=\"148\" height=\"143\" \/><\/p>\n<p>Le parcours fera depuis la ville de Minia jusqu&rsquo;au bas du domaine. Il y a deux parcours diff\u00e9rent\u00a0<br \/><span style=\"color: #ff0000\"><strong>Titre de transport obligatoire !<\/strong><\/span><\/p>\n<p><strong>Pendant la p\u00e9riode scolaire\u00a0<\/strong><br \/>Minia Gare routi\u00e8re &#8211; Campus Alan Turning &#8211; Ludorg Mont Ludorgue\u00a0<\/p>\n<p><img loading=\"lazy\" decoding=\"async\" class=\"alignnone size-medium wp-image-1921 aligncenter\" src=\"https:\/\/seal.transport-manager.net\/puck\/wp-content\/uploads\/sites\/55\/2025\/11\/ligne820plan-300x87.png\" alt=\"\" width=\"300\" height=\"87\" srcset=\"https:\/\/seal.transport-manager.net\/puck\/wp-content\/uploads\/sites\/55\/2025\/11\/ligne820plan-300x87.png 300w, https:\/\/seal.transport-manager.net\/puck\/wp-content\/uploads\/sites\/55\/2025\/11\/ligne820plan-1024x296.png 1024w, https:\/\/seal.transport-manager.net\/puck\/wp-content\/uploads\/sites\/55\/2025\/11\/ligne820plan-768x222.png 768w, https:\/\/seal.transport-manager.net\/puck\/wp-content\/uploads\/sites\/55\/2025\/11\/ligne820plan.png 1382w\" sizes=\"auto, (max-width: 300px) 100vw, 300px\" \/><\/p>\n<p><strong>Pendant la p\u00e9riode vacances scolaires\u00a0<\/strong><br \/>Minia Gare routi\u00e8re &#8211; Canta Grande Place &#8211; Ludorg Mont Ludorgue\u00a0<\/p>\n<p><img loading=\"lazy\" decoding=\"async\" class=\"alignnone size-medium wp-image-1923 aligncenter\" src=\"https:\/\/seal.transport-manager.net\/puck\/wp-content\/uploads\/sites\/55\/2025\/11\/ligne820plan2-300x90.png\" alt=\"\" width=\"300\" height=\"90\" srcset=\"https:\/\/seal.transport-manager.net\/puck\/wp-content\/uploads\/sites\/55\/2025\/11\/ligne820plan2-300x90.png 300w, https:\/\/seal.transport-manager.net\/puck\/wp-content\/uploads\/sites\/55\/2025\/11\/ligne820plan2-1024x306.png 1024w, https:\/\/seal.transport-manager.net\/puck\/wp-content\/uploads\/sites\/55\/2025\/11\/ligne820plan2-768x229.png 768w, https:\/\/seal.transport-manager.net\/puck\/wp-content\/uploads\/sites\/55\/2025\/11\/ligne820plan2.png 1362w\" sizes=\"auto, (max-width: 300px) 100vw, 300px\" \/><\/p>\n<p>Ligne sp\u00e9ciale <img loading=\"lazy\" decoding=\"async\" class=\"alignnone size-full wp-image-1919\" src=\"https:\/\/seal.transport-manager.net\/puck\/wp-content\/uploads\/sites\/55\/2025\/11\/ligne73.png\" alt=\"\" width=\"140\" height=\"137\" \/><\/p>\n<p>Le parcours am\u00e8nera les skieurs de Ludorgue Vall\u00e9e au Mont Ludorgue\u00a0<br \/><span style=\"color: #008000\"><strong>C&rsquo;est ligne est gratuit !\u00a0<\/strong><\/span><\/p>\n<p><img loading=\"lazy\" decoding=\"async\" class=\"alignnone size-medium wp-image-1924 aligncenter\" src=\"https:\/\/seal.transport-manager.net\/puck\/wp-content\/uploads\/sites\/55\/2025\/11\/ligne73plan-300x61.png\" alt=\"\" width=\"300\" height=\"61\" srcset=\"https:\/\/seal.transport-manager.net\/puck\/wp-content\/uploads\/sites\/55\/2025\/11\/ligne73plan-300x61.png 300w, https:\/\/seal.transport-manager.net\/puck\/wp-content\/uploads\/sites\/55\/2025\/11\/ligne73plan-1024x208.png 1024w, https:\/\/seal.transport-manager.net\/puck\/wp-content\/uploads\/sites\/55\/2025\/11\/ligne73plan-768x156.png 768w, https:\/\/seal.transport-manager.net\/puck\/wp-content\/uploads\/sites\/55\/2025\/11\/ligne73plan.png 1283w\" sizes=\"auto, (max-width: 300px) 100vw, 300px\" \/><\/p>\n<p><img loading=\"lazy\" decoding=\"async\" class=\"alignnone size-medium wp-image-1514 aligncenter\" src=\"https:\/\/seal.transport-manager.net\/puck\/wp-content\/uploads\/sites\/55\/2023\/11\/noelpatin-263x300.gif\" alt=\"\" width=\"263\" height=\"300\" \/><\/p>\n<h4 style=\"text-align: center\"><span style=\"color: #0000ff\"><strong>March\u00e9 de No\u00ebl du 29 novembre au 24 d\u00e9cembre\u00a0<\/strong><\/span><\/h4>\n<p>March\u00e9 de No\u00ebl est ouvert<br \/>Du lundi au vendredi 12h \u00e0 22 h\u00a0<br \/>Samedi de 12 h \u00e0 1h\u00a0<br \/>Dimanche 12 h 21 h\u00a0<\/p>\n<p>De nombreuses animations sont pr\u00e9vue avec\u00a0<br \/>Patinoire\u00a0<br \/>Grande roue<br \/>Son et lumi\u00e8re sur la cath\u00e9drale\u00a0<\/p>\n<p>La ligne sp\u00e9ciale <img loading=\"lazy\" decoding=\"async\" class=\"alignnone size-full wp-image-1509\" src=\"https:\/\/seal.transport-manager.net\/puck\/wp-content\/uploads\/sites\/55\/2023\/11\/tmligne813.png\" alt=\"\" width=\"37\" height=\"49\" \/><\/p>\n<p>Le parcours est depuis Gare Centrale \u00e0 Cath\u00e9drale plusieurs arr\u00eats interm\u00e9diaire sont pr\u00e9vu<\/p>\n<p><img loading=\"lazy\" decoding=\"async\" class=\"alignnone size-medium wp-image-1925 aligncenter\" src=\"https:\/\/seal.transport-manager.net\/puck\/wp-content\/uploads\/sites\/55\/2025\/11\/ligne813plan-300x95.png\" alt=\"\" width=\"300\" height=\"95\" srcset=\"https:\/\/seal.transport-manager.net\/puck\/wp-content\/uploads\/sites\/55\/2025\/11\/ligne813plan-300x95.png 300w, https:\/\/seal.transport-manager.net\/puck\/wp-content\/uploads\/sites\/55\/2025\/11\/ligne813plan-1024x325.png 1024w, https:\/\/seal.transport-manager.net\/puck\/wp-content\/uploads\/sites\/55\/2025\/11\/ligne813plan-768x244.png 768w, https:\/\/seal.transport-manager.net\/puck\/wp-content\/uploads\/sites\/55\/2025\/11\/ligne813plan.png 1297w\" sizes=\"auto, (max-width: 300px) 100vw, 300px\" \/><\/p>\n<p><img loading=\"lazy\" decoding=\"async\" class=\"alignnone size-medium wp-image-1510 aligncenter\" src=\"https:\/\/seal.transport-manager.net\/puck\/wp-content\/uploads\/sites\/55\/2023\/11\/tmplannoel813-300x200.png\" alt=\"\" width=\"300\" height=\"200\" srcset=\"https:\/\/seal.transport-manager.net\/puck\/wp-content\/uploads\/sites\/55\/2023\/11\/tmplannoel813-300x200.png 300w, https:\/\/seal.transport-manager.net\/puck\/wp-content\/uploads\/sites\/55\/2023\/11\/tmplannoel813.png 421w\" sizes=\"auto, (max-width: 300px) 100vw, 300px\" \/><\/p>\n<h5 style=\"text-align: center\"><span style=\"color: #008000\"><strong>La ligne est gratuite !<\/strong><\/span><\/h5>","protected":false},"excerpt":{"rendered":"<p>On skient au Mont Ludorgue du 1er d\u00e9cembre au 29 mars 2026 Ligne renforcement de l&rsquo;offre de la ligne\u00a0 Ligne Express Le parcours fera depuis la ville de Minia jusqu&rsquo;au &#8230; <a title=\"Ev\u00e9nements sp\u00e9ciaux\" class=\"read-more\" href=\"https:\/\/seal.transport-manager.net\/puck\/evenements-speciaux\/\" aria-label=\"En savoir plus sur Ev\u00e9nements sp\u00e9ciaux\">Lire la suite<\/a><\/p>\n","protected":false},"author":55,"featured_media":0,"parent":0,"menu_order":0,"comment_status":"closed","ping_status":"closed","template":"","meta":{"footnotes":""},"class_list":["post-1014","page","type-page","status-publish"],"_links":{"self":[{"href":"https:\/\/seal.transport-manager.net\/puck\/wp-json\/wp\/v2\/pages\/1014","targetHints":{"allow":["GET"]}}],"collection":[{"href":"https:\/\/seal.transport-manager.net\/puck\/wp-json\/wp\/v2\/pages"}],"about":[{"href":"https:\/\/seal.transport-manager.net\/puck\/wp-json\/wp\/v2\/types\/page"}],"author":[{"embeddable":true,"href":"https:\/\/seal.transport-manager.net\/puck\/wp-json\/wp\/v2\/users\/55"}],"replies":[{"embeddable":true,"href":"https:\/\/seal.transport-manager.net\/puck\/wp-json\/wp\/v2\/comments?post=1014"}],"version-history":[{"count":86,"href":"https:\/\/seal.transport-manager.net\/puck\/wp-json\/wp\/v2\/pages\/1014\/revisions"}],"predecessor-version":[{"id":1936,"href":"https:\/\/seal.transport-manager.net\/puck\/wp-json\/wp\/v2\/pages\/1014\/revisions\/1936"}],"wp:attachment":[{"href":"https:\/\/seal.transport-manager.net\/puck\/wp-json\/wp\/v2\/media?parent=1014"}],"curies":[{"name":"wp","href":"https:\/\/api.w.org\/{rel}","templated":true}]}}