{"id":1164,"date":"2022-11-18T21:18:09","date_gmt":"2022-11-18T20:18:09","guid":{"rendered":"https:\/\/seal.transport-manager.net\/puck\/?page_id=1164"},"modified":"2022-11-18T22:28:01","modified_gmt":"2022-11-18T21:28:01","slug":"renault-durisotti-novibus","status":"publish","type":"page","link":"https:\/\/seal.transport-manager.net\/puck\/renault-durisotti-novibus\/","title":{"rendered":"Renault Durisotti Novibus"},"content":{"rendered":"\n<div class=\"wp-block-columns is-layout-flex wp-container-core-columns-is-layout-9d6595d7 wp-block-columns-is-layout-flex\">\n<div class=\"wp-block-column is-layout-flow wp-block-column-is-layout-flow\"><\/div>\n\n\n\n<div class=\"wp-block-column is-layout-flow wp-block-column-is-layout-flow\">\n<p><img loading=\"lazy\" decoding=\"async\" class=\"alignnone size-medium wp-image-1167\" src=\"https:\/\/seal.transport-manager.net\/puck\/wp-content\/uploads\/sites\/55\/2022\/11\/minitransparent-300x138.png\" alt=\"\" width=\"300\" height=\"138\" srcset=\"https:\/\/seal.transport-manager.net\/puck\/wp-content\/uploads\/sites\/55\/2022\/11\/minitransparent-300x138.png 300w, https:\/\/seal.transport-manager.net\/puck\/wp-content\/uploads\/sites\/55\/2022\/11\/minitransparent.png 542w\" sizes=\"auto, (max-width: 300px) 100vw, 300px\" \/><\/p>\n<\/div>\n\n\n\n<div class=\"wp-block-column is-layout-flow wp-block-column-is-layout-flow\"><\/div>\n<\/div>\n\n\n<figure class=\"wp-block-table\">\n<table class=\"has-fixed-layout\">\n<tbody>\n<tr>\n<td class=\"has-text-align-center\" data-align=\"center\"><strong><span class=\"has-inline-color has-vivid-cyan-blue-color\">Renault Durisotti Novibus<br \/><\/span><\/strong><\/td>\n<td class=\"has-text-align-center\" data-align=\"center\">\u00a0<\/td>\n<\/tr>\n<tr>\n<td class=\"has-text-align-center\" data-align=\"center\">Num\u00e9ro de parc<\/td>\n<td class=\"has-text-align-center\" data-align=\"center\">K 60 01 RVI<\/td>\n<\/tr>\n<tr>\n<td class=\"has-text-align-center\" data-align=\"center\">Motorisation<\/td>\n<td class=\"has-text-align-center\" data-align=\"center\"><img loading=\"lazy\" decoding=\"async\" class=\"alignnone size-full wp-image-273\" src=\"https:\/\/seal.transport-manager.net\/puck\/wp-content\/uploads\/sites\/55\/2021\/08\/tmmotordiesel.png\" alt=\"\" width=\"43\" height=\"44\" \/>\u00a022 L \/ 100 km<\/td>\n<\/tr>\n<tr>\n<td class=\"has-text-align-center\" data-align=\"center\">Nombre de places<\/td>\n<td class=\"has-text-align-center\" data-align=\"center\">17<\/td>\n<\/tr>\n<tr>\n<td class=\"has-text-align-center\" data-align=\"center\">Immatriculation<\/td>\n<td class=\"has-text-align-center\" data-align=\"center\"><img loading=\"lazy\" decoding=\"async\" class=\"alignnone size-full wp-image-1170\" src=\"https:\/\/seal.transport-manager.net\/puck\/wp-content\/uploads\/sites\/55\/2022\/11\/tmid58212.png\" alt=\"\" width=\"252\" height=\"63\" \/><\/td>\n<\/tr>\n<tr>\n<td class=\"has-text-align-center\" data-align=\"center\">Mise en service<\/td>\n<td class=\"has-text-align-center\" data-align=\"center\">15.05.2021<\/td>\n<\/tr>\n<tr>\n<td class=\"has-text-align-center\" data-align=\"center\">Derni\u00e8re r\u00e9vision<\/td>\n<td class=\"has-text-align-center\" data-align=\"center\"><span class=\"has-inline-color has-vivid-red-color\"><strong>aucune<\/strong><\/span><\/td>\n<\/tr>\n<tr>\n<td class=\"has-text-align-center\" data-align=\"center\">Prochain CT<\/td>\n<td class=\"has-text-align-center\" data-align=\"center\"><strong><span style=\"color: #27a64d\">17.05.2023<\/span><\/strong><\/td>\n<\/tr>\n<tr>\n<td class=\"has-text-align-center\" data-align=\"center\">Etat<\/td>\n<td class=\"has-text-align-center\" data-align=\"center\"><span class=\"has-inline-color\" style=\"color: #27a64d\"><strong>en service<\/strong><\/span><\/td>\n<\/tr>\n<tr>\n<td class=\"has-text-align-center\" data-align=\"center\">Girouettes<\/td>\n<td class=\"has-text-align-center\" data-align=\"center\"><img loading=\"lazy\" decoding=\"async\" class=\"alignnone size-full wp-image-1171\" src=\"https:\/\/seal.transport-manager.net\/puck\/wp-content\/uploads\/sites\/55\/2022\/11\/girouetteblanc.png\" alt=\"\" width=\"216\" height=\"35\" \/><\/td>\n<\/tr>\n<tr>\n<td class=\"has-text-align-center\" data-align=\"center\">Billettique<\/td>\n<td class=\"has-text-align-center\" data-align=\"center\"><img loading=\"lazy\" decoding=\"async\" width=\"56\" height=\"100\" class=\"wp-image-272\" style=\"width: 56px\" src=\"https:\/\/seal.transport-manager.net\/puck\/wp-content\/uploads\/sites\/55\/2021\/08\/tmobliterateur.png\" alt=\"\" \/><\/td>\n<\/tr>\n<\/tbody>\n<\/table>\n<\/figure>\n<h4 style=\"text-align: center\"><span style=\"color: #000080\"><strong>Options PMR <img loading=\"lazy\" decoding=\"async\" class=\"alignnone size-full wp-image-1133\" src=\"https:\/\/seal.transport-manager.net\/puck\/wp-content\/uploads\/sites\/55\/2022\/11\/handicap.jpg\" alt=\"\" width=\"100\" height=\"74\" \/><\/strong><\/span><\/h4>\n<figure class=\"wp-block-table\">\n<table class=\"has-fixed-layout\">\n<tbody>\n<tr>\n<td>Agenouillement<\/td>\n<td class=\"has-text-align-center\" data-align=\"center\"><span class=\"has-inline-color\" style=\"color: #27a64d\"><strong>Oui<\/strong><\/span><\/td>\n<\/tr>\n<tr>\n<td>Emplacement UFR<\/td>\n<td class=\"has-text-align-center\" data-align=\"center\"><strong><span class=\"has-inline-color\" style=\"color: #27a64d\">Oui<\/span><\/strong><\/td>\n<\/tr>\n<tr>\n<td>Plateforme r\u00e9tractable<\/td>\n<td class=\"has-text-align-center\" data-align=\"center\">manuel<\/td>\n<\/tr>\n<\/tbody>\n<\/table>\n<\/figure>\n<h4 style=\"text-align: center\"><span style=\"color: #000080\"><strong>Options d&rsquo;usine <img loading=\"lazy\" decoding=\"async\" class=\"alignnone size-full wp-image-1135\" src=\"https:\/\/seal.transport-manager.net\/puck\/wp-content\/uploads\/sites\/55\/2022\/11\/usine.jpg\" alt=\"\" width=\"100\" height=\"99\" \/><\/strong> <\/span><\/h4>\n<figure class=\"wp-block-table\">\n<table class=\"has-fixed-layout\">\n<tbody>\n<tr>\n<td>Climatisation<\/td>\n<td class=\"has-text-align-center\" data-align=\"center\">Ventilation renorc\u00e9e<\/td>\n<\/tr>\n<tr>\n<td>Portes<\/td>\n<td class=\"has-text-align-center\" data-align=\"center\">1 pneumatique<\/td>\n<\/tr>\n<tr>\n<td>Pr\u00e9 c\u00e2blage self service<\/td>\n<td class=\"has-text-align-center\" data-align=\"center\"><span style=\"color: #27a64d\"><strong>Oui<\/strong><\/span><\/td>\n<\/tr>\n<tr>\n<td>Vitre anti-agression<\/td>\n<td class=\"has-text-align-center\" data-align=\"center\"><strong><span class=\"has-inline-color\" style=\"color: #27a64d\">Oui<\/span><\/strong><\/td>\n<\/tr>\n<tr>\n<td>Vitres teint\u00e9es<\/td>\n<td class=\"has-text-align-center\" data-align=\"center\"><strong><span class=\"has-inline-color\" style=\"color: #27a64d\">Oui<\/span><\/strong><\/td>\n<\/tr>\n<tr>\n<td>Baies basses<\/td>\n<td class=\"has-text-align-center\" data-align=\"center\"><span class=\"has-inline-color has-vivid-red-color\"><strong>Non<\/strong><\/span><\/td>\n<\/tr>\n<\/tbody>\n<\/table>\n<\/figure>\n<h4 style=\"text-align: center\"><strong><span style=\"color: #000080\">Options ateliers <img loading=\"lazy\" decoding=\"async\" class=\"alignnone size-full wp-image-1136\" src=\"https:\/\/seal.transport-manager.net\/puck\/wp-content\/uploads\/sites\/55\/2022\/11\/cle.jpg\" alt=\"\" width=\"100\" height=\"100\" \/> <\/span><\/strong><\/h4>\n<figure class=\"wp-block-table\">\n<table class=\"has-fixed-layout\">\n<tbody>\n<tr>\n<td>Balise priorit\u00e9 feu<\/td>\n<td class=\"has-text-align-center\" data-align=\"center\"><span class=\"has-inline-color has-vivid-red-color\"><strong>Non<\/strong><\/span><\/td>\n<\/tr>\n<tr>\n<td>Bouton self-service<\/td>\n<td class=\"has-text-align-center\" data-align=\"center\"><span class=\"has-inline-color has-vivid-red-color\"><strong>Non<\/strong><\/span><\/td>\n<\/tr>\n<tr>\n<td>Bouton arr\u00eats demand\u00e9s suppl\u00e9mentaire<\/td>\n<td class=\"has-text-align-center\" data-align=\"center\"><strong><span class=\"has-inline-color has-vivid-red-color\">Non<\/span><\/strong><\/td>\n<\/tr>\n<tr>\n<td>Cam\u00e9ra de vid\u00e9o-protection<\/td>\n<td class=\"has-text-align-center\" data-align=\"center\"><strong><span class=\"has-inline-color has-vivid-red-color\">Non<\/span><\/strong><\/td>\n<\/tr>\n<tr>\n<td>Panneau pub arri\u00e8re<\/td>\n<td class=\"has-text-align-center\" data-align=\"center\"><strong><span class=\"has-inline-color has-vivid-red-color\">Non<\/span><\/strong><\/td>\n<\/tr>\n<tr>\n<td>Panneau pub avant<\/td>\n<td class=\"has-text-align-center\" data-align=\"center\"><strong><span class=\"has-inline-color has-vivid-red-color\">Non<\/span><\/strong><\/td>\n<\/tr>\n<tr>\n<td>Panneau pub lat\u00e9ral<\/td>\n<td class=\"has-text-align-center\" data-align=\"center\"><strong><span class=\"has-inline-color has-vivid-red-color\">Non<\/span><\/strong><\/td>\n<\/tr>\n<tr>\n<td>Ethylotest anti-d\u00e9marrage<\/td>\n<td class=\"has-text-align-center\" data-align=\"center\"><span class=\"has-inline-color has-vivid-red-color\"><strong>Non<\/strong><\/span><\/td>\n<\/tr>\n<tr>\n<td>Radio FM<\/td>\n<td class=\"has-text-align-center\" data-align=\"center\"><span class=\"has-inline-color has-vivid-red-color\"><strong>Non<\/strong><\/span><\/td>\n<\/tr>\n<tr>\n<td>Wifi<\/td>\n<td class=\"has-text-align-center\" data-align=\"center\"><span class=\"has-inline-color has-vivid-red-color\"><strong>Non<\/strong><\/span><\/td>\n<\/tr>\n<tr>\n<td>Port USB<\/td>\n<td class=\"has-text-align-center\" data-align=\"center\"><span class=\"has-inline-color has-vivid-red-color\"><strong>Non<\/strong><\/span><\/td>\n<\/tr>\n<\/tbody>\n<\/table>\n<\/figure>\n<h4 style=\"text-align: center\"><span style=\"color: #000080\"><strong>Options SAIEV<\/strong><\/span><\/h4>\n<figure class=\"wp-block-table\">\n<table class=\"has-fixed-layout\">\n<tbody>\n<tr>\n<td>Bandeau lumineux<\/td>\n<td class=\"has-text-align-center\" data-align=\"center\"><span class=\"has-inline-color\" style=\"color: #27a64d\"><strong>Oui<\/strong><\/span><\/td>\n<\/tr>\n<tr>\n<td>Ecran TFT<\/td>\n<td class=\"has-text-align-center\" data-align=\"center\"><span class=\"has-inline-color has-vivid-red-color\"><strong>Non<\/strong><\/span><\/td>\n<\/tr>\n<tr>\n<td>Haut-parleur<\/td>\n<td class=\"has-text-align-center\" data-align=\"center\"><span class=\"has-inline-color\" style=\"color: #27a64d\"><strong>Oui<\/strong><\/span><\/td>\n<\/tr>\n<tr>\n<td>Pupitre conducteur<\/td>\n<td class=\"has-text-align-center\" data-align=\"center\"><span class=\"has-inline-color\" style=\"color: #27a64d\"><strong>Oui<\/strong><\/span><\/td>\n<\/tr>\n<tr>\n<td>T\u00e9l\u00e9phone radio<\/td>\n<td class=\"has-text-align-center\" data-align=\"center\"><strong><span class=\"has-inline-color\" style=\"color: #27a64d\">Oui<\/span><\/strong><\/td>\n<\/tr>\n<\/tbody>\n<\/table>\n<\/figure>\n<figure class=\"wp-block-table\">\n<table class=\"has-fixed-layout\">\n<tbody>\n<tr>\n<td class=\"has-text-align-center\" data-align=\"center\"><strong><span class=\"has-inline-color has-vivid-cyan-blue-color\">Sprinter City 45<\/span><\/strong><\/td>\n<td class=\"has-text-align-center\" data-align=\"center\">\u00a0<\/td>\n<\/tr>\n<tr>\n<td class=\"has-text-align-center\" data-align=\"center\">Num\u00e9ro de parc<\/td>\n<td class=\"has-text-align-center\" data-align=\"center\">K 00 01 RVI<\/td>\n<\/tr>\n<tr>\n<td class=\"has-text-align-center\" data-align=\"center\">Motorisation<\/td>\n<td class=\"has-text-align-center\" data-align=\"center\"><img loading=\"lazy\" decoding=\"async\" class=\"alignnone size-full wp-image-273\" src=\"https:\/\/seal.transport-manager.net\/puck\/wp-content\/uploads\/sites\/55\/2021\/08\/tmmotordiesel.png\" alt=\"\" width=\"43\" height=\"44\" \/>\u00a022 L \/ 100 km<\/td>\n<\/tr>\n<tr>\n<td class=\"has-text-align-center\" data-align=\"center\">Nombre de places<\/td>\n<td class=\"has-text-align-center\" data-align=\"center\">17<\/td>\n<\/tr>\n<tr>\n<td class=\"has-text-align-center\" data-align=\"center\">Immatriculation<\/td>\n<td class=\"has-text-align-center\" data-align=\"center\"><img loading=\"lazy\" decoding=\"async\" class=\"alignnone size-full wp-image-1177\" src=\"https:\/\/seal.transport-manager.net\/puck\/wp-content\/uploads\/sites\/55\/2022\/11\/tmid58213.png\" alt=\"\" width=\"258\" height=\"60\" \/><\/td>\n<\/tr>\n<tr>\n<td class=\"has-text-align-center\" data-align=\"center\">Mise en service<\/td>\n<td class=\"has-text-align-center\" data-align=\"center\">15.05.2022<\/td>\n<\/tr>\n<tr>\n<td class=\"has-text-align-center\" data-align=\"center\">Derni\u00e8re r\u00e9vision<\/td>\n<td class=\"has-text-align-center\" data-align=\"center\"><span class=\"has-inline-color has-vivid-red-color\"><strong>aucune<\/strong><\/span><\/td>\n<\/tr>\n<tr>\n<td class=\"has-text-align-center\" data-align=\"center\">Prochain CT<\/td>\n<td class=\"has-text-align-center\" data-align=\"center\"><strong><span style=\"color: #27a64d\">17.05.2023<\/span><\/strong><\/td>\n<\/tr>\n<tr>\n<td class=\"has-text-align-center\" data-align=\"center\">Etat<\/td>\n<td class=\"has-text-align-center\" data-align=\"center\"><span class=\"has-inline-color\" style=\"color: #27a64d\"><strong>en service<\/strong><\/span><\/td>\n<\/tr>\n<tr>\n<td class=\"has-text-align-center\" data-align=\"center\">Girouettes<\/td>\n<td class=\"has-text-align-center\" data-align=\"center\"><img loading=\"lazy\" decoding=\"async\" class=\"alignnone size-full wp-image-1171\" src=\"https:\/\/seal.transport-manager.net\/puck\/wp-content\/uploads\/sites\/55\/2022\/11\/girouetteblanc.png\" alt=\"\" width=\"216\" height=\"35\" \/><\/td>\n<\/tr>\n<tr>\n<td class=\"has-text-align-center\" data-align=\"center\">Billettique<\/td>\n<td class=\"has-text-align-center\" data-align=\"center\"><img loading=\"lazy\" decoding=\"async\" width=\"56\" height=\"100\" class=\"wp-image-272\" style=\"width: 56px\" src=\"https:\/\/seal.transport-manager.net\/puck\/wp-content\/uploads\/sites\/55\/2021\/08\/tmobliterateur.png\" alt=\"\" \/><\/td>\n<\/tr>\n<\/tbody>\n<\/table>\n<\/figure>\n\n<h4 style=\"text-align: center\"><span style=\"color: #000080\"><strong>Options PMR <img loading=\"lazy\" decoding=\"async\" class=\"alignnone size-full wp-image-1133\" src=\"https:\/\/seal.transport-manager.net\/puck\/wp-content\/uploads\/sites\/55\/2022\/11\/handicap.jpg\" alt=\"\" width=\"100\" height=\"74\" \/><\/strong> <\/span><\/h4>\n\n<figure class=\"wp-block-table\">\n<table class=\"has-fixed-layout\">\n<tbody>\n<tr>\n<td>Agenouillement<\/td>\n<td class=\"has-text-align-center\" data-align=\"center\"><span class=\"has-inline-color\" style=\"color: #27a64d\"><strong>Oui<\/strong><\/span><\/td>\n<\/tr>\n<tr>\n<td>Emplacement UFR<\/td>\n<td class=\"has-text-align-center\" data-align=\"center\"><strong><span class=\"has-inline-color\" style=\"color: #27a64d\">Oui<\/span><\/strong><\/td>\n<\/tr>\n<tr>\n<td>Plateforme r\u00e9tractable<\/td>\n<td class=\"has-text-align-center\" data-align=\"center\">manuel<\/td>\n<\/tr>\n<\/tbody>\n<\/table>\n<\/figure>\n\n<h4 style=\"text-align: center\"><span style=\"color: #000080\"><strong>Options d&rsquo;usine <img loading=\"lazy\" decoding=\"async\" class=\"alignnone size-full wp-image-1135\" src=\"https:\/\/seal.transport-manager.net\/puck\/wp-content\/uploads\/sites\/55\/2022\/11\/usine.jpg\" alt=\"\" width=\"100\" height=\"99\" \/><\/strong><\/span><\/h4>\n\n<figure class=\"wp-block-table\">\n<table class=\"has-fixed-layout\">\n<tbody>\n<tr>\n<td>Climatisation<\/td>\n<td class=\"has-text-align-center\" data-align=\"center\">Ventilation renforc\u00e9e<\/td>\n<\/tr>\n<tr>\n<td>Portes<\/td>\n<td class=\"has-text-align-center\" data-align=\"center\">1 pneumatique<\/td>\n<\/tr>\n<tr>\n<td>Pr\u00e9 c\u00e2blage self service<\/td>\n<td class=\"has-text-align-center\" data-align=\"center\"><span class=\"has-inline-color\" style=\"color: #27a64d\"><strong>Oui<\/strong><\/span><\/td>\n<\/tr>\n<tr>\n<td>Vitre anti-agression<\/td>\n<td class=\"has-text-align-center\" data-align=\"center\"><strong><span class=\"has-inline-color\" style=\"color: #27a64d\">Oui<\/span><\/strong><\/td>\n<\/tr>\n<tr>\n<td>Vitres teint\u00e9es<\/td>\n<td class=\"has-text-align-center\" data-align=\"center\"><strong><span class=\"has-inline-color\" style=\"color: #27a64d\">Oui<\/span><\/strong><\/td>\n<\/tr>\n<tr>\n<td>Baies basses<\/td>\n<td class=\"has-text-align-center\" data-align=\"center\"><strong><span class=\"has-inline-color has-vivid-red-color\">Non<\/span><\/strong><\/td>\n<\/tr>\n<\/tbody>\n<\/table>\n<\/figure>\n\n<h4 style=\"text-align: center\"><span style=\"color: #000080\"><strong>Options ateliers <img loading=\"lazy\" decoding=\"async\" class=\"alignnone size-full wp-image-1136\" src=\"https:\/\/seal.transport-manager.net\/puck\/wp-content\/uploads\/sites\/55\/2022\/11\/cle.jpg\" alt=\"\" width=\"100\" height=\"100\" \/><\/strong> <\/span><\/h4>\n\n<figure class=\"wp-block-table\">\n<table class=\"has-fixed-layout\">\n<tbody>\n<tr>\n<td>Balise priorit\u00e9 feu<\/td>\n<td class=\"has-text-align-center\" data-align=\"center\"><span class=\"has-inline-color has-vivid-red-color\"><strong>Non<\/strong><\/span><\/td>\n<\/tr>\n<tr>\n<td>Bouton self-service<\/td>\n<td class=\"has-text-align-center\" data-align=\"center\"><span class=\"has-inline-color has-vivid-red-color\"><strong>Non<\/strong><\/span><\/td>\n<\/tr>\n<tr>\n<td>Bouton arr\u00eats demand\u00e9s suppl\u00e9mentaire<\/td>\n<td class=\"has-text-align-center\" data-align=\"center\"><strong><span class=\"has-inline-color has-vivid-red-color\">Non<\/span><\/strong><\/td>\n<\/tr>\n<tr>\n<td>Cam\u00e9ra de vid\u00e9o-protection<\/td>\n<td class=\"has-text-align-center\" data-align=\"center\"><strong><span class=\"has-inline-color has-vivid-red-color\">Non<\/span><\/strong><\/td>\n<\/tr>\n<tr>\n<td>Panneau pub arri\u00e8re<\/td>\n<td class=\"has-text-align-center\" data-align=\"center\"><strong><span class=\"has-inline-color has-vivid-red-color\">Non<\/span><\/strong><\/td>\n<\/tr>\n<tr>\n<td>Panneau pub avant<\/td>\n<td class=\"has-text-align-center\" data-align=\"center\"><strong><span class=\"has-inline-color has-vivid-red-color\">Non<\/span><\/strong><\/td>\n<\/tr>\n<tr>\n<td>Panneau pub lat\u00e9ral<\/td>\n<td class=\"has-text-align-center\" data-align=\"center\"><strong><span class=\"has-inline-color has-vivid-red-color\">Non<\/span><\/strong><\/td>\n<\/tr>\n<tr>\n<td>Ethylotest anti-d\u00e9marrage<\/td>\n<td class=\"has-text-align-center\" data-align=\"center\"><span class=\"has-inline-color has-vivid-red-color\"><strong>Non<\/strong><\/span><\/td>\n<\/tr>\n<tr>\n<td>Radio FM<\/td>\n<td class=\"has-text-align-center\" data-align=\"center\"><span class=\"has-inline-color has-vivid-red-color\"><strong>Non<\/strong><\/span><\/td>\n<\/tr>\n<tr>\n<td>Wifi<\/td>\n<td class=\"has-text-align-center\" data-align=\"center\"><span class=\"has-inline-color has-vivid-red-color\"><strong>Non<\/strong><\/span><\/td>\n<\/tr>\n<tr>\n<td>Port USB<\/td>\n<td class=\"has-text-align-center\" data-align=\"center\"><span class=\"has-inline-color has-vivid-red-color\"><strong>Non<\/strong><\/span><\/td>\n<\/tr>\n<\/tbody>\n<\/table>\n<\/figure>\n\n<h4 style=\"text-align: center\"><span style=\"color: #000080\"><strong>Options SAIEV<\/strong><\/span><\/h4>\n\n<figure class=\"wp-block-table\">\n<table class=\"has-fixed-layout\">\n<tbody>\n<tr>\n<td>Bandeau lumineux<\/td>\n<td class=\"has-text-align-center\" data-align=\"center\"><span class=\"has-inline-color\" style=\"color: #27a64d\"><strong>Oui<\/strong><\/span><\/td>\n<\/tr>\n<tr>\n<td>Ecran TFT<\/td>\n<td class=\"has-text-align-center\" data-align=\"center\"><span class=\"has-inline-color has-vivid-red-color\"><strong>Non<\/strong><\/span><\/td>\n<\/tr>\n<tr>\n<td>Haut-parleur<\/td>\n<td class=\"has-text-align-center\" data-align=\"center\"><span class=\"has-inline-color\" style=\"color: #27a64d\"><strong>Oui<\/strong><\/span><\/td>\n<\/tr>\n<tr>\n<td>Pupitre conducteur<\/td>\n<td class=\"has-text-align-center\" data-align=\"center\"><span class=\"has-inline-color\" style=\"color: #27a64d\"><strong>Oui<\/strong><\/span><\/td>\n<\/tr>\n<tr>\n<td>T\u00e9l\u00e9phone radio<\/td>\n<td class=\"has-text-align-center\" data-align=\"center\"><strong><span class=\"has-inline-color\" style=\"color: #27a64d\">Oui<\/span><\/strong><\/td>\n<\/tr>\n<\/tbody>\n<\/table>\n<\/figure>","protected":false},"excerpt":{"rendered":"<p>Renault Durisotti Novibus \u00a0 Num\u00e9ro de parc K 60 01 RVI Motorisation \u00a022 L \/ 100 km Nombre de places 17 Immatriculation Mise en service 15.05.2021 Derni\u00e8re r\u00e9vision aucune Prochain &#8230; <a title=\"Renault Durisotti Novibus\" class=\"read-more\" href=\"https:\/\/seal.transport-manager.net\/puck\/renault-durisotti-novibus\/\" aria-label=\"En savoir plus sur Renault Durisotti Novibus\">Lire la suite<\/a><\/p>\n","protected":false},"author":55,"featured_media":0,"parent":0,"menu_order":0,"comment_status":"closed","ping_status":"closed","template":"","meta":{"footnotes":""},"class_list":["post-1164","page","type-page","status-publish"],"_links":{"self":[{"href":"https:\/\/seal.transport-manager.net\/puck\/wp-json\/wp\/v2\/pages\/1164","targetHints":{"allow":["GET"]}}],"collection":[{"href":"https:\/\/seal.transport-manager.net\/puck\/wp-json\/wp\/v2\/pages"}],"about":[{"href":"https:\/\/seal.transport-manager.net\/puck\/wp-json\/wp\/v2\/types\/page"}],"author":[{"embeddable":true,"href":"https:\/\/seal.transport-manager.net\/puck\/wp-json\/wp\/v2\/users\/55"}],"replies":[{"embeddable":true,"href":"https:\/\/seal.transport-manager.net\/puck\/wp-json\/wp\/v2\/comments?post=1164"}],"version-history":[{"count":7,"href":"https:\/\/seal.transport-manager.net\/puck\/wp-json\/wp\/v2\/pages\/1164\/revisions"}],"predecessor-version":[{"id":1180,"href":"https:\/\/seal.transport-manager.net\/puck\/wp-json\/wp\/v2\/pages\/1164\/revisions\/1180"}],"wp:attachment":[{"href":"https:\/\/seal.transport-manager.net\/puck\/wp-json\/wp\/v2\/media?parent=1164"}],"curies":[{"name":"wp","href":"https:\/\/api.w.org\/{rel}","templated":true}]}}