{"id":1705,"date":"2024-10-24T21:23:28","date_gmt":"2024-10-24T19:23:28","guid":{"rendered":"https:\/\/seal.transport-manager.net\/puck\/?page_id=1705"},"modified":"2024-10-24T21:44:17","modified_gmt":"2024-10-24T19:44:17","slug":"car","status":"publish","type":"page","link":"https:\/\/seal.transport-manager.net\/puck\/car\/","title":{"rendered":"Car"},"content":{"rendered":"<p>Pour notre service interurbain nous avons des cars de diff\u00e9rentes capacit\u00e9s. Plusieurs sont des Low Entry une cat\u00e9gorie aussi adapt\u00e9e pour les lignes pr\u00e9urbaines<\/p>\n<h4 style=\"text-align: center\"><span style=\"color: #0000ff\"><strong>Les minicars<\/strong><\/span><\/h4>\n<p>Aucun actuellement<\/p>\n<h4 style=\"text-align: center\"><span style=\"color: #0000ff\"><strong>Les midicars<\/strong><\/span><\/h4>\n<p>Iveco Crossway LE Line 10<br \/>Solaris Urbino 8.9 III LE \u00e9lectrique<\/p>\n<h4 style=\"text-align: center\"><span style=\"color: #0000ff\"><strong>Les standards\u00a0<\/strong><\/span><\/h4>\n<p>Irisbus Moovy<br \/>Irizar i3 LE 15 GNV<br \/>Irizar i4 15 GNV<br \/>Irizar i6 15 GNV<br \/>Iveco Crossway Line<br \/>Iveco Crossway POP NP GNV<br \/>Mercedes Citaro LE U C2<br \/>Mercedes Citaro LE MU C2 hybride<br \/>Mercedes Intouro<br \/>Scania Citywide LE II 12 hybride<br \/>Scania Citywide LE Suburban GNV<br \/>Scania Citywide\u00a0 LE Suburan hybride<br \/>Scania Interlink LD 15<br \/>Scania Interlink HD 15 GNV<br \/>Setra S 416 LE Business<br \/>Volvo 9700 DD<\/p>\n<h4 style=\"text-align: center\"><span style=\"color: #0000ff\"><strong>Les articul\u00e9s\u00a0<\/strong><\/span><\/h4>\n<p>aucun actuellement<\/p>\n\n\n<p><\/p>\n","protected":false},"excerpt":{"rendered":"<p>Pour notre service interurbain nous avons des cars de diff\u00e9rentes capacit\u00e9s. Plusieurs sont des Low Entry une cat\u00e9gorie aussi adapt\u00e9e pour les lignes pr\u00e9urbaines Les minicars Aucun actuellement Les midicars &#8230; <a title=\"Car\" class=\"read-more\" href=\"https:\/\/seal.transport-manager.net\/puck\/car\/\" aria-label=\"En savoir plus sur Car\">Lire la suite<\/a><\/p>\n","protected":false},"author":55,"featured_media":0,"parent":0,"menu_order":0,"comment_status":"closed","ping_status":"closed","template":"","meta":{"footnotes":""},"class_list":["post-1705","page","type-page","status-publish"],"_links":{"self":[{"href":"https:\/\/seal.transport-manager.net\/puck\/wp-json\/wp\/v2\/pages\/1705","targetHints":{"allow":["GET"]}}],"collection":[{"href":"https:\/\/seal.transport-manager.net\/puck\/wp-json\/wp\/v2\/pages"}],"about":[{"href":"https:\/\/seal.transport-manager.net\/puck\/wp-json\/wp\/v2\/types\/page"}],"author":[{"embeddable":true,"href":"https:\/\/seal.transport-manager.net\/puck\/wp-json\/wp\/v2\/users\/55"}],"replies":[{"embeddable":true,"href":"https:\/\/seal.transport-manager.net\/puck\/wp-json\/wp\/v2\/comments?post=1705"}],"version-history":[{"count":3,"href":"https:\/\/seal.transport-manager.net\/puck\/wp-json\/wp\/v2\/pages\/1705\/revisions"}],"predecessor-version":[{"id":1712,"href":"https:\/\/seal.transport-manager.net\/puck\/wp-json\/wp\/v2\/pages\/1705\/revisions\/1712"}],"wp:attachment":[{"href":"https:\/\/seal.transport-manager.net\/puck\/wp-json\/wp\/v2\/media?parent=1705"}],"curies":[{"name":"wp","href":"https:\/\/api.w.org\/{rel}","templated":true}]}}