{"id":652,"date":"2022-02-18T21:09:50","date_gmt":"2022-02-18T20:09:50","guid":{"rendered":"https:\/\/seal.transport-manager.net\/puck\/?page_id=652"},"modified":"2023-09-16T10:01:49","modified_gmt":"2023-09-16T08:01:49","slug":"hess-lightram-12-plug","status":"publish","type":"page","link":"https:\/\/seal.transport-manager.net\/puck\/hess-lightram-12-plug\/","title":{"rendered":"Hess LighTram 12 Plug"},"content":{"rendered":"\n<p><\/p>\n\n\n\n<div class=\"wp-block-columns is-layout-flex wp-container-core-columns-is-layout-9d6595d7 wp-block-columns-is-layout-flex\">\n<div class=\"wp-block-column is-layout-flow wp-block-column-is-layout-flow\"><\/div>\n\n\n\n<div class=\"wp-block-column is-layout-flow wp-block-column-is-layout-flow\">\n<p><img loading=\"lazy\" decoding=\"async\" class=\"size-medium wp-image-1298 aligncenter\" src=\"https:\/\/seal.transport-manager.net\/puck\/wp-content\/uploads\/sites\/55\/2023\/02\/hesslght12plug-300x126.png\" alt=\"\" width=\"300\" height=\"126\" srcset=\"https:\/\/seal.transport-manager.net\/puck\/wp-content\/uploads\/sites\/55\/2023\/02\/hesslght12plug-300x126.png 300w, https:\/\/seal.transport-manager.net\/puck\/wp-content\/uploads\/sites\/55\/2023\/02\/hesslght12plug.png 400w\" sizes=\"auto, (max-width: 300px) 100vw, 300px\" \/><\/p>\n<\/div>\n\n\n\n<div class=\"wp-block-column is-layout-flow wp-block-column-is-layout-flow\"><\/div>\n<\/div>\n\n\n\n<div class=\"wp-block-columns is-layout-flex wp-container-core-columns-is-layout-9d6595d7 wp-block-columns-is-layout-flex\">\n<div class=\"wp-block-column is-layout-flow wp-block-column-is-layout-flow\">\n<figure class=\"wp-block-table\">\n<table class=\"has-fixed-layout\">\n<tbody>\n<tr>\n<td class=\"has-text-align-center\" data-align=\"center\"><strong><span class=\"has-inline-color has-vivid-cyan-blue-color\">LighTram 12 Plug<\/span><\/strong><\/td>\n<td class=\"has-text-align-center\" data-align=\"center\">\u00a0<\/td>\n<\/tr>\n<tr>\n<td class=\"has-text-align-center\" data-align=\"center\">Num\u00e9ro de parc<\/td>\n<td class=\"has-text-align-center\" data-align=\"center\">S 07 01 HS<\/td>\n<\/tr>\n<tr>\n<td class=\"has-text-align-center\" data-align=\"center\">Motorisation<\/td>\n<td class=\"has-text-align-center\" data-align=\"center\"><img loading=\"lazy\" decoding=\"async\" class=\"alignnone size-full wp-image-628\" src=\"https:\/\/seal.transport-manager.net\/puck\/wp-content\/uploads\/sites\/55\/2022\/02\/tmelec.png\" alt=\"\" width=\"49\" height=\"49\" \/> <img decoding=\"async\" class=\"wp-image-273\" style=\"width: 43px\" src=\"https:\/\/seal.transport-manager.net\/puck\/wp-content\/uploads\/sites\/55\/2021\/08\/tmmotorhybride.png\" alt=\"\" \/>198 KWh<\/td>\n<\/tr>\n<tr>\n<td class=\"has-text-align-center\" data-align=\"center\">Nombre de places<\/td>\n<td class=\"has-text-align-center\" data-align=\"center\">103<\/td>\n<\/tr>\n<tr>\n<td class=\"has-text-align-center\" data-align=\"center\">Immatriculation<\/td>\n<td class=\"has-text-align-center\" data-align=\"center\"><img loading=\"lazy\" decoding=\"async\" class=\"alignnone size-full wp-image-653\" src=\"https:\/\/seal.transport-manager.net\/puck\/wp-content\/uploads\/sites\/55\/2022\/02\/tmid35.png\" alt=\"\" width=\"254\" height=\"60\" \/><img decoding=\"async\" class=\"wp-image-283\" style=\"width: 150px\" src=\"https:\/\/seal.transport-manager.net\/puck\/wp-content\/uploads\/sites\/55\/2021\/08\/tmid15.png\" alt=\"\" \/><\/td>\n<\/tr>\n<tr>\n<td class=\"has-text-align-center\" data-align=\"center\">Mise en service<\/td>\n<td class=\"has-text-align-center\" data-align=\"center\">10.05.2021<\/td>\n<\/tr>\n<tr>\n<td class=\"has-text-align-center\" data-align=\"center\">Derni\u00e8re r\u00e9vision<\/td>\n<td class=\"has-text-align-center\" data-align=\"center\"><span class=\"has-inline-color has-vivid-red-color\"><strong>aucune<\/strong><\/span><\/td>\n<\/tr>\n<tr>\n<td class=\"has-text-align-center\" data-align=\"center\">Prochain CT<\/td>\n<td class=\"has-text-align-center\" data-align=\"center\"><strong><span style=\"color: #27a64d\">14.11.2023<\/span><\/strong><\/td>\n<\/tr>\n<tr>\n<td class=\"has-text-align-center\" data-align=\"center\">Etat<\/td>\n<td class=\"has-text-align-center\" data-align=\"center\"><span class=\"has-inline-color\" style=\"color: #27a64d\"><strong>en service<\/strong><\/span><\/td>\n<\/tr>\n<tr>\n<td class=\"has-text-align-center\" data-align=\"center\">Girouettes<\/td>\n<td class=\"has-text-align-center\" data-align=\"center\"><img decoding=\"async\" class=\"wp-image-284\" style=\"width: 150px\" src=\"https:\/\/seal.transport-manager.net\/puck\/wp-content\/uploads\/sites\/55\/2021\/08\/tmgirouette.png\" alt=\"\" \/><\/td>\n<\/tr>\n<tr>\n<td class=\"has-text-align-center\" data-align=\"center\">Billettique<\/td>\n<td class=\"has-text-align-center\" data-align=\"center\"><img loading=\"lazy\" decoding=\"async\" class=\"alignnone size-full wp-image-1377\" src=\"https:\/\/seal.transport-manager.net\/puck\/wp-content\/uploads\/sites\/55\/2023\/04\/tmpuce.png\" alt=\"\" width=\"118\" height=\"162\" \/><\/td>\n<\/tr>\n<\/tbody>\n<\/table>\n<\/figure>\n<\/div>\n<\/div>\n\n\n<h4 style=\"text-align: center\"><span style=\"color: #000080\"><strong>Option PMR <img loading=\"lazy\" decoding=\"async\" class=\"alignnone size-full wp-image-1133\" src=\"https:\/\/seal.transport-manager.net\/puck\/wp-content\/uploads\/sites\/55\/2022\/11\/handicap.jpg\" alt=\"\" width=\"100\" height=\"74\"><\/strong><\/span><\/h4>\n\n\n<figure class=\"wp-block-table\"><table class=\"has-fixed-layout\"><tbody><tr><td>Agenouillement <\/td><td class=\"has-text-align-center\" data-align=\"center\"><span style=\"color:#27a64d\" class=\"has-inline-color\"><strong>Oui<\/strong><\/span><\/td><\/tr><tr><td>Emplacement UFR<\/td><td class=\"has-text-align-center\" data-align=\"center\"><strong><span style=\"color:#27a64d\" class=\"has-inline-color\">Oui<\/span><\/strong><\/td><\/tr><tr><td>Plateforme r\u00e9tractable <\/td><td class=\"has-text-align-center\" data-align=\"center\">\u00e9lectrique<\/td><\/tr><\/tbody><\/table><\/figure>\n\n\n<h4 style=\"text-align: center\"><span style=\"color: #000080\"><strong>Options d&rsquo;usine <img loading=\"lazy\" decoding=\"async\" class=\"alignnone size-full wp-image-1135\" src=\"https:\/\/seal.transport-manager.net\/puck\/wp-content\/uploads\/sites\/55\/2022\/11\/usine.jpg\" alt=\"\" width=\"100\" height=\"99\"><\/strong><\/span><\/h4>\n\n\n<figure class=\"wp-block-table\"><table class=\"has-fixed-layout\"><tbody><tr><td>Climatisation<\/td><td class=\"has-text-align-center\" data-align=\"center\"><strong><mark style=\"background-color:var(--base-3);color:#04b11e\" class=\"has-inline-color\">Oui<\/mark><\/strong><\/td><\/tr><tr><td>Portes<\/td><td class=\"has-text-align-center\" data-align=\"center\">2 \u00e9lectriques<\/td><\/tr><tr><td>Pr\u00e9 c\u00e2blage self service <\/td><td class=\"has-text-align-center\" data-align=\"center\"><strong><mark style=\"background-color:var(--base-3);color:#049c15\" class=\"has-inline-color\">Oui<\/mark><\/strong><\/td><\/tr><tr><td>Vitre anti-agression<\/td><td class=\"has-text-align-center\" data-align=\"center\"><strong><mark style=\"background-color:var(--base-3);color:#05ae2f\" class=\"has-inline-color\">Oui<\/mark><\/strong><\/td><\/tr><tr><td>Vitres teint\u00e9es<\/td><td class=\"has-text-align-center\" data-align=\"center\"><strong><mark style=\"background-color:var(--base-3);color:#039a3e\" class=\"has-inline-color\">Oui<\/mark><\/strong><\/td><\/tr><tr><td>Baies basses<\/td><td class=\"has-text-align-center\" data-align=\"center\"><strong><span class=\"has-inline-color has-vivid-red-color\">Non<\/span><\/strong><\/td><\/tr><\/tbody><\/table><\/figure>\n\n\n<h4 style=\"text-align: center\"><span style=\"color: #000080\"><strong>Options d&rsquo;atelier<\/strong><\/span> <img loading=\"lazy\" decoding=\"async\" class=\"alignnone size-full wp-image-1136\" src=\"https:\/\/seal.transport-manager.net\/puck\/wp-content\/uploads\/sites\/55\/2022\/11\/cle.jpg\" alt=\"\" width=\"100\" height=\"100\"><\/h4>\n\n\n<figure class=\"wp-block-table\"><table class=\"has-fixed-layout\"><tbody><tr><td>Balise priorit\u00e9 feu<\/td><td class=\"has-text-align-center\" data-align=\"center\"><span class=\"has-inline-color has-vivid-red-color\"><strong>Non<\/strong><\/span><\/td><\/tr><tr><td>Bouton self-service<\/td><td class=\"has-text-align-center\" data-align=\"center\"><span class=\"has-inline-color has-vivid-red-color\"><strong>Non<\/strong><\/span><\/td><\/tr><tr><td>Bouton arr\u00eats demand\u00e9s suppl\u00e9mentaire<\/td><td class=\"has-text-align-center\" data-align=\"center\"><span class=\"has-inline-color has-vivid-red-color\"><strong>Non<\/strong><\/span><\/td><\/tr><tr><td>Cam\u00e9ra de vid\u00e9o-protection<\/td><td class=\"has-text-align-center\" data-align=\"center\"><span class=\"has-inline-color has-vivid-red-color\"><strong>Non<\/strong><\/span><\/td><\/tr><tr><td>Panneau pub arri\u00e8re<\/td><td class=\"has-text-align-center\" data-align=\"center\"><strong><span style=\"color:#27a64d\" class=\"has-inline-color\">Oui<\/span><\/strong><\/td><\/tr><tr><td>Panneau pub avant<\/td><td class=\"has-text-align-center\" data-align=\"center\"><strong><span style=\"color:#27a64d\" class=\"has-inline-color\">Oui<\/span><\/strong><\/td><\/tr><tr><td>Panneau pub lat\u00e9ral<\/td><td class=\"has-text-align-center\" data-align=\"center\"><strong><span style=\"color:#27a64d\" class=\"has-inline-color\">Oui<\/span><\/strong><\/td><\/tr><tr><td>Ethylotest anti-d\u00e9marrage<\/td><td class=\"has-text-align-center\" data-align=\"center\"><span class=\"has-inline-color has-vivid-red-color\"><strong>Non<\/strong><\/span><\/td><\/tr><tr><td>Radio FM<\/td><td class=\"has-text-align-center\" data-align=\"center\"><strong><mark style=\"background-color:var(--base-3);color:#05a51c\" class=\"has-inline-color\">Oui<\/mark><\/strong><\/td><\/tr><tr><td>Wifi<\/td><td class=\"has-text-align-center\" data-align=\"center\"><span class=\"has-inline-color has-vivid-red-color\"><strong>Non<\/strong><\/span><\/td><\/tr><tr><td>Port USB<\/td><td class=\"has-text-align-center\" data-align=\"center\"><span class=\"has-inline-color has-vivid-red-color\"><strong>Non<\/strong><\/span><\/td><\/tr><\/tbody><\/table><\/figure>\n\n\n<h4 style=\"text-align: center\"><span style=\"color: #000080\"><strong>Options SAIEV<\/strong><\/span><\/h4>\n\n\n<figure class=\"wp-block-table\"><table class=\"has-fixed-layout\"><tbody><tr><td>Bandeau lumineux<\/td><td class=\"has-text-align-center\" data-align=\"center\"><span style=\"color:#27a64d\" class=\"has-inline-color\"><strong>Oui<\/strong><\/span><\/td><\/tr><tr><td>Ecran TFT<\/td><td class=\"has-text-align-center\" data-align=\"center\"><span style=\"color:#27a64d\" class=\"has-inline-color\"><strong>Oui<\/strong><\/span><\/td><\/tr><tr><td>Haut-parleur<\/td><td class=\"has-text-align-center\" data-align=\"center\"><span style=\"color:#27a64d\" class=\"has-inline-color\"><strong>Oui<\/strong><\/span><\/td><\/tr><tr><td>Pupitre conducteur<\/td><td class=\"has-text-align-center\" data-align=\"center\"><span style=\"color:#27a64d\" class=\"has-inline-color\"><strong>Oui<\/strong><\/span><\/td><\/tr><tr><td>T\u00e9l\u00e9phone radio<\/td><td class=\"has-text-align-center\" data-align=\"center\"><strong><span style=\"color:#27a64d\" class=\"has-inline-color\">Oui<\/span><\/strong><\/td><\/tr><\/tbody><\/table><\/figure>\n\n\n\n<div class=\"wp-block-columns is-layout-flex wp-container-core-columns-is-layout-9d6595d7 wp-block-columns-is-layout-flex\">\n<div class=\"wp-block-column is-layout-flow wp-block-column-is-layout-flow\">\n<figure class=\"wp-block-table\"><table class=\"has-fixed-layout\"><tbody><tr><td class=\"has-text-align-center\" data-align=\"center\">\n<strong><mark style=\"background-color:var(--base-3)\" class=\"has-inline-color has-accent-color\">LighTram 12 Plug<\/mark>\n<\/strong><\/td><td class=\"has-text-align-center\" data-align=\"center\"><\/td><\/tr><tr><td class=\"has-text-align-center\" data-align=\"center\">Num\u00e9ro de parc<\/td><td class=\"has-text-align-center\" data-align=\"center\">S 07 02 HS<\/td><\/tr><tr><td class=\"has-text-align-center\" data-align=\"center\">Motorisation<\/td><td class=\"has-text-align-center\" data-align=\"center\"><img loading=\"lazy\" decoding=\"async\" width=\"49\" height=\"49\" class=\"wp-image-628\" style=\"width: 49px\" src=\"https:\/\/seal.transport-manager.net\/puck\/wp-content\/uploads\/sites\/55\/2022\/02\/tmelec.png\" alt=\"\"> 198 KWh<\/td><\/tr><tr><td class=\"has-text-align-center\" data-align=\"center\">Nombre de places<\/td><td class=\"has-text-align-center\" data-align=\"center\">103<\/td><\/tr><tr><td class=\"has-text-align-center\" data-align=\"center\">Immatriculation<\/td><td class=\"has-text-align-center\" data-align=\"center\"><img decoding=\"async\" class=\"wp-image-653\" style=\"width: 150px\" src=\"https:\/\/seal.transport-manager.net\/puck\/wp-content\/uploads\/sites\/55\/2022\/02\/tmid36.png\" alt=\"\"><\/td><\/tr><tr><td class=\"has-text-align-center\" data-align=\"center\">Mise en service<\/td><td class=\"has-text-align-center\" data-align=\"center\">10.05.2021<\/td><\/tr><tr><td class=\"has-text-align-center\" data-align=\"center\">Derni\u00e8re r\u00e9vision<\/td><td class=\"has-text-align-center\" data-align=\"center\">\n<strong><span class=\"has-inline-color has-vivid-red-color\">aucune<\/span><\/strong><\/td><\/tr><tr><td class=\"has-text-align-center\" data-align=\"center\">Prochain CT<\/td><td class=\"has-text-align-center\" data-align=\"center\"> <strong><mark style=\"background-color:var(--base-3);color:#27a64d\" class=\"has-inline-color\">14.11.202<\/mark><\/strong>3<\/td><\/tr><tr><td class=\"has-text-align-center\" data-align=\"center\">Etat<\/td><td class=\"has-text-align-center\" data-align=\"center\"><span style=\"color:#27a64d\" class=\"has-inline-color\"><strong>en service<\/strong><\/span><\/td><\/tr><tr><td class=\"has-text-align-center\" data-align=\"center\">Girouettes<\/td><td class=\"has-text-align-center\" data-align=\"center\"><img loading=\"lazy\" decoding=\"async\" width=\"202\" height=\"26\" class=\"wp-image-284\" style=\"width: 150px\" src=\"https:\/\/seal.transport-manager.net\/puck\/wp-content\/uploads\/sites\/55\/2021\/08\/tmgirouette2.png\" alt=\"\"><\/td><\/tr><tr><td class=\"has-text-align-center\" data-align=\"center\">Billetique<\/td><td class=\"has-text-align-center\" data-align=\"center\"><img loading=\"lazy\" decoding=\"async\" width=\"118\" height=\"162\" class=\"wp-image-1377\" style=\"width: 118px\" src=\"https:\/\/seal.transport-manager.net\/puck\/wp-content\/uploads\/sites\/55\/2023\/04\/tmpuce.png\" alt=\"\"><\/td><\/tr><\/tbody><\/table><\/figure>\n\n\n\n<h4 style=\"text-align: center\"><span style=\"color: #000080\"><strong>Options PMR <img loading=\"lazy\" decoding=\"async\" class=\"alignnone size-full wp-image-1133\" src=\"https:\/\/seal.transport-manager.net\/puck\/wp-content\/uploads\/sites\/55\/2022\/11\/handicap.jpg\" alt=\"\" width=\"100\" height=\"74\"><\/strong><\/span><\/h4>\n<\/div>\n<\/div>\n\n\n\n<div class=\"wp-block-columns is-layout-flex wp-container-core-columns-is-layout-9d6595d7 wp-block-columns-is-layout-flex\">\n<div class=\"wp-block-column is-layout-flow wp-block-column-is-layout-flow\"><\/div>\n<\/div>\n\n\n\n<figure class=\"wp-block-table\"><table class=\"has-fixed-layout\"><tbody><tr><td>Agenouillement <\/td><td class=\"has-text-align-center\" data-align=\"center\"><span style=\"color:#27a64d\" class=\"has-inline-color\"><strong>Oui<\/strong><\/span><\/td><\/tr><tr><td>Emplacement UFR<\/td><td class=\"has-text-align-center\" data-align=\"center\"><strong><span style=\"color:#27a64d\" class=\"has-inline-color\">Oui<\/span><\/strong><\/td><\/tr><tr><td>Plateforme r\u00e9tractable <\/td><td class=\"has-text-align-center\" data-align=\"center\">\u00e9lectrique<\/td><\/tr><\/tbody><\/table><\/figure>\n\n\n<h4 style=\"text-align: center\"><span style=\"color: #000080\"><strong>Options d&rsquo;usine <img loading=\"lazy\" decoding=\"async\" class=\"alignnone size-full wp-image-1135\" src=\"https:\/\/seal.transport-manager.net\/puck\/wp-content\/uploads\/sites\/55\/2022\/11\/usine.jpg\" alt=\"\" width=\"100\" height=\"99\"><\/strong><\/span><\/h4>\n\n\n<figure class=\"wp-block-table\"><table class=\"has-fixed-layout\"><tbody><tr><td>Climatisation<\/td><td class=\"has-text-align-center\" data-align=\"center\"><strong><mark style=\"background-color:var(--base-3);color:#03ae34\" class=\"has-inline-color\">Oui<\/mark><\/strong><\/td><\/tr><tr><td>Portes<\/td><td class=\"has-text-align-center\" data-align=\"center\">2 \u00e9lectrique<\/td><\/tr><tr><td>Pr\u00e9 c\u00e2blage self service <\/td><td class=\"has-text-align-center\" data-align=\"center\"><strong><mark style=\"background-color:var(--base-3);color:#03a030\" class=\"has-inline-color\">Oui<\/mark><\/strong><\/td><\/tr><tr><td>Vitre anti-agression<\/td><td class=\"has-text-align-center\" data-align=\"center\"><strong><mark style=\"background-color:var(--base-3);color:#049a10\" class=\"has-inline-color\">Oui<\/mark><\/strong><\/td><\/tr><tr><td>Vitres teint\u00e9es<\/td><td class=\"has-text-align-center\" data-align=\"center\"><strong><mark style=\"background-color:var(--base-3);color:#02a01e\" class=\"has-inline-color\">Oui<\/mark><\/strong><\/td><\/tr><tr><td>Baies basses<\/td><td class=\"has-text-align-center\" data-align=\"center\"><strong><span class=\"has-inline-color has-vivid-red-color\">Non<\/span><\/strong><\/td><\/tr><\/tbody><\/table><figcaption><\/figure>\n\n\n<h4 style=\"text-align: center\"><span style=\"color: #000080\"><strong>Options d&rsquo;atelier<\/strong><\/span> <img loading=\"lazy\" decoding=\"async\" class=\"alignnone size-full wp-image-1136\" src=\"https:\/\/seal.transport-manager.net\/puck\/wp-content\/uploads\/sites\/55\/2022\/11\/cle.jpg\" alt=\"\" width=\"100\" height=\"100\"><\/h4>\n\n\n<figure class=\"wp-block-table\"><table class=\"has-fixed-layout\"><tbody><tr><td>Balise priorit\u00e9 feu<\/td><td class=\"has-text-align-center\" data-align=\"center\"><span class=\"has-inline-color has-vivid-red-color\"><strong>Non<\/strong><\/span><\/td><\/tr><tr><td>Bouton self-service<\/td><td class=\"has-text-align-center\" data-align=\"center\"><span class=\"has-inline-color has-vivid-red-color\"><strong>Non<\/strong><\/span><\/td><\/tr><tr><td>Bouton arr\u00eats demand\u00e9s suppl\u00e9mentaire<\/td><td class=\"has-text-align-center\" data-align=\"center\"><span class=\"has-inline-color has-vivid-red-color\"><strong>Non<\/strong><\/span><\/td><\/tr><tr><td>Cam\u00e9ra de vid\u00e9o-protection<\/td><td class=\"has-text-align-center\" data-align=\"center\"><span class=\"has-inline-color has-vivid-red-color\"><strong>Non<\/strong><\/span><\/td><\/tr><tr><td>Panneau pub arri\u00e8re<\/td><td class=\"has-text-align-center\" data-align=\"center\"><strong><span style=\"color:#27a64d\" class=\"has-inline-color\">Oui<\/span><\/strong><\/td><\/tr><tr><td>Panneau pub avant<\/td><td class=\"has-text-align-center\" data-align=\"center\"><strong><span style=\"color:#27a64d\" class=\"has-inline-color\">Oui<\/span><\/strong><\/td><\/tr><tr><td>Panneau pub lat\u00e9ral<\/td><td class=\"has-text-align-center\" data-align=\"center\"><strong><span style=\"color:#27a64d\" class=\"has-inline-color\">Oui<\/span><\/strong><\/td><\/tr><tr><td>Ethylotest anti-d\u00e9marrage<\/td><td class=\"has-text-align-center\" data-align=\"center\"><span class=\"has-inline-color has-vivid-red-color\"><strong>Non<\/strong><\/span><\/td><\/tr><tr><td>Radio FM<\/td><td class=\"has-text-align-center\" data-align=\"center\"><span class=\"has-inline-color has-vivid-red-color\"><strong>Non<\/strong><\/span><\/td><\/tr><tr><td>Wifi<\/td><td class=\"has-text-align-center\" data-align=\"center\"><span class=\"has-inline-color has-vivid-red-color\"><strong>Non<\/strong><\/span><\/td><\/tr><tr><td>Port USB<\/td><td class=\"has-text-align-center\" data-align=\"center\"><span class=\"has-inline-color has-vivid-red-color\"><strong>Non<\/strong><\/span><\/td><\/tr><\/tbody><\/table><\/figure>\n\n\n<h4 style=\"text-align: center\"><span style=\"color: #000080\"><strong>Options SAIEV&nbsp;<\/strong><\/span><\/h4>\n\n\n<figure class=\"wp-block-table\"><table class=\"has-fixed-layout\"><tbody><tr><td>Bandeau lumineux<\/td><td class=\"has-text-align-center\" data-align=\"center\"><span style=\"color:#27a64d\" class=\"has-inline-color\"><strong>Oui<\/strong><\/span><\/td><\/tr><tr><td>Ecran TFT<\/td><td class=\"has-text-align-center\" data-align=\"center\"><span style=\"color:#27a64d\" class=\"has-inline-color\"><strong>Oui<\/strong><\/span><\/td><\/tr><tr><td>Haut-parleur<\/td><td class=\"has-text-align-center\" data-align=\"center\"><span style=\"color:#27a64d\" class=\"has-inline-color\"><strong>Oui<\/strong><\/span><\/td><\/tr><tr><td>Pupitre conducteur<\/td><td class=\"has-text-align-center\" data-align=\"center\"><span style=\"color:#27a64d\" class=\"has-inline-color\"><strong>Oui<\/strong><\/span><\/td><\/tr><tr><td>T\u00e9l\u00e9phone radio<\/td><td class=\"has-text-align-center\" data-align=\"center\"><strong><span style=\"color:#27a64d\" class=\"has-inline-color\">Oui<\/span><\/strong><\/td><\/tr><\/tbody><\/table><\/figure>\n","protected":false},"excerpt":{"rendered":"<p>LighTram 12 Plug \u00a0 Num\u00e9ro de parc S 07 01 HS Motorisation 198 KWh Nombre de places 103 Immatriculation Mise en service 10.05.2021 Derni\u00e8re r\u00e9vision aucune Prochain CT 14.11.2023 Etat &#8230; <a title=\"Hess LighTram 12 Plug\" class=\"read-more\" href=\"https:\/\/seal.transport-manager.net\/puck\/hess-lightram-12-plug\/\" aria-label=\"En savoir plus sur Hess LighTram 12 Plug\">Lire la suite<\/a><\/p>\n","protected":false},"author":55,"featured_media":0,"parent":0,"menu_order":0,"comment_status":"closed","ping_status":"closed","template":"","meta":{"footnotes":""},"class_list":["post-652","page","type-page","status-publish"],"_links":{"self":[{"href":"https:\/\/seal.transport-manager.net\/puck\/wp-json\/wp\/v2\/pages\/652","targetHints":{"allow":["GET"]}}],"collection":[{"href":"https:\/\/seal.transport-manager.net\/puck\/wp-json\/wp\/v2\/pages"}],"about":[{"href":"https:\/\/seal.transport-manager.net\/puck\/wp-json\/wp\/v2\/types\/page"}],"author":[{"embeddable":true,"href":"https:\/\/seal.transport-manager.net\/puck\/wp-json\/wp\/v2\/users\/55"}],"replies":[{"embeddable":true,"href":"https:\/\/seal.transport-manager.net\/puck\/wp-json\/wp\/v2\/comments?post=652"}],"version-history":[{"count":42,"href":"https:\/\/seal.transport-manager.net\/puck\/wp-json\/wp\/v2\/pages\/652\/revisions"}],"predecessor-version":[{"id":1451,"href":"https:\/\/seal.transport-manager.net\/puck\/wp-json\/wp\/v2\/pages\/652\/revisions\/1451"}],"wp:attachment":[{"href":"https:\/\/seal.transport-manager.net\/puck\/wp-json\/wp\/v2\/media?parent=652"}],"curies":[{"name":"wp","href":"https:\/\/api.w.org\/{rel}","templated":true}]}}