{"id":414,"date":"2024-10-07T23:08:52","date_gmt":"2024-10-07T23:08:52","guid":{"rendered":"https:\/\/seal.transport-manager.net\/retho\/?page_id=414"},"modified":"2024-10-07T23:23:01","modified_gmt":"2024-10-07T23:23:01","slug":"tad","status":"publish","type":"page","link":"https:\/\/seal.transport-manager.net\/retho\/tad\/","title":{"rendered":"Transport \u00e0 la Demande : Ligne 901 &amp; 902"},"content":{"rendered":"\n<figure class=\"wp-block-image size-large is-resized\"><img loading=\"lazy\" decoding=\"async\" width=\"1024\" height=\"335\" src=\"https:\/\/seal.transport-manager.net\/retho\/wp-content\/uploads\/sites\/259\/2024\/10\/TAD901-1024x335.png\" alt=\"\" class=\"wp-image-415\" style=\"width:1450px;height:auto\" srcset=\"https:\/\/seal.transport-manager.net\/retho\/wp-content\/uploads\/sites\/259\/2024\/10\/TAD901-1024x335.png 1024w, https:\/\/seal.transport-manager.net\/retho\/wp-content\/uploads\/sites\/259\/2024\/10\/TAD901-300x98.png 300w, https:\/\/seal.transport-manager.net\/retho\/wp-content\/uploads\/sites\/259\/2024\/10\/TAD901-768x251.png 768w, https:\/\/seal.transport-manager.net\/retho\/wp-content\/uploads\/sites\/259\/2024\/10\/TAD901-1536x503.png 1536w, https:\/\/seal.transport-manager.net\/retho\/wp-content\/uploads\/sites\/259\/2024\/10\/TAD901-1232x403.png 1232w\" sizes=\"auto, (max-width: 1024px) 100vw, 1024px\" \/><\/figure>\n\n\n\n<figure class=\"wp-block-image size-full is-resized\"><img loading=\"lazy\" decoding=\"async\" width=\"16384\" height=\"2910\" src=\"https:\/\/seal.transport-manager.net\/retho\/wp-content\/uploads\/sites\/259\/2024\/10\/TAD902.png\" alt=\"\" class=\"wp-image-408\" style=\"width:1450px;height:auto\" \/><\/figure>\n\n\n\n<h3 class=\"wp-block-heading\">Le Service ne fonctionne que sur demande en r\u00e9servant les cr\u00e9neaux en journ\u00e9e via notre site internet ou bien en agence. Merci de s&rsquo;y prendre maximum 1 jour avant.<\/h3>\n\n\n\n<h1 class=\"wp-block-heading has-text-align-center\"><strong><em>R\u00e9servez ici : <a href=\"https:\/\/forms.gle\/f8ZwLGbb2wK4KAiX6\" data-type=\"link\" data-id=\"https:\/\/forms.gle\/f8ZwLGbb2wK4KAiX6\">Ligne 901 <\/a> \/ <a href=\"https:\/\/forms.gle\/opnmpk8u3Y75RJWBA\" data-type=\"link\" data-id=\"https:\/\/forms.gle\/opnmpk8u3Y75RJWBA\">Ligne 902<\/a><\/em><\/strong><\/h1>\n\n\n\n<p><\/p>\n","protected":false},"excerpt":{"rendered":"<p>Le Service ne fonctionne que sur demande en r\u00e9servant les cr\u00e9neaux en journ\u00e9e via notre site internet ou bien en agence. Merci de s&rsquo;y prendre maximum 1 jour avant. R\u00e9servez&nbsp;&hellip;<\/p>\n","protected":false},"author":246,"featured_media":0,"parent":0,"menu_order":0,"comment_status":"open","ping_status":"closed","template":"","meta":{"footnotes":""},"class_list":["post-414","page","type-page","status-publish","hentry"],"_links":{"self":[{"href":"https:\/\/seal.transport-manager.net\/retho\/wp-json\/wp\/v2\/pages\/414","targetHints":{"allow":["GET"]}}],"collection":[{"href":"https:\/\/seal.transport-manager.net\/retho\/wp-json\/wp\/v2\/pages"}],"about":[{"href":"https:\/\/seal.transport-manager.net\/retho\/wp-json\/wp\/v2\/types\/page"}],"author":[{"embeddable":true,"href":"https:\/\/seal.transport-manager.net\/retho\/wp-json\/wp\/v2\/users\/246"}],"replies":[{"embeddable":true,"href":"https:\/\/seal.transport-manager.net\/retho\/wp-json\/wp\/v2\/comments?post=414"}],"version-history":[{"count":2,"href":"https:\/\/seal.transport-manager.net\/retho\/wp-json\/wp\/v2\/pages\/414\/revisions"}],"predecessor-version":[{"id":420,"href":"https:\/\/seal.transport-manager.net\/retho\/wp-json\/wp\/v2\/pages\/414\/revisions\/420"}],"wp:attachment":[{"href":"https:\/\/seal.transport-manager.net\/retho\/wp-json\/wp\/v2\/media?parent=414"}],"curies":[{"name":"wp","href":"https:\/\/api.w.org\/{rel}","templated":true}]}}