{"id":578,"date":"2022-04-24T23:01:06","date_gmt":"2022-04-24T21:01:06","guid":{"rendered":"https:\/\/seal.transport-manager.net\/st96204\/?page_id=578"},"modified":"2025-10-20T21:21:38","modified_gmt":"2025-10-20T19:21:38","slug":"bus-en-vente","status":"publish","type":"page","link":"https:\/\/seal.transport-manager.net\/st96204\/bus-en-vente\/","title":{"rendered":"Espace de Vente"},"content":{"rendered":"\n<p>Bienvenue sur l&rsquo;espace de vente de v\u00e9hicules de la soci\u00e9t\u00e9 ST Transport. Nous mettons r\u00e9guli\u00e8rement des v\u00e9hicule de transports en ventes en occasion ayant circul\u00e9 sur le r\u00e9seau ST Transport, qu&rsquo;il peuvent \u00eatre r\u00e9utilis\u00e9 par d&rsquo;autres transporteurs sur d&rsquo;autres r\u00e9seaux.<\/p>\n\n\n\n<p>Au niveaux du fonctionnement de la vente de v\u00e9hicules de ST transports, les v\u00e9hicules qui seront bient\u00f4t en vente commenceront \u00e0 s&rsquo;afficher dans le tableau ci dessous. <\/p>\n\n\n\n<div class=\"wp-block-buttons is-content-justification-center is-layout-flex wp-container-core-buttons-is-layout-16018d1d wp-block-buttons-is-layout-flex\">\n<div class=\"wp-block-button\"><a class=\"wp-block-button__link has-text-align-center wp-element-button\" href=\"https:\/\/docs.google.com\/spreadsheets\/d\/1fenNoe8L-n4NzR1dspDa9xGJbOV_ZzKp\/edit?usp=sharing&amp;ouid=114436955129243029883&amp;rtpof=true&amp;sd=true\">V\u00e9hicules Disponibles<\/a><\/div>\n<\/div>\n\n\n\n<p>Les v\u00e9hicules en vente auront plusieurs statuts de disponibilit\u00e9 \u00e0 la vente :<\/p>\n\n\n\n<ul class=\"wp-block-list\">\n<li><mark style=\"background-color:#e29f24\" class=\"has-inline-color has-white-color\"><strong>BIENTOT DISPONIBLE<\/strong><\/mark> : Le v\u00e9hicule va \u00eatre bient\u00f4t \u00eatre mis en vente, vous pouvez consulter les informations sur le v\u00e9hicule. Toutes r\u00e9servations du v\u00e9hicule ayant ce statut n&rsquo;est pas disponible, une date de disponibilit\u00e9 du v\u00e9hicule sera indiqu\u00e9.<\/li>\n\n\n\n<li><strong><mark style=\"background-color:#32e019\" class=\"has-inline-color has-white-color\">RESERVATION DISPONIBLE<\/mark><\/strong> : Le v\u00e9hicule est disponible en r\u00e9servation uniquement, vous pouvez le r\u00e9server a partir du formulaire qui se trouve en bas de la page. Vous devez indiquer les informations indiqu\u00e9 par le formulaire, la r\u00e9ponse \u00e0 la demande sera trait\u00e9 durant les prochains jours.<\/li>\n\n\n\n<li><mark style=\"background-color:#49a602\" class=\"has-inline-color has-white-color\"><strong>DISPONIBLE AU HDV<\/strong><\/mark> : Le v\u00e9hicule est disponible \u00e0 l&rsquo;achat dans le Hall de Vente.<\/li>\n\n\n\n<li><strong><mark style=\"background-color:#ff0000\" class=\"has-inline-color has-white-color\">RESERVE<\/mark> <\/strong>: Le v\u00e9hicule a \u00e9t\u00e9 r\u00e9serv\u00e9 \u00e0 un joueur.<\/li>\n\n\n\n<li><mark style=\"background-color:#000cff\" class=\"has-inline-color has-white-color\"><strong>VENDU AUX ENCHERES<\/strong><\/mark> : Le v\u00e9hicule sera vendu aux ench\u00e8res, un date de d\u00e9but et de fin de l&rsquo;ench\u00e8re sera indiqu\u00e9 avec un prix de base.<\/li>\n\n\n\n<li><mark style=\"background-color:#000000\" class=\"has-inline-color has-white-color\"><strong>VENDU<\/strong><\/mark> : Le v\u00e9hicule a \u00e9t\u00e9 vendu \u00e0 un joueur.<\/li>\n<\/ul>\n\n\n\n<p>Aux niveaux des r\u00e9servations, le premier qui r\u00e9serve sera le premier servi. Les prix d\u00e9finit des bus en dessous de 100 000 \u20ac ne seront pas n\u00e9gociable. Une fois que le bus r\u00e9serv\u00e9 est disponible, vous serez notifi\u00e9 et aurez <strong>7 jours <\/strong>de d\u00e9lai pour r\u00e9cup\u00e9rer le bus sur le hall de vente, pass\u00e9 ce d\u00e9lai le v\u00e9hicule ne sera plus r\u00e9serv\u00e9 et sera disponible dans le Hall de Vente.<\/p>\n\n\n\n<div class=\"wp-block-buttons is-content-justification-center is-layout-flex wp-container-core-buttons-is-layout-16018d1d wp-block-buttons-is-layout-flex\">\n<div class=\"wp-block-button is-style-fill\"><a class=\"wp-block-button__link has-white-color has-background-color-background-color has-text-color has-background wp-element-button\" href=\"https:\/\/docs.google.com\/forms\/d\/e\/1FAIpQLScLPma1ZvAXmugWRltM-GWXXrFXGcG9a8tLBiCjp09UUmw6dg\/viewform?usp=sharing&amp;ouid=114436955129243029883\">Formulaire de R\u00e9servation<\/a><\/div>\n<\/div>\n\n\n\n<br>\n","protected":false},"excerpt":{"rendered":"<p>Bienvenue sur l&rsquo;espace de vente de v\u00e9hicules de la soci\u00e9t\u00e9 ST Transport. Nous mettons r\u00e9guli\u00e8rement des v\u00e9hicule de transports en ventes en occasion ayant circul\u00e9 sur le r\u00e9seau ST Transport,&nbsp;&hellip;<\/p>\n","protected":false},"author":91,"featured_media":625,"parent":0,"menu_order":0,"comment_status":"closed","ping_status":"closed","template":"","meta":{"footnotes":""},"class_list":["post-578","page","type-page","status-publish","has-post-thumbnail","hentry"],"_links":{"self":[{"href":"https:\/\/seal.transport-manager.net\/st96204\/wp-json\/wp\/v2\/pages\/578","targetHints":{"allow":["GET"]}}],"collection":[{"href":"https:\/\/seal.transport-manager.net\/st96204\/wp-json\/wp\/v2\/pages"}],"about":[{"href":"https:\/\/seal.transport-manager.net\/st96204\/wp-json\/wp\/v2\/types\/page"}],"author":[{"embeddable":true,"href":"https:\/\/seal.transport-manager.net\/st96204\/wp-json\/wp\/v2\/users\/91"}],"replies":[{"embeddable":true,"href":"https:\/\/seal.transport-manager.net\/st96204\/wp-json\/wp\/v2\/comments?post=578"}],"version-history":[{"count":69,"href":"https:\/\/seal.transport-manager.net\/st96204\/wp-json\/wp\/v2\/pages\/578\/revisions"}],"predecessor-version":[{"id":2670,"href":"https:\/\/seal.transport-manager.net\/st96204\/wp-json\/wp\/v2\/pages\/578\/revisions\/2670"}],"wp:featuredmedia":[{"embeddable":true,"href":"https:\/\/seal.transport-manager.net\/st96204\/wp-json\/wp\/v2\/media\/625"}],"wp:attachment":[{"href":"https:\/\/seal.transport-manager.net\/st96204\/wp-json\/wp\/v2\/media?parent=578"}],"curies":[{"name":"wp","href":"https:\/\/api.w.org\/{rel}","templated":true}]}}