{"id":749,"date":"2021-08-28T16:52:57","date_gmt":"2021-08-28T14:52:57","guid":{"rendered":"https:\/\/seal.transport-manager.net\/test\/?page_id=749"},"modified":"2021-11-05T11:46:53","modified_gmt":"2021-11-05T10:46:53","slug":"twenty-twenty","status":"publish","type":"page","link":"https:\/\/seal.transport-manager.net\/test\/twenty-twenty\/","title":{"rendered":"Twenty Twenty"},"content":{"rendered":"\n<h5 class=\"wp-block-heading\">Th\u00e8me par WordPress<\/h5>\n\n\n\n<blockquote class=\"wp-block-quote is-layout-flow wp-block-quote-is-layout-flow\"><p>Notre th\u00e8me par d\u00e9faut pour 2020 est con\u00e7u pour tirer pleinement parti de la flexibilit\u00e9 de l\u2019\u00e9diteur de bloc. Les organisations et les entreprises ont la possibilit\u00e9 de cr\u00e9er des pages d\u2019atterrissage dynamiques avec des mises en page sans fin \u00e0 l\u2019aide des blocs de groupe et de colonne. La colonne de contenu centr\u00e9e et la typographie affin\u00e9e le rendent \u00e9galement parfait pour les blogs traditionnels. Les styles complets de l\u2019\u00e9diteur vous donnent une bonne id\u00e9e de ce \u00e0 quoi votre contenu ressemblera, avant m\u00eame de publier. Vous pouvez donner \u00e0 votre site une touche personnelle en changeant les couleurs d\u2019arri\u00e8re-plan et la couleur accentu\u00e9e dans l\u2019outil de personnalisation. Les couleurs de tous les \u00e9l\u00e9ments de votre site sont automatiquement calcul\u00e9es en fonction des couleurs que vous choisissez, assurant un contraste de couleurs \u00e9lev\u00e9 et accessible pour vos visiteurs.<\/p><\/blockquote>\n\n\n\n<div class=\"wp-block-image\"><figure class=\"aligncenter size-large is-resized\"><img loading=\"lazy\" decoding=\"async\" src=\"https:\/\/seal.transport-manager.net\/test\/wp-content\/uploads\/sites\/86\/2021\/08\/Twenty-Twenty--1024x610.png\" alt=\"\" class=\"wp-image-750\" width=\"512\" height=\"305\" srcset=\"https:\/\/seal.transport-manager.net\/test\/wp-content\/uploads\/sites\/86\/2021\/08\/Twenty-Twenty--1024x610.png 1024w, https:\/\/seal.transport-manager.net\/test\/wp-content\/uploads\/sites\/86\/2021\/08\/Twenty-Twenty--300x179.png 300w, https:\/\/seal.transport-manager.net\/test\/wp-content\/uploads\/sites\/86\/2021\/08\/Twenty-Twenty--768x457.png 768w, https:\/\/seal.transport-manager.net\/test\/wp-content\/uploads\/sites\/86\/2021\/08\/Twenty-Twenty--1536x915.png 1536w, https:\/\/seal.transport-manager.net\/test\/wp-content\/uploads\/sites\/86\/2021\/08\/Twenty-Twenty-.png 1550w\" sizes=\"auto, (max-width: 512px) 100vw, 512px\" \/><figcaption>Page d&rsquo;Accueil<\/figcaption><\/figure><\/div>\n\n\n\n<p class=\"has-text-align-center\"><\/p>\n\n\n\n<div style=\"height:20px\" aria-hidden=\"true\" class=\"wp-block-spacer\"><\/div>\n\n\n\n<h5 class=\"has-text-align-center wp-block-heading\">Personnalisation de th\u00e8me :<\/h5>\n\n\n\n<div class=\"wp-block-image\"><figure class=\"aligncenter size-large\"><img loading=\"lazy\" decoding=\"async\" width=\"345\" height=\"436\" src=\"https:\/\/seal.transport-manager.net\/test\/wp-content\/uploads\/sites\/86\/2021\/08\/Twenty-Twenty-1.png\" alt=\"\" class=\"wp-image-755\" srcset=\"https:\/\/seal.transport-manager.net\/test\/wp-content\/uploads\/sites\/86\/2021\/08\/Twenty-Twenty-1.png 345w, https:\/\/seal.transport-manager.net\/test\/wp-content\/uploads\/sites\/86\/2021\/08\/Twenty-Twenty-1-237x300.png 237w\" sizes=\"auto, (max-width: 345px) 100vw, 345px\" \/><figcaption>Menu de<strong> personnalisation du th\u00e8me<\/strong><\/figcaption><\/figure><\/div>\n\n\n\n<div class=\"wp-block-image\"><figure class=\"aligncenter size-large\"><img loading=\"lazy\" decoding=\"async\" width=\"343\" height=\"515\" src=\"https:\/\/seal.transport-manager.net\/test\/wp-content\/uploads\/sites\/86\/2021\/08\/Twenty-Twenty-2.png\" alt=\"\" class=\"wp-image-761\" srcset=\"https:\/\/seal.transport-manager.net\/test\/wp-content\/uploads\/sites\/86\/2021\/08\/Twenty-Twenty-2.png 343w, https:\/\/seal.transport-manager.net\/test\/wp-content\/uploads\/sites\/86\/2021\/08\/Twenty-Twenty-2-200x300.png 200w\" sizes=\"auto, (max-width: 343px) 100vw, 343px\" \/><figcaption>Personnalisation de l<strong>&lsquo;Identit\u00e9 du site<\/strong><\/figcaption><\/figure><\/div>\n\n\n\n<div class=\"wp-block-image\"><figure class=\"aligncenter size-large\"><img loading=\"lazy\" decoding=\"async\" width=\"341\" height=\"475\" src=\"https:\/\/seal.transport-manager.net\/test\/wp-content\/uploads\/sites\/86\/2021\/08\/Twenty-Twenty-3.png\" alt=\"\" class=\"wp-image-763\" srcset=\"https:\/\/seal.transport-manager.net\/test\/wp-content\/uploads\/sites\/86\/2021\/08\/Twenty-Twenty-3.png 341w, https:\/\/seal.transport-manager.net\/test\/wp-content\/uploads\/sites\/86\/2021\/08\/Twenty-Twenty-3-215x300.png 215w\" sizes=\"auto, (max-width: 341px) 100vw, 341px\" \/><figcaption>Personnalisation des <strong>Couleurs<\/strong><\/figcaption><\/figure><\/div>\n\n\n\n<div class=\"wp-block-image\"><figure class=\"aligncenter size-large\"><img loading=\"lazy\" decoding=\"async\" width=\"344\" height=\"279\" src=\"https:\/\/seal.transport-manager.net\/test\/wp-content\/uploads\/sites\/86\/2021\/08\/Twenty-Twenty-4.png\" alt=\"\" class=\"wp-image-765\" srcset=\"https:\/\/seal.transport-manager.net\/test\/wp-content\/uploads\/sites\/86\/2021\/08\/Twenty-Twenty-4.png 344w, https:\/\/seal.transport-manager.net\/test\/wp-content\/uploads\/sites\/86\/2021\/08\/Twenty-Twenty-4-300x243.png 300w\" sizes=\"auto, (max-width: 344px) 100vw, 344px\" \/><figcaption>Personnalisation des <strong>Options du th\u00e8me<\/strong><\/figcaption><\/figure><\/div>\n\n\n\n<div class=\"wp-block-image\"><figure class=\"aligncenter size-large\"><img loading=\"lazy\" decoding=\"async\" width=\"345\" height=\"577\" src=\"https:\/\/seal.transport-manager.net\/test\/wp-content\/uploads\/sites\/86\/2021\/08\/Twenty-Twenty-5.png\" alt=\"\" class=\"wp-image-766\" srcset=\"https:\/\/seal.transport-manager.net\/test\/wp-content\/uploads\/sites\/86\/2021\/08\/Twenty-Twenty-5.png 345w, https:\/\/seal.transport-manager.net\/test\/wp-content\/uploads\/sites\/86\/2021\/08\/Twenty-Twenty-5-179x300.png 179w\" sizes=\"auto, (max-width: 345px) 100vw, 345px\" \/><figcaption>Personnalisation de la <strong>Banni\u00e8re du site<\/strong><\/figcaption><\/figure><\/div>\n\n\n\n<div class=\"wp-block-image\"><figure class=\"aligncenter size-large\"><img loading=\"lazy\" decoding=\"async\" width=\"344\" height=\"170\" src=\"https:\/\/seal.transport-manager.net\/test\/wp-content\/uploads\/sites\/86\/2021\/08\/Twenty-Twenty-6.png\" alt=\"\" class=\"wp-image-768\" srcset=\"https:\/\/seal.transport-manager.net\/test\/wp-content\/uploads\/sites\/86\/2021\/08\/Twenty-Twenty-6.png 344w, https:\/\/seal.transport-manager.net\/test\/wp-content\/uploads\/sites\/86\/2021\/08\/Twenty-Twenty-6-300x148.png 300w\" sizes=\"auto, (max-width: 344px) 100vw, 344px\" \/><figcaption>Personnalisation de l&rsquo;<strong>Image d&rsquo;arri\u00e8re-plan<\/strong><\/figcaption><\/figure><\/div>\n\n\n\n<div class=\"wp-block-image\"><figure class=\"aligncenter size-large\"><img loading=\"lazy\" decoding=\"async\" width=\"344\" height=\"745\" src=\"https:\/\/seal.transport-manager.net\/test\/wp-content\/uploads\/sites\/86\/2021\/08\/Twenty-Twenty-7.png\" alt=\"\" class=\"wp-image-769\" srcset=\"https:\/\/seal.transport-manager.net\/test\/wp-content\/uploads\/sites\/86\/2021\/08\/Twenty-Twenty-7.png 344w, https:\/\/seal.transport-manager.net\/test\/wp-content\/uploads\/sites\/86\/2021\/08\/Twenty-Twenty-7-139x300.png 139w\" sizes=\"auto, (max-width: 344px) 100vw, 344px\" \/><figcaption>Personnalisation des <strong>Menus &amp; Emplacements<\/strong><\/figcaption><\/figure><\/div>\n\n\n\n<div class=\"wp-block-image\"><figure class=\"aligncenter size-large\"><img loading=\"lazy\" decoding=\"async\" width=\"343\" height=\"186\" src=\"https:\/\/seal.transport-manager.net\/test\/wp-content\/uploads\/sites\/86\/2021\/08\/Twenty-Twenty-8.png\" alt=\"\" class=\"wp-image-770\" srcset=\"https:\/\/seal.transport-manager.net\/test\/wp-content\/uploads\/sites\/86\/2021\/08\/Twenty-Twenty-8.png 343w, https:\/\/seal.transport-manager.net\/test\/wp-content\/uploads\/sites\/86\/2021\/08\/Twenty-Twenty-8-300x163.png 300w\" sizes=\"auto, (max-width: 343px) 100vw, 343px\" \/><figcaption>Personnalisation des <strong>Widgets<\/strong><\/figcaption><\/figure><\/div>\n\n\n\n<div class=\"wp-block-image\"><figure class=\"aligncenter size-large\"><img loading=\"lazy\" decoding=\"async\" width=\"342\" height=\"346\" src=\"https:\/\/seal.transport-manager.net\/test\/wp-content\/uploads\/sites\/86\/2021\/08\/Twenty-Twenty-9.png\" alt=\"\" class=\"wp-image-771\" srcset=\"https:\/\/seal.transport-manager.net\/test\/wp-content\/uploads\/sites\/86\/2021\/08\/Twenty-Twenty-9.png 342w, https:\/\/seal.transport-manager.net\/test\/wp-content\/uploads\/sites\/86\/2021\/08\/Twenty-Twenty-9-297x300.png 297w\" sizes=\"auto, (max-width: 342px) 100vw, 342px\" \/><figcaption><strong>R\u00e9glages de la page d&rsquo;accueil<\/strong><\/figcaption><\/figure><\/div>\n","protected":false},"excerpt":{"rendered":"<p>Th\u00e8me par WordPress Notre th\u00e8me par d\u00e9faut pour 2020 est con\u00e7u pour tirer pleinement parti de la flexibilit\u00e9 de l\u2019\u00e9diteur de bloc. Les organisations et les entreprises ont la possibilit\u00e9 &#8230; <a title=\"Twenty Twenty\" class=\"read-more\" href=\"https:\/\/seal.transport-manager.net\/test\/twenty-twenty\/\" aria-label=\"En savoir plus sur Twenty Twenty\">Lire la suite<\/a><\/p>\n","protected":false},"author":140,"featured_media":0,"parent":0,"menu_order":0,"comment_status":"open","ping_status":"closed","template":"","meta":{"_EventAllDay":false,"_EventTimezone":"","_EventStartDate":"","_EventEndDate":"","_EventStartDateUTC":"","_EventEndDateUTC":"","_EventShowMap":false,"_EventShowMapLink":false,"_EventURL":"","_EventCost":"","_EventCostDescription":"","_EventCurrencySymbol":"","_EventCurrencyCode":"","_EventCurrencyPosition":"","_EventDateTimeSeparator":"","_EventTimeRangeSeparator":"","_EventOrganizerID":[],"_EventVenueID":[],"_OrganizerEmail":"","_OrganizerPhone":"","_OrganizerWebsite":"","_VenueAddress":"","_VenueCity":"","_VenueCountry":"","_VenueProvince":"","_VenueState":"","_VenueZip":"","_VenuePhone":"","_VenueURL":"","_VenueStateProvince":"","_VenueLat":"","_VenueLng":"","_VenueShowMap":false,"_VenueShowMapLink":false,"footnotes":""},"class_list":["post-749","page","type-page","status-publish"],"_links":{"self":[{"href":"https:\/\/seal.transport-manager.net\/test\/wp-json\/wp\/v2\/pages\/749","targetHints":{"allow":["GET"]}}],"collection":[{"href":"https:\/\/seal.transport-manager.net\/test\/wp-json\/wp\/v2\/pages"}],"about":[{"href":"https:\/\/seal.transport-manager.net\/test\/wp-json\/wp\/v2\/types\/page"}],"author":[{"embeddable":true,"href":"https:\/\/seal.transport-manager.net\/test\/wp-json\/wp\/v2\/users\/140"}],"replies":[{"embeddable":true,"href":"https:\/\/seal.transport-manager.net\/test\/wp-json\/wp\/v2\/comments?post=749"}],"version-history":[{"count":11,"href":"https:\/\/seal.transport-manager.net\/test\/wp-json\/wp\/v2\/pages\/749\/revisions"}],"predecessor-version":[{"id":776,"href":"https:\/\/seal.transport-manager.net\/test\/wp-json\/wp\/v2\/pages\/749\/revisions\/776"}],"wp:attachment":[{"href":"https:\/\/seal.transport-manager.net\/test\/wp-json\/wp\/v2\/media?parent=749"}],"curies":[{"name":"wp","href":"https:\/\/api.w.org\/{rel}","templated":true}]}}