{"id":176,"date":"2022-05-08T13:20:53","date_gmt":"2022-05-08T11:20:53","guid":{"rendered":"https:\/\/seal.transport-manager.net\/thom1776\/?page_id=176"},"modified":"2022-06-17T00:17:50","modified_gmt":"2022-06-16T22:17:50","slug":"horaires","status":"publish","type":"page","link":"https:\/\/seal.transport-manager.net\/thom1776\/horaires\/","title":{"rendered":"HORAIRES"},"content":{"rendered":"\n<p class=\"has-large-font-size\"><strong>LIGNES PRINCIPALES<\/strong><\/p>\n\n\n\n<figure class=\"wp-block-table alignwide is-style-stripes has-medium-font-size\"><table><tbody><tr><td class=\"has-text-align-center\" data-align=\"center\"><em><strong>LIGNE 1<\/strong> <\/em><br><strong><em>GARE CENTRALE &lt;&gt; CAMPUS ALAN TURING<\/em><\/strong><\/td><\/tr><tr><td class=\"has-text-align-center\" data-align=\"center\"><strong>HEURES CREUSES<\/strong><\/td><td class=\"has-text-align-center\" data-align=\"center\"><strong>HEURES DE POINTES<\/strong><\/td><td class=\"has-text-align-center\" data-align=\"center\"><strong>HEURES DU SOIR<\/strong><\/td><td class=\"has-text-align-center\" data-align=\"center\"><strong>HEURES DU SAMEDI<\/strong><\/td><td class=\"has-text-align-center\" data-align=\"center\"><strong>HEURES DU DIMANCHE<\/strong><\/td><\/tr><tr><td class=\"has-text-align-center\" data-align=\"center\">07h \u2013 09h <br>15h \u2013 21h<\/td><td class=\"has-text-align-center\" data-align=\"center\">10h \u2013 14h<\/td><td class=\"has-text-align-center\" data-align=\"center\">Pas de Service<\/td><td class=\"has-text-align-center\" data-align=\"center\">09h \u2013 21h<\/td><td class=\"has-text-align-center\" data-align=\"center\">10h \u2013 13h <br>14h \u2013 19h<\/td><\/tr><tr><td class=\"has-text-align-center\" data-align=\"center\"><em><strong>LIGNE 2<\/strong> <\/em><br><strong><em>GARE CENTRALE &lt;&gt; A\u00c9ROPORT<\/em><\/strong><\/td><\/tr><tr><td class=\"has-text-align-center\" data-align=\"center\"><strong>HEURES CREUSES<\/strong><\/td><td class=\"has-text-align-center\" data-align=\"center\"><strong>HEURES DE POINTES<\/strong><\/td><td class=\"has-text-align-center\" data-align=\"center\"><strong>HEURES DU SOIR<\/strong><\/td><td class=\"has-text-align-center\" data-align=\"center\"><strong>HEURES DU SAMEDI<\/strong><\/td><td class=\"has-text-align-center\" data-align=\"center\"><strong>HEURES DU DIMANCHE<\/strong><\/td><\/tr><tr><td class=\"has-text-align-center\" data-align=\"center\">07h \u2013 09h <br>15h \u2013 21h<\/td><td class=\"has-text-align-center\" data-align=\"center\">10h \u2013 14h<\/td><td class=\"has-text-align-center\" data-align=\"center\">22h \u2013 03h<\/td><td class=\"has-text-align-center\" data-align=\"center\">08h \u2013 22h<\/td><td class=\"has-text-align-center\" data-align=\"center\">09h \u2013 12h<br>14h \u2013 19h<\/td><\/tr><tr><td class=\"has-text-align-center\" data-align=\"center\"><em><strong>LIGNE 3<\/strong> <\/em><br><strong><em>GARE CENTRALE &lt;&gt; CAMPUS MARTHE GAUTHIER<\/em><\/strong><\/td><\/tr><tr><td class=\"has-text-align-center\" data-align=\"center\"><strong>HEURES CREUSES<\/strong><\/td><td class=\"has-text-align-center\" data-align=\"center\"><strong>HEURES DE POINTES<\/strong><\/td><td class=\"has-text-align-center\" data-align=\"center\"><strong>HEURES DU SOIR<\/strong><\/td><td class=\"has-text-align-center\" data-align=\"center\"><strong>HEURES DU SAMEDI<\/strong><\/td><td class=\"has-text-align-center\" data-align=\"center\"><strong>HEURES DU DIMANCHE<\/strong><\/td><\/tr><tr><td class=\"has-text-align-center\" data-align=\"center\">07h \u2013 09h <br>15h \u2013 21h<\/td><td class=\"has-text-align-center\" data-align=\"center\">10h \u2013 14h<\/td><td class=\"has-text-align-center\" data-align=\"center\">22h \u2013 03h<\/td><td class=\"has-text-align-center\" data-align=\"center\">09h \u2013 21h<\/td><td class=\"has-text-align-center\" data-align=\"center\">10h \u2013 13h <br>14h \u2013 19h<\/td><\/tr><tr><td class=\"has-text-align-center\" data-align=\"center\"><em><strong>LIGNE 4<\/strong> <\/em><br><strong><em>GARE CENTRALE &lt;&gt; GARE DE L&rsquo;EST<\/em><\/strong><\/td><\/tr><tr><td class=\"has-text-align-center\" data-align=\"center\"><strong>HEURES CREUSES<\/strong><\/td><td class=\"has-text-align-center\" data-align=\"center\"><strong>HEURES DE POINTES<\/strong><\/td><td class=\"has-text-align-center\" data-align=\"center\"><strong>HEURES DU SOIR<\/strong><\/td><td class=\"has-text-align-center\" data-align=\"center\"><strong>HEURES DU SAMEDI<\/strong><\/td><td class=\"has-text-align-center\" data-align=\"center\"><strong>HEURES DU DIMANCHE<\/strong><\/td><\/tr><tr><td class=\"has-text-align-center\" data-align=\"center\">07h \u2013 09h<br>15h \u2013 21h<\/td><td class=\"has-text-align-center\" data-align=\"center\">10h \u2013 14h<\/td><td class=\"has-text-align-center\" data-align=\"center\">Pas de Service<\/td><td class=\"has-text-align-center\" data-align=\"center\">09h \u2013 21h<\/td><td class=\"has-text-align-center\" data-align=\"center\">10h \u2013 13h<br>14h \u2013 19h<\/td><\/tr><\/tbody><\/table><figcaption><em>Mise en ligne le 12 Mai 2022<\/em><\/figcaption><\/figure>\n\n\n\n<p class=\"has-large-font-size\"><strong>LIGNES SECONDAIRES &amp; SP\u00c9CIALES<\/strong><\/p>\n\n\n\n<figure class=\"wp-block-table alignwide is-style-stripes has-medium-font-size\"><table><tbody><tr><td class=\"has-text-align-center\" data-align=\"center\"><strong>LIGNES 999 CANO\u00c9AU<\/strong> <strong>CANO\u00cb D\u00c9PART &lt;&gt; CANO\u00cb ARRIV\u00c9E<\/strong><\/td><\/tr><tr><td class=\"has-text-align-center\" data-align=\"center\"><strong>HEURES CREUSES<\/strong><\/td><td class=\"has-text-align-center\" data-align=\"center\"><strong>HEURES DE POINTES<\/strong><\/td><td class=\"has-text-align-center\" data-align=\"center\"><strong>HEURES DU SOIR<\/strong><\/td><td class=\"has-text-align-center\" data-align=\"center\"><strong>HEURES DU SAMEDI<\/strong><\/td><td class=\"has-text-align-center\" data-align=\"center\"><strong>HEURES DU DIMANCHE<\/strong><\/td><\/tr><tr><td class=\"has-text-align-center\" data-align=\"center\">Pas de Service<\/td><td class=\"has-text-align-center\" data-align=\"center\">Pas de Service<\/td><td class=\"has-text-align-center\" data-align=\"center\">Pas de Service<\/td><td class=\"has-text-align-center\" data-align=\"center\">Pas de Service<\/td><td class=\"has-text-align-center\" data-align=\"center\">10h &#8211; 13h<br>14h &#8211; 19h<\/td><\/tr><\/tbody><\/table><figcaption><em>Mise en ligne le 17 juin 2022<\/em><\/figcaption><\/figure>\n\n\n\n<p class=\"has-text-align-center has-medium-font-size\"><em>Les Horaires ci-dessus sont en P\u00e9riode d&rsquo;Hivers-Printemps (<strong>du 21 Septembre au 21 Juin<\/strong><\/em>).<\/p>\n","protected":false},"excerpt":{"rendered":"<p>LIGNES PRINCIPALES LIGNE 1 GARE CENTRALE &lt;&gt; CAMPUS ALAN TURING HEURES CREUSES HEURES DE POINTES HEURES DU SOIR HEURES DU SAMEDI HEURES DU DIMANCHE 07h \u2013 09h 15h \u2013 21h 10h \u2013 14h Pas de Service 09h \u2013 21h 10h \u2013 13h 14h \u2013 19h LIGNE 2 GARE CENTRALE &lt;&gt; [&hellip;]<\/p>\n","protected":false},"author":239,"featured_media":0,"parent":0,"menu_order":0,"comment_status":"closed","ping_status":"closed","template":"","meta":{"footnotes":""},"class_list":["post-176","page","type-page","status-publish","hentry"],"_links":{"self":[{"href":"https:\/\/seal.transport-manager.net\/thom1776\/wp-json\/wp\/v2\/pages\/176","targetHints":{"allow":["GET"]}}],"collection":[{"href":"https:\/\/seal.transport-manager.net\/thom1776\/wp-json\/wp\/v2\/pages"}],"about":[{"href":"https:\/\/seal.transport-manager.net\/thom1776\/wp-json\/wp\/v2\/types\/page"}],"author":[{"embeddable":true,"href":"https:\/\/seal.transport-manager.net\/thom1776\/wp-json\/wp\/v2\/users\/239"}],"replies":[{"embeddable":true,"href":"https:\/\/seal.transport-manager.net\/thom1776\/wp-json\/wp\/v2\/comments?post=176"}],"version-history":[{"count":16,"href":"https:\/\/seal.transport-manager.net\/thom1776\/wp-json\/wp\/v2\/pages\/176\/revisions"}],"predecessor-version":[{"id":299,"href":"https:\/\/seal.transport-manager.net\/thom1776\/wp-json\/wp\/v2\/pages\/176\/revisions\/299"}],"wp:attachment":[{"href":"https:\/\/seal.transport-manager.net\/thom1776\/wp-json\/wp\/v2\/media?parent=176"}],"curies":[{"name":"wp","href":"https:\/\/api.w.org\/{rel}","templated":true}]}}