{"id":15,"date":"2021-07-20T10:24:16","date_gmt":"2021-07-20T08:24:16","guid":{"rendered":"https:\/\/seal.transport-manager.net\/thomas35\/?page_id=15"},"modified":"2021-07-20T12:19:27","modified_gmt":"2021-07-20T10:19:27","slug":"les-lignes-du-reseau","status":"publish","type":"page","link":"https:\/\/seal.transport-manager.net\/thomas35\/les-lignes-du-reseau\/","title":{"rendered":"Les lignes du r\u00e9seau"},"content":{"rendered":"\n<p>A ce jour, le r\u00e9seau ardoranTransports comporte 17 lignes, dont 11 lignes principales, deux lignes secondaires et deux lignes TaD. Deux lignes sp\u00e9ciales, les lignes 804 et 807, sont en service cet \u00e9t\u00e9.<br><br>Plan du r\u00e9seau:<br><img loading=\"lazy\" decoding=\"async\" width=\"2560\" height=\"1651\" class=\"wp-image-16\" style=\"width: 800px\" src=\"https:\/\/seal.transport-manager.net\/thomas35\/wp-content\/uploads\/sites\/9\/2021\/07\/Plan_N3804-807-scaled.jpg\" alt=\"\" srcset=\"https:\/\/seal.transport-manager.net\/thomas35\/wp-content\/uploads\/sites\/9\/2021\/07\/Plan_N3804-807-scaled.jpg 2560w, https:\/\/seal.transport-manager.net\/thomas35\/wp-content\/uploads\/sites\/9\/2021\/07\/Plan_N3804-807-300x194.jpg 300w, https:\/\/seal.transport-manager.net\/thomas35\/wp-content\/uploads\/sites\/9\/2021\/07\/Plan_N3804-807-1024x661.jpg 1024w, https:\/\/seal.transport-manager.net\/thomas35\/wp-content\/uploads\/sites\/9\/2021\/07\/Plan_N3804-807-768x495.jpg 768w, https:\/\/seal.transport-manager.net\/thomas35\/wp-content\/uploads\/sites\/9\/2021\/07\/Plan_N3804-807-1536x991.jpg 1536w, https:\/\/seal.transport-manager.net\/thomas35\/wp-content\/uploads\/sites\/9\/2021\/07\/Plan_N3804-807-2048x1321.jpg 2048w, https:\/\/seal.transport-manager.net\/thomas35\/wp-content\/uploads\/sites\/9\/2021\/07\/Plan_N3804-807-1232x795.jpg 1232w, https:\/\/seal.transport-manager.net\/thomas35\/wp-content\/uploads\/sites\/9\/2021\/07\/Plan_N3804-807-1674x1080.jpg 1674w\" sizes=\"auto, (max-width: 2560px) 100vw, 2560px\" \/><br><\/p>\n\n\n\n<p>Plans des Lignes Principales:<br><img loading=\"lazy\" decoding=\"async\" width=\"1981\" height=\"586\" class=\"wp-image-18\" style=\"width: 800px\" src=\"https:\/\/seal.transport-manager.net\/thomas35\/wp-content\/uploads\/sites\/9\/2021\/07\/N3_L1_trans1.png\" alt=\"\" srcset=\"https:\/\/seal.transport-manager.net\/thomas35\/wp-content\/uploads\/sites\/9\/2021\/07\/N3_L1_trans1.png 1981w, https:\/\/seal.transport-manager.net\/thomas35\/wp-content\/uploads\/sites\/9\/2021\/07\/N3_L1_trans1-300x89.png 300w, https:\/\/seal.transport-manager.net\/thomas35\/wp-content\/uploads\/sites\/9\/2021\/07\/N3_L1_trans1-1024x303.png 1024w, https:\/\/seal.transport-manager.net\/thomas35\/wp-content\/uploads\/sites\/9\/2021\/07\/N3_L1_trans1-768x227.png 768w, https:\/\/seal.transport-manager.net\/thomas35\/wp-content\/uploads\/sites\/9\/2021\/07\/N3_L1_trans1-1536x454.png 1536w, https:\/\/seal.transport-manager.net\/thomas35\/wp-content\/uploads\/sites\/9\/2021\/07\/N3_L1_trans1-1232x364.png 1232w, https:\/\/seal.transport-manager.net\/thomas35\/wp-content\/uploads\/sites\/9\/2021\/07\/N3_L1_trans1-1920x568.png 1920w\" sizes=\"auto, (max-width: 1981px) 100vw, 1981px\" \/><br><img loading=\"lazy\" decoding=\"async\" width=\"1981\" height=\"586\" class=\"wp-image-19\" style=\"width: 800px\" src=\"https:\/\/seal.transport-manager.net\/thomas35\/wp-content\/uploads\/sites\/9\/2021\/07\/N3_L2_trans1.png\" alt=\"\" srcset=\"https:\/\/seal.transport-manager.net\/thomas35\/wp-content\/uploads\/sites\/9\/2021\/07\/N3_L2_trans1.png 1981w, https:\/\/seal.transport-manager.net\/thomas35\/wp-content\/uploads\/sites\/9\/2021\/07\/N3_L2_trans1-300x89.png 300w, https:\/\/seal.transport-manager.net\/thomas35\/wp-content\/uploads\/sites\/9\/2021\/07\/N3_L2_trans1-1024x303.png 1024w, https:\/\/seal.transport-manager.net\/thomas35\/wp-content\/uploads\/sites\/9\/2021\/07\/N3_L2_trans1-768x227.png 768w, https:\/\/seal.transport-manager.net\/thomas35\/wp-content\/uploads\/sites\/9\/2021\/07\/N3_L2_trans1-1536x454.png 1536w, https:\/\/seal.transport-manager.net\/thomas35\/wp-content\/uploads\/sites\/9\/2021\/07\/N3_L2_trans1-1232x364.png 1232w, https:\/\/seal.transport-manager.net\/thomas35\/wp-content\/uploads\/sites\/9\/2021\/07\/N3_L2_trans1-1920x568.png 1920w\" sizes=\"auto, (max-width: 1981px) 100vw, 1981px\" \/><img loading=\"lazy\" decoding=\"async\" width=\"2012\" height=\"586\" class=\"wp-image-20\" style=\"width: 800px\" src=\"https:\/\/seal.transport-manager.net\/thomas35\/wp-content\/uploads\/sites\/9\/2021\/07\/N3_L3_trans1.png\" alt=\"\" srcset=\"https:\/\/seal.transport-manager.net\/thomas35\/wp-content\/uploads\/sites\/9\/2021\/07\/N3_L3_trans1.png 2012w, https:\/\/seal.transport-manager.net\/thomas35\/wp-content\/uploads\/sites\/9\/2021\/07\/N3_L3_trans1-300x87.png 300w, https:\/\/seal.transport-manager.net\/thomas35\/wp-content\/uploads\/sites\/9\/2021\/07\/N3_L3_trans1-1024x298.png 1024w, https:\/\/seal.transport-manager.net\/thomas35\/wp-content\/uploads\/sites\/9\/2021\/07\/N3_L3_trans1-768x224.png 768w, https:\/\/seal.transport-manager.net\/thomas35\/wp-content\/uploads\/sites\/9\/2021\/07\/N3_L3_trans1-1536x447.png 1536w, https:\/\/seal.transport-manager.net\/thomas35\/wp-content\/uploads\/sites\/9\/2021\/07\/N3_L3_trans1-1232x359.png 1232w, https:\/\/seal.transport-manager.net\/thomas35\/wp-content\/uploads\/sites\/9\/2021\/07\/N3_L3_trans1-1920x559.png 1920w\" sizes=\"auto, (max-width: 2012px) 100vw, 2012px\" \/><img loading=\"lazy\" decoding=\"async\" width=\"1997\" height=\"586\" class=\"wp-image-21\" style=\"width: 800px\" src=\"https:\/\/seal.transport-manager.net\/thomas35\/wp-content\/uploads\/sites\/9\/2021\/07\/N3_L4_trans1.png\" alt=\"\" srcset=\"https:\/\/seal.transport-manager.net\/thomas35\/wp-content\/uploads\/sites\/9\/2021\/07\/N3_L4_trans1.png 1997w, https:\/\/seal.transport-manager.net\/thomas35\/wp-content\/uploads\/sites\/9\/2021\/07\/N3_L4_trans1-300x88.png 300w, https:\/\/seal.transport-manager.net\/thomas35\/wp-content\/uploads\/sites\/9\/2021\/07\/N3_L4_trans1-1024x300.png 1024w, https:\/\/seal.transport-manager.net\/thomas35\/wp-content\/uploads\/sites\/9\/2021\/07\/N3_L4_trans1-768x225.png 768w, https:\/\/seal.transport-manager.net\/thomas35\/wp-content\/uploads\/sites\/9\/2021\/07\/N3_L4_trans1-1536x451.png 1536w, https:\/\/seal.transport-manager.net\/thomas35\/wp-content\/uploads\/sites\/9\/2021\/07\/N3_L4_trans1-1232x362.png 1232w, https:\/\/seal.transport-manager.net\/thomas35\/wp-content\/uploads\/sites\/9\/2021\/07\/N3_L4_trans1-1920x563.png 1920w\" sizes=\"auto, (max-width: 1997px) 100vw, 1997px\" \/><img loading=\"lazy\" decoding=\"async\" width=\"1982\" height=\"587\" class=\"wp-image-22\" style=\"width: 800px\" src=\"https:\/\/seal.transport-manager.net\/thomas35\/wp-content\/uploads\/sites\/9\/2021\/07\/N3_L5_trans1.png\" alt=\"\" srcset=\"https:\/\/seal.transport-manager.net\/thomas35\/wp-content\/uploads\/sites\/9\/2021\/07\/N3_L5_trans1.png 1982w, https:\/\/seal.transport-manager.net\/thomas35\/wp-content\/uploads\/sites\/9\/2021\/07\/N3_L5_trans1-300x89.png 300w, https:\/\/seal.transport-manager.net\/thomas35\/wp-content\/uploads\/sites\/9\/2021\/07\/N3_L5_trans1-1024x303.png 1024w, https:\/\/seal.transport-manager.net\/thomas35\/wp-content\/uploads\/sites\/9\/2021\/07\/N3_L5_trans1-768x227.png 768w, https:\/\/seal.transport-manager.net\/thomas35\/wp-content\/uploads\/sites\/9\/2021\/07\/N3_L5_trans1-1536x455.png 1536w, https:\/\/seal.transport-manager.net\/thomas35\/wp-content\/uploads\/sites\/9\/2021\/07\/N3_L5_trans1-1232x365.png 1232w, https:\/\/seal.transport-manager.net\/thomas35\/wp-content\/uploads\/sites\/9\/2021\/07\/N3_L5_trans1-1920x569.png 1920w\" sizes=\"auto, (max-width: 1982px) 100vw, 1982px\" \/><img loading=\"lazy\" decoding=\"async\" width=\"1985\" height=\"586\" class=\"wp-image-24\" style=\"width: 800px\" src=\"https:\/\/seal.transport-manager.net\/thomas35\/wp-content\/uploads\/sites\/9\/2021\/07\/N3_L6_trans1.png\" alt=\"\" srcset=\"https:\/\/seal.transport-manager.net\/thomas35\/wp-content\/uploads\/sites\/9\/2021\/07\/N3_L6_trans1.png 1985w, https:\/\/seal.transport-manager.net\/thomas35\/wp-content\/uploads\/sites\/9\/2021\/07\/N3_L6_trans1-300x89.png 300w, https:\/\/seal.transport-manager.net\/thomas35\/wp-content\/uploads\/sites\/9\/2021\/07\/N3_L6_trans1-1024x302.png 1024w, https:\/\/seal.transport-manager.net\/thomas35\/wp-content\/uploads\/sites\/9\/2021\/07\/N3_L6_trans1-768x227.png 768w, https:\/\/seal.transport-manager.net\/thomas35\/wp-content\/uploads\/sites\/9\/2021\/07\/N3_L6_trans1-1536x453.png 1536w, https:\/\/seal.transport-manager.net\/thomas35\/wp-content\/uploads\/sites\/9\/2021\/07\/N3_L6_trans1-1232x364.png 1232w, https:\/\/seal.transport-manager.net\/thomas35\/wp-content\/uploads\/sites\/9\/2021\/07\/N3_L6_trans1-1920x567.png 1920w\" sizes=\"auto, (max-width: 1985px) 100vw, 1985px\" \/><img loading=\"lazy\" decoding=\"async\" width=\"1982\" height=\"587\" class=\"wp-image-23\" style=\"width: 800px\" src=\"https:\/\/seal.transport-manager.net\/thomas35\/wp-content\/uploads\/sites\/9\/2021\/07\/N3_L7_trans1.png\" alt=\"\" srcset=\"https:\/\/seal.transport-manager.net\/thomas35\/wp-content\/uploads\/sites\/9\/2021\/07\/N3_L7_trans1.png 1982w, https:\/\/seal.transport-manager.net\/thomas35\/wp-content\/uploads\/sites\/9\/2021\/07\/N3_L7_trans1-300x89.png 300w, https:\/\/seal.transport-manager.net\/thomas35\/wp-content\/uploads\/sites\/9\/2021\/07\/N3_L7_trans1-1024x303.png 1024w, https:\/\/seal.transport-manager.net\/thomas35\/wp-content\/uploads\/sites\/9\/2021\/07\/N3_L7_trans1-768x227.png 768w, https:\/\/seal.transport-manager.net\/thomas35\/wp-content\/uploads\/sites\/9\/2021\/07\/N3_L7_trans1-1536x455.png 1536w, https:\/\/seal.transport-manager.net\/thomas35\/wp-content\/uploads\/sites\/9\/2021\/07\/N3_L7_trans1-1232x365.png 1232w, https:\/\/seal.transport-manager.net\/thomas35\/wp-content\/uploads\/sites\/9\/2021\/07\/N3_L7_trans1-1920x569.png 1920w\" sizes=\"auto, (max-width: 1982px) 100vw, 1982px\" \/><img loading=\"lazy\" decoding=\"async\" width=\"2013\" height=\"586\" class=\"wp-image-25\" style=\"width: 800px\" src=\"https:\/\/seal.transport-manager.net\/thomas35\/wp-content\/uploads\/sites\/9\/2021\/07\/N3_L8_trans1.png\" alt=\"\" srcset=\"https:\/\/seal.transport-manager.net\/thomas35\/wp-content\/uploads\/sites\/9\/2021\/07\/N3_L8_trans1.png 2013w, https:\/\/seal.transport-manager.net\/thomas35\/wp-content\/uploads\/sites\/9\/2021\/07\/N3_L8_trans1-300x87.png 300w, https:\/\/seal.transport-manager.net\/thomas35\/wp-content\/uploads\/sites\/9\/2021\/07\/N3_L8_trans1-1024x298.png 1024w, https:\/\/seal.transport-manager.net\/thomas35\/wp-content\/uploads\/sites\/9\/2021\/07\/N3_L8_trans1-768x224.png 768w, https:\/\/seal.transport-manager.net\/thomas35\/wp-content\/uploads\/sites\/9\/2021\/07\/N3_L8_trans1-1536x447.png 1536w, https:\/\/seal.transport-manager.net\/thomas35\/wp-content\/uploads\/sites\/9\/2021\/07\/N3_L8_trans1-1232x359.png 1232w, https:\/\/seal.transport-manager.net\/thomas35\/wp-content\/uploads\/sites\/9\/2021\/07\/N3_L8_trans1-1920x559.png 1920w\" sizes=\"auto, (max-width: 2013px) 100vw, 2013px\" \/><img loading=\"lazy\" decoding=\"async\" width=\"1997\" height=\"586\" class=\"wp-image-26\" style=\"width: 800px\" src=\"https:\/\/seal.transport-manager.net\/thomas35\/wp-content\/uploads\/sites\/9\/2021\/07\/N3_L9_trans1.png\" alt=\"\" srcset=\"https:\/\/seal.transport-manager.net\/thomas35\/wp-content\/uploads\/sites\/9\/2021\/07\/N3_L9_trans1.png 1997w, https:\/\/seal.transport-manager.net\/thomas35\/wp-content\/uploads\/sites\/9\/2021\/07\/N3_L9_trans1-300x88.png 300w, https:\/\/seal.transport-manager.net\/thomas35\/wp-content\/uploads\/sites\/9\/2021\/07\/N3_L9_trans1-1024x300.png 1024w, https:\/\/seal.transport-manager.net\/thomas35\/wp-content\/uploads\/sites\/9\/2021\/07\/N3_L9_trans1-768x225.png 768w, https:\/\/seal.transport-manager.net\/thomas35\/wp-content\/uploads\/sites\/9\/2021\/07\/N3_L9_trans1-1536x451.png 1536w, https:\/\/seal.transport-manager.net\/thomas35\/wp-content\/uploads\/sites\/9\/2021\/07\/N3_L9_trans1-1232x362.png 1232w, https:\/\/seal.transport-manager.net\/thomas35\/wp-content\/uploads\/sites\/9\/2021\/07\/N3_L9_trans1-1920x563.png 1920w\" sizes=\"auto, (max-width: 1997px) 100vw, 1997px\" \/><img loading=\"lazy\" decoding=\"async\" width=\"2000\" height=\"586\" class=\"wp-image-27\" style=\"width: 800px\" src=\"https:\/\/seal.transport-manager.net\/thomas35\/wp-content\/uploads\/sites\/9\/2021\/07\/N3_L10_trans1.png\" alt=\"\" srcset=\"https:\/\/seal.transport-manager.net\/thomas35\/wp-content\/uploads\/sites\/9\/2021\/07\/N3_L10_trans1.png 2000w, https:\/\/seal.transport-manager.net\/thomas35\/wp-content\/uploads\/sites\/9\/2021\/07\/N3_L10_trans1-300x88.png 300w, https:\/\/seal.transport-manager.net\/thomas35\/wp-content\/uploads\/sites\/9\/2021\/07\/N3_L10_trans1-1024x300.png 1024w, https:\/\/seal.transport-manager.net\/thomas35\/wp-content\/uploads\/sites\/9\/2021\/07\/N3_L10_trans1-768x225.png 768w, https:\/\/seal.transport-manager.net\/thomas35\/wp-content\/uploads\/sites\/9\/2021\/07\/N3_L10_trans1-1536x450.png 1536w, https:\/\/seal.transport-manager.net\/thomas35\/wp-content\/uploads\/sites\/9\/2021\/07\/N3_L10_trans1-1232x361.png 1232w, https:\/\/seal.transport-manager.net\/thomas35\/wp-content\/uploads\/sites\/9\/2021\/07\/N3_L10_trans1-1920x563.png 1920w\" sizes=\"auto, (max-width: 2000px) 100vw, 2000px\" \/><img loading=\"lazy\" decoding=\"async\" width=\"1981\" height=\"586\" class=\"wp-image-28\" style=\"width: 800px\" src=\"https:\/\/seal.transport-manager.net\/thomas35\/wp-content\/uploads\/sites\/9\/2021\/07\/N3_L11_trans1.png\" alt=\"\" srcset=\"https:\/\/seal.transport-manager.net\/thomas35\/wp-content\/uploads\/sites\/9\/2021\/07\/N3_L11_trans1.png 1981w, https:\/\/seal.transport-manager.net\/thomas35\/wp-content\/uploads\/sites\/9\/2021\/07\/N3_L11_trans1-300x89.png 300w, https:\/\/seal.transport-manager.net\/thomas35\/wp-content\/uploads\/sites\/9\/2021\/07\/N3_L11_trans1-1024x303.png 1024w, https:\/\/seal.transport-manager.net\/thomas35\/wp-content\/uploads\/sites\/9\/2021\/07\/N3_L11_trans1-768x227.png 768w, https:\/\/seal.transport-manager.net\/thomas35\/wp-content\/uploads\/sites\/9\/2021\/07\/N3_L11_trans1-1536x454.png 1536w, https:\/\/seal.transport-manager.net\/thomas35\/wp-content\/uploads\/sites\/9\/2021\/07\/N3_L11_trans1-1232x364.png 1232w, https:\/\/seal.transport-manager.net\/thomas35\/wp-content\/uploads\/sites\/9\/2021\/07\/N3_L11_trans1-1920x568.png 1920w\" sizes=\"auto, (max-width: 1981px) 100vw, 1981px\" \/><br>Plans des lignes Secondaires:<br><img loading=\"lazy\" decoding=\"async\" width=\"1981\" height=\"586\" class=\"wp-image-29\" style=\"width: 800px\" src=\"https:\/\/seal.transport-manager.net\/thomas35\/wp-content\/uploads\/sites\/9\/2021\/07\/N3_L60_trans1.png\" alt=\"\" srcset=\"https:\/\/seal.transport-manager.net\/thomas35\/wp-content\/uploads\/sites\/9\/2021\/07\/N3_L60_trans1.png 1981w, https:\/\/seal.transport-manager.net\/thomas35\/wp-content\/uploads\/sites\/9\/2021\/07\/N3_L60_trans1-300x89.png 300w, https:\/\/seal.transport-manager.net\/thomas35\/wp-content\/uploads\/sites\/9\/2021\/07\/N3_L60_trans1-1024x303.png 1024w, https:\/\/seal.transport-manager.net\/thomas35\/wp-content\/uploads\/sites\/9\/2021\/07\/N3_L60_trans1-768x227.png 768w, https:\/\/seal.transport-manager.net\/thomas35\/wp-content\/uploads\/sites\/9\/2021\/07\/N3_L60_trans1-1536x454.png 1536w, https:\/\/seal.transport-manager.net\/thomas35\/wp-content\/uploads\/sites\/9\/2021\/07\/N3_L60_trans1-1232x364.png 1232w, https:\/\/seal.transport-manager.net\/thomas35\/wp-content\/uploads\/sites\/9\/2021\/07\/N3_L60_trans1-1920x568.png 1920w\" sizes=\"auto, (max-width: 1981px) 100vw, 1981px\" \/><img loading=\"lazy\" decoding=\"async\" width=\"1982\" height=\"587\" class=\"wp-image-30\" style=\"width: 800px\" src=\"https:\/\/seal.transport-manager.net\/thomas35\/wp-content\/uploads\/sites\/9\/2021\/07\/N3_L61_trans1.png\" alt=\"\" srcset=\"https:\/\/seal.transport-manager.net\/thomas35\/wp-content\/uploads\/sites\/9\/2021\/07\/N3_L61_trans1.png 1982w, https:\/\/seal.transport-manager.net\/thomas35\/wp-content\/uploads\/sites\/9\/2021\/07\/N3_L61_trans1-300x89.png 300w, https:\/\/seal.transport-manager.net\/thomas35\/wp-content\/uploads\/sites\/9\/2021\/07\/N3_L61_trans1-1024x303.png 1024w, https:\/\/seal.transport-manager.net\/thomas35\/wp-content\/uploads\/sites\/9\/2021\/07\/N3_L61_trans1-768x227.png 768w, https:\/\/seal.transport-manager.net\/thomas35\/wp-content\/uploads\/sites\/9\/2021\/07\/N3_L61_trans1-1536x455.png 1536w, https:\/\/seal.transport-manager.net\/thomas35\/wp-content\/uploads\/sites\/9\/2021\/07\/N3_L61_trans1-1232x365.png 1232w, https:\/\/seal.transport-manager.net\/thomas35\/wp-content\/uploads\/sites\/9\/2021\/07\/N3_L61_trans1-1920x569.png 1920w\" sizes=\"auto, (max-width: 1982px) 100vw, 1982px\" \/><br>Plans des lignes T\u00e0D (Transport \u00e0 la Demande):<br><img loading=\"lazy\" decoding=\"async\" width=\"1981\" height=\"586\" class=\"wp-image-33\" style=\"width: 800px\" src=\"https:\/\/seal.transport-manager.net\/thomas35\/wp-content\/uploads\/sites\/9\/2021\/07\/N3_L901_trans1.png\" alt=\"\" srcset=\"https:\/\/seal.transport-manager.net\/thomas35\/wp-content\/uploads\/sites\/9\/2021\/07\/N3_L901_trans1.png 1981w, https:\/\/seal.transport-manager.net\/thomas35\/wp-content\/uploads\/sites\/9\/2021\/07\/N3_L901_trans1-300x89.png 300w, https:\/\/seal.transport-manager.net\/thomas35\/wp-content\/uploads\/sites\/9\/2021\/07\/N3_L901_trans1-1024x303.png 1024w, https:\/\/seal.transport-manager.net\/thomas35\/wp-content\/uploads\/sites\/9\/2021\/07\/N3_L901_trans1-768x227.png 768w, https:\/\/seal.transport-manager.net\/thomas35\/wp-content\/uploads\/sites\/9\/2021\/07\/N3_L901_trans1-1536x454.png 1536w, https:\/\/seal.transport-manager.net\/thomas35\/wp-content\/uploads\/sites\/9\/2021\/07\/N3_L901_trans1-1232x364.png 1232w, https:\/\/seal.transport-manager.net\/thomas35\/wp-content\/uploads\/sites\/9\/2021\/07\/N3_L901_trans1-1920x568.png 1920w\" sizes=\"auto, (max-width: 1981px) 100vw, 1981px\" \/><img loading=\"lazy\" decoding=\"async\" width=\"1981\" height=\"586\" class=\"wp-image-34\" style=\"width: 800px\" src=\"https:\/\/seal.transport-manager.net\/thomas35\/wp-content\/uploads\/sites\/9\/2021\/07\/N3_L902_trans1.png\" alt=\"\" srcset=\"https:\/\/seal.transport-manager.net\/thomas35\/wp-content\/uploads\/sites\/9\/2021\/07\/N3_L902_trans1.png 1981w, https:\/\/seal.transport-manager.net\/thomas35\/wp-content\/uploads\/sites\/9\/2021\/07\/N3_L902_trans1-300x89.png 300w, https:\/\/seal.transport-manager.net\/thomas35\/wp-content\/uploads\/sites\/9\/2021\/07\/N3_L902_trans1-1024x303.png 1024w, https:\/\/seal.transport-manager.net\/thomas35\/wp-content\/uploads\/sites\/9\/2021\/07\/N3_L902_trans1-768x227.png 768w, https:\/\/seal.transport-manager.net\/thomas35\/wp-content\/uploads\/sites\/9\/2021\/07\/N3_L902_trans1-1536x454.png 1536w, https:\/\/seal.transport-manager.net\/thomas35\/wp-content\/uploads\/sites\/9\/2021\/07\/N3_L902_trans1-1232x364.png 1232w, https:\/\/seal.transport-manager.net\/thomas35\/wp-content\/uploads\/sites\/9\/2021\/07\/N3_L902_trans1-1920x568.png 1920w\" sizes=\"auto, (max-width: 1981px) 100vw, 1981px\" \/><br>Plans des lignes sp\u00e9ciales:<br><img loading=\"lazy\" decoding=\"async\" width=\"1982\" height=\"587\" class=\"wp-image-31\" style=\"width: 800px\" src=\"https:\/\/seal.transport-manager.net\/thomas35\/wp-content\/uploads\/sites\/9\/2021\/07\/N3_L804_trans1.png\" alt=\"\" srcset=\"https:\/\/seal.transport-manager.net\/thomas35\/wp-content\/uploads\/sites\/9\/2021\/07\/N3_L804_trans1.png 1982w, https:\/\/seal.transport-manager.net\/thomas35\/wp-content\/uploads\/sites\/9\/2021\/07\/N3_L804_trans1-300x89.png 300w, https:\/\/seal.transport-manager.net\/thomas35\/wp-content\/uploads\/sites\/9\/2021\/07\/N3_L804_trans1-1024x303.png 1024w, https:\/\/seal.transport-manager.net\/thomas35\/wp-content\/uploads\/sites\/9\/2021\/07\/N3_L804_trans1-768x227.png 768w, https:\/\/seal.transport-manager.net\/thomas35\/wp-content\/uploads\/sites\/9\/2021\/07\/N3_L804_trans1-1536x455.png 1536w, https:\/\/seal.transport-manager.net\/thomas35\/wp-content\/uploads\/sites\/9\/2021\/07\/N3_L804_trans1-1232x365.png 1232w, https:\/\/seal.transport-manager.net\/thomas35\/wp-content\/uploads\/sites\/9\/2021\/07\/N3_L804_trans1-1920x569.png 1920w\" sizes=\"auto, (max-width: 1982px) 100vw, 1982px\" \/><img loading=\"lazy\" decoding=\"async\" width=\"1982\" height=\"587\" class=\"wp-image-32\" style=\"width: 800px\" src=\"https:\/\/seal.transport-manager.net\/thomas35\/wp-content\/uploads\/sites\/9\/2021\/07\/N3_L807_trans1.png\" alt=\"\" srcset=\"https:\/\/seal.transport-manager.net\/thomas35\/wp-content\/uploads\/sites\/9\/2021\/07\/N3_L807_trans1.png 1982w, https:\/\/seal.transport-manager.net\/thomas35\/wp-content\/uploads\/sites\/9\/2021\/07\/N3_L807_trans1-300x89.png 300w, https:\/\/seal.transport-manager.net\/thomas35\/wp-content\/uploads\/sites\/9\/2021\/07\/N3_L807_trans1-1024x303.png 1024w, https:\/\/seal.transport-manager.net\/thomas35\/wp-content\/uploads\/sites\/9\/2021\/07\/N3_L807_trans1-768x227.png 768w, https:\/\/seal.transport-manager.net\/thomas35\/wp-content\/uploads\/sites\/9\/2021\/07\/N3_L807_trans1-1536x455.png 1536w, https:\/\/seal.transport-manager.net\/thomas35\/wp-content\/uploads\/sites\/9\/2021\/07\/N3_L807_trans1-1232x365.png 1232w, https:\/\/seal.transport-manager.net\/thomas35\/wp-content\/uploads\/sites\/9\/2021\/07\/N3_L807_trans1-1920x569.png 1920w\" sizes=\"auto, (max-width: 1982px) 100vw, 1982px\" \/><\/p>\n","protected":false},"excerpt":{"rendered":"<p>A ce jour, le r\u00e9seau ardoranTransports comporte 17 lignes, dont 11 lignes principales, deux lignes secondaires et deux lignes TaD. Deux lignes sp\u00e9ciales, les lignes 804 et 807, sont en&nbsp;&hellip;<\/p>\n","protected":false},"author":9,"featured_media":0,"parent":0,"menu_order":0,"comment_status":"closed","ping_status":"closed","template":"","meta":{"footnotes":""},"class_list":["post-15","page","type-page","status-publish","hentry"],"_links":{"self":[{"href":"https:\/\/seal.transport-manager.net\/thomas35\/wp-json\/wp\/v2\/pages\/15","targetHints":{"allow":["GET"]}}],"collection":[{"href":"https:\/\/seal.transport-manager.net\/thomas35\/wp-json\/wp\/v2\/pages"}],"about":[{"href":"https:\/\/seal.transport-manager.net\/thomas35\/wp-json\/wp\/v2\/types\/page"}],"author":[{"embeddable":true,"href":"https:\/\/seal.transport-manager.net\/thomas35\/wp-json\/wp\/v2\/users\/9"}],"replies":[{"embeddable":true,"href":"https:\/\/seal.transport-manager.net\/thomas35\/wp-json\/wp\/v2\/comments?post=15"}],"version-history":[{"count":3,"href":"https:\/\/seal.transport-manager.net\/thomas35\/wp-json\/wp\/v2\/pages\/15\/revisions"}],"predecessor-version":[{"id":40,"href":"https:\/\/seal.transport-manager.net\/thomas35\/wp-json\/wp\/v2\/pages\/15\/revisions\/40"}],"wp:attachment":[{"href":"https:\/\/seal.transport-manager.net\/thomas35\/wp-json\/wp\/v2\/media?parent=15"}],"curies":[{"name":"wp","href":"https:\/\/api.w.org\/{rel}","templated":true}]}}