{"id":85,"date":"2021-08-01T12:32:54","date_gmt":"2021-08-01T10:32:54","guid":{"rendered":"https:\/\/seal.transport-manager.net\/thomas711\/?page_id=85"},"modified":"2025-02-07T08:17:14","modified_gmt":"2025-02-07T07:17:14","slug":"info-trafic","status":"publish","type":"page","link":"https:\/\/seal.transport-manager.net\/thomas711\/info-trafic\/","title":{"rendered":"Info trafic"},"content":{"rendered":"\n<figure class=\"wp-block-video aligncenter\"><video height=\"1018\" style=\"aspect-ratio: 2036 \/ 1018;\" width=\"2036\" autoplay controls preload=\"auto\" src=\"https:\/\/seal.transport-manager.net\/thomas711\/wp-content\/uploads\/sites\/72\/2023\/08\/Copie-de-Copie-de-test.mp4\"><\/video><\/figure>\n\n\n\n<div class=\"wp-block-group\"><div class=\"wp-block-group__inner-container is-layout-constrained wp-block-group-is-layout-constrained\">\n<div class=\"wp-block-group is-vertical is-layout-flex wp-container-core-group-is-layout-8cf370e7 wp-block-group-is-layout-flex\">\n<div class=\"wp-block-group is-vertical is-content-justification-center is-layout-flex wp-container-core-group-is-layout-4b2eccd6 wp-block-group-is-layout-flex\">\n<figure class=\"wp-block-table has-x-large-font-size\"><table class=\"has-white-color has-vivid-red-background-color has-text-color has-background has-fixed-layout\"><tbody><tr><td class=\"has-text-align-center\" data-align=\"center\"><strong>Ligne de Tramway<\/strong><\/td><\/tr><\/tbody><\/table><\/figure>\n\n\n\n<figure class=\"wp-block-image size-full\"><img loading=\"lazy\" decoding=\"async\" width=\"97\" height=\"97\" src=\"https:\/\/seal.transport-manager.net\/thomas711\/wp-content\/uploads\/sites\/72\/2023\/02\/L1.png\" alt=\"\" class=\"wp-image-567\" style=\"object-fit:cover\" \/><figcaption class=\"wp-element-caption\">\ud83d\udd34Pas de circulation d&rsquo;H\u00f4tel de police \u00e0 A\u00e9roport<\/figcaption><\/figure>\n<\/div>\n\n\n\n<div class=\"wp-block-columns are-vertically-aligned-top is-layout-flex wp-container-core-columns-is-layout-9d6595d7 wp-block-columns-is-layout-flex\">\n<div class=\"wp-block-column is-vertically-aligned-top is-layout-flow wp-block-column-is-layout-flow\" style=\"flex-basis:100%\">\n<div class=\"wp-block-group\"><div class=\"wp-block-group__inner-container is-layout-constrained wp-block-group-is-layout-constrained\">\n<figure class=\"wp-block-table has-x-large-font-size\"><table class=\"has-white-color has-luminous-vivid-amber-background-color has-text-color has-background has-fixed-layout\"><tbody><tr><td class=\"has-text-align-center\" data-align=\"center\"><strong>Lignes \u00e0 Haut Niveau de Service<\/strong><\/td><\/tr><\/tbody><\/table><\/figure>\n\n\n\n<div class=\"wp-block-group is-content-justification-center is-nowrap is-layout-flex wp-container-core-group-is-layout-94bc23d7 wp-block-group-is-layout-flex\">\n<figure class=\"wp-block-image size-full\"><img loading=\"lazy\" decoding=\"async\" width=\"97\" height=\"97\" src=\"https:\/\/seal.transport-manager.net\/thomas711\/wp-content\/uploads\/sites\/72\/2023\/02\/L2.png\" alt=\"\" class=\"wp-image-570\" \/><figcaption class=\"wp-element-caption\">\ud83d\udfe2 aucune perturbation sur cette ligne<\/figcaption><\/figure>\n\n\n\n<figure class=\"wp-block-image size-full\"><img loading=\"lazy\" decoding=\"async\" width=\"97\" height=\"97\" src=\"https:\/\/seal.transport-manager.net\/thomas711\/wp-content\/uploads\/sites\/72\/2023\/02\/L3.png\" alt=\"\" class=\"wp-image-573\" \/><figcaption class=\"wp-element-caption\">\ud83d\udfe2 aucune perturbation sur cette ligne<\/figcaption><\/figure>\n<\/div>\n\n\n\n<figure class=\"wp-block-table has-x-large-font-size\"><table class=\"has-white-color has-vivid-green-cyan-background-color has-text-color has-background has-fixed-layout\"><tbody><tr><td class=\"has-text-align-center\" data-align=\"center\"><strong>Lignes Principales<\/strong><\/td><\/tr><\/tbody><\/table><\/figure>\n\n\n\n<div class=\"wp-block-group is-content-justification-center is-layout-flex wp-container-core-group-is-layout-64b26803 wp-block-group-is-layout-flex\">\n<figure class=\"wp-block-image size-large wp-duotone-unset-1\"><img decoding=\"async\" src=\"https:\/\/transport-manager.net\/assets\/img\/lignes\/L4.png\" alt=\"\" \/><figcaption class=\"wp-element-caption\">\ud83d\udfe2 aucune perturbation sur cette ligne <\/figcaption><\/figure>\n\n\n\n<figure class=\"wp-block-image size-large is-resized\"><img decoding=\"async\" src=\"https:\/\/transport-manager.net\/assets\/img\/lignes\/L5.png\" alt=\"\" style=\"width:97px;height:97px\" \/><figcaption class=\"wp-element-caption\"> \ud83d\udfe2 aucune perturbation sur cette ligne <\/figcaption><\/figure>\n\n\n\n<figure class=\"wp-block-image size-large\"><img decoding=\"async\" src=\"https:\/\/transport-manager.net\/assets\/img\/lignes\/L6.png\" alt=\"\" \/><figcaption class=\"wp-element-caption\">\ud83d\udfe2 aucune perturbation sur cette ligne<\/figcaption><\/figure>\n\n\n\n<figure class=\"wp-block-image size-large\"><img decoding=\"async\" src=\"https:\/\/transport-manager.net\/assets\/img\/lignes\/L7.png\" alt=\"\" \/><figcaption class=\"wp-element-caption\">\ud83d\udfe2 aucune perturbation sur cette ligne<\/figcaption><\/figure>\n\n\n\n<figure class=\"wp-block-image size-large\"><img decoding=\"async\" src=\"https:\/\/transport-manager.net\/assets\/img\/lignes\/L8.png\" alt=\"\" \/><figcaption class=\"wp-element-caption\">\ud83d\udfe2 aucune perturbation sur cette ligne<\/figcaption><\/figure>\n\n\n\n<figure class=\"wp-block-image size-large\"><img decoding=\"async\" src=\"https:\/\/transport-manager.net\/assets\/img\/lignes\/L9.png\" alt=\"\" \/><figcaption class=\"wp-element-caption\">\ud83d\udfe2 aucune perturbation sur cette ligne<\/figcaption><\/figure>\n\n\n\n<figure class=\"wp-block-image size-large\"><img decoding=\"async\" src=\"https:\/\/transport-manager.net\/assets\/img\/lignes\/L10.png\" alt=\"\" \/><figcaption class=\"wp-element-caption\">\ud83d\udfe2 aucune perturbation sur cette ligne<\/figcaption><\/figure>\n\n\n\n<figure class=\"wp-block-image size-large\"><img decoding=\"async\" src=\"https:\/\/transport-manager.net\/assets\/img\/lignes\/L11.png\" alt=\"\" \/><figcaption class=\"wp-element-caption\"> \ud83d\udfe2 aucune perturbation sur cette ligne<\/figcaption><\/figure>\n\n\n\n<figure class=\"wp-block-image size-large\"><img decoding=\"async\" src=\"https:\/\/transport-manager.net\/assets\/img\/lignes\/L12.png\" alt=\"\" \/><figcaption class=\"wp-element-caption\"> \ud83d\udfe2 aucune perturbation sur cette ligne <\/figcaption><\/figure>\n\n\n\n<figure class=\"wp-block-image size-large\"><img decoding=\"async\" src=\"https:\/\/transport-manager.net\/assets\/img\/lignes\/L13.png\" alt=\"\" \/><figcaption class=\"wp-element-caption\"> \ud83d\udfe2 aucune perturbation sur cette ligne <\/figcaption><\/figure>\n\n\n\n<figure class=\"wp-block-image size-large\"><img decoding=\"async\" src=\"https:\/\/transport-manager.net\/assets\/img\/lignes\/L14.png\" alt=\"\" \/><figcaption class=\"wp-element-caption\"> \ud83d\udfe2 aucune perturbation sur cette ligne <\/figcaption><\/figure>\n\n\n\n<figure class=\"wp-block-image size-large\"><img decoding=\"async\" src=\"https:\/\/transport-manager.net\/assets\/img\/lignes\/L15.png\" alt=\"\" \/><figcaption class=\"wp-element-caption\"> \ud83d\udfe2 aucune perturbation sur cette ligne <\/figcaption><\/figure>\n\n\n\n<figure class=\"wp-block-image size-large\"><img decoding=\"async\" src=\"https:\/\/transport-manager.net\/assets\/img\/lignes\/L16.png\" alt=\"\" \/><figcaption class=\"wp-element-caption\"> \ud83d\udfe2 aucune perturbation sur cette ligne <\/figcaption><\/figure>\n\n\n\n<figure class=\"wp-block-image size-large is-resized\"><img decoding=\"async\" src=\"https:\/\/transport-manager.net\/assets\/img\/lignes\/L17.png\" alt=\"\" style=\"width:97px;height:auto\" \/><figcaption class=\"wp-element-caption\"> \ud83d\udfe2 aucune perturbation sur cette ligne <\/figcaption><\/figure>\n\n\n\n<figure class=\"wp-block-image size-large\"><img decoding=\"async\" src=\"https:\/\/transport-manager.net\/assets\/img\/lignes\/L18.png\" alt=\"\" \/><figcaption class=\"wp-element-caption\"> \ud83d\udfe2 aucune perturbation sur cette ligne <\/figcaption><\/figure>\n<\/div>\n\n\n\n<figure class=\"wp-block-table has-x-large-font-size\"><table class=\"has-white-color has-light-green-cyan-background-color has-text-color has-background has-fixed-layout\"><tbody><tr><td class=\"has-text-align-center\" data-align=\"center\"><strong>Lignes Secondaires<\/strong><\/td><\/tr><\/tbody><\/table><\/figure>\n\n\n\n<div class=\"wp-block-group is-content-justification-center is-layout-flex wp-container-core-group-is-layout-64b26803 wp-block-group-is-layout-flex\">\n<figure class=\"wp-block-image size-large\"><img decoding=\"async\" src=\"https:\/\/transport-manager.net\/assets\/img\/lignes\/L60.png\" alt=\"\" \/><figcaption class=\"wp-element-caption\"> \ud83d\udfe2 aucune perturbation sur cette ligne <\/figcaption><\/figure>\n\n\n\n<figure class=\"wp-block-image size-large is-resized\"><img decoding=\"async\" src=\"https:\/\/transport-manager.net\/assets\/img\/lignes\/L61.png\" alt=\"\" style=\"width:97px;height:97px\" \/><figcaption class=\"wp-element-caption\"> \ud83d\udfe2 aucune perturbation sur cette ligne <\/figcaption><\/figure>\n\n\n\n<figure class=\"wp-block-image size-large\"><img decoding=\"async\" src=\"https:\/\/transport-manager.net\/assets\/img\/lignes\/L62.png\" alt=\"\" \/><figcaption class=\"wp-element-caption\"> \ud83d\udfe2 aucune perturbation sur cette ligne <\/figcaption><\/figure>\n\n\n\n<figure class=\"wp-block-image size-large\"><img decoding=\"async\" src=\"https:\/\/transport-manager.net\/assets\/img\/lignes\/L63.png\" alt=\"\" \/><figcaption class=\"wp-element-caption\"> \ud83d\udfe2 aucune perturbation sur cette ligne <\/figcaption><\/figure>\n\n\n\n<figure class=\"wp-block-image size-large\"><img decoding=\"async\" src=\"https:\/\/transport-manager.net\/assets\/img\/lignes\/L64.png\" alt=\"\" \/><figcaption class=\"wp-element-caption\"> \ud83d\udfe2 aucune perturbation sur cette ligne <\/figcaption><\/figure>\n\n\n\n<figure class=\"wp-block-image size-large\"><img decoding=\"async\" src=\"https:\/\/transport-manager.net\/assets\/img\/lignes\/L65.png\" alt=\"\" \/><figcaption class=\"wp-element-caption\">\ud83d\udd34AUCUNE CIRCULATION SUR CETTE LIGNE<\/figcaption><\/figure>\n<\/div>\n\n\n\n<figure class=\"wp-block-table has-x-large-font-size\"><table class=\"has-white-color has-pale-cyan-blue-background-color has-text-color has-background has-fixed-layout\"><tbody><tr><td class=\"has-text-align-center\" data-align=\"center\"><strong>Lignes Suburbaines<\/strong><\/td><\/tr><\/tbody><\/table><\/figure>\n\n\n\n<div class=\"wp-block-group is-content-justification-center is-layout-flex wp-container-core-group-is-layout-64b26803 wp-block-group-is-layout-flex\">\n<figure class=\"wp-block-image size-large\"><img decoding=\"async\" src=\"https:\/\/transport-manager.net\/assets\/img\/lignes\/L101.png\" alt=\"\" \/><figcaption class=\"wp-element-caption\"> \ud83d\udfe2 aucune perturbation sur cette ligne <\/figcaption><\/figure>\n\n\n\n<figure class=\"wp-block-image size-large\"><img decoding=\"async\" src=\"https:\/\/transport-manager.net\/assets\/img\/lignes\/L102.png\" alt=\"\" \/><figcaption class=\"wp-element-caption\"> \ud83d\udfe2 aucune perturbation sur cette ligne <\/figcaption><\/figure>\n\n\n\n<figure class=\"wp-block-image size-large\"><img decoding=\"async\" src=\"https:\/\/transport-manager.net\/assets\/img\/lignes\/L103.png\" alt=\"\" \/><figcaption class=\"wp-element-caption\">  \ud83d\udfe2 aucune perturbation sur cette ligne<\/figcaption><\/figure>\n\n\n\n<figure class=\"wp-block-image size-large\"><img decoding=\"async\" src=\"https:\/\/transport-manager.net\/assets\/img\/lignes\/L104.png\" alt=\"\" style=\"object-fit:cover\" \/><figcaption class=\"wp-element-caption\">\ud83d\udfe2 aucune perturbation sur cette ligne <\/figcaption><\/figure>\n\n\n\n<figure class=\"wp-block-image size-large\"><img decoding=\"async\" src=\"https:\/\/transport-manager.net\/assets\/img\/lignes\/L105.png\" alt=\"\" \/><figcaption class=\"wp-element-caption\"> \ud83d\udfe2 aucune perturbation sur cette ligne <\/figcaption><\/figure>\n\n\n\n<figure class=\"wp-block-image size-large\"><img decoding=\"async\" src=\"https:\/\/transport-manager.net\/assets\/img\/lignes\/L106.png\" alt=\"\" \/><figcaption class=\"wp-element-caption\"> \ud83d\udfe2 aucune perturbation sur cette ligne <\/figcaption><\/figure>\n\n\n\n<figure class=\"wp-block-image size-large\"><img decoding=\"async\" src=\"https:\/\/transport-manager.net\/assets\/img\/lignes\/L151.png\" alt=\"\" \/><figcaption class=\"wp-element-caption\"> \ud83d\udfe2 aucune perturbation sur cette ligne <\/figcaption><\/figure>\n<\/div>\n\n\n\n<figure class=\"wp-block-table has-x-large-font-size\"><table class=\"has-white-color has-vivid-red-background-color has-text-color has-background has-fixed-layout\"><tbody><tr><td class=\"has-text-align-center\" data-align=\"center\"><strong>Lignes Interurbaines<\/strong><\/td><\/tr><\/tbody><\/table><\/figure>\n\n\n\n<div class=\"wp-block-group is-content-justification-center is-layout-flex wp-container-core-group-is-layout-64b26803 wp-block-group-is-layout-flex\">\n<figure class=\"wp-block-image size-large\"><img decoding=\"async\" src=\"https:\/\/transport-manager.net\/assets\/img\/lignes\/L201.png\" alt=\"\" \/><figcaption class=\"wp-element-caption\"> \ud83d\udfe2 aucune perturbation sur cette ligne <\/figcaption><\/figure>\n\n\n\n<figure class=\"wp-block-image size-large\"><img decoding=\"async\" src=\"https:\/\/transport-manager.net\/assets\/img\/lignes\/L202.png\" alt=\"\" \/><figcaption class=\"wp-element-caption\"> \ud83d\udfe2 aucune perturbation sur cette ligne <\/figcaption><\/figure>\n\n\n\n<figure class=\"wp-block-image size-large\"><img decoding=\"async\" src=\"https:\/\/transport-manager.net\/assets\/img\/lignes\/L203.png\" alt=\"\" \/><figcaption class=\"wp-element-caption\"> \ud83d\udfe2 aucune perturbation sur cette ligne <\/figcaption><\/figure>\n\n\n\n<figure class=\"wp-block-image size-large\"><img decoding=\"async\" src=\"https:\/\/transport-manager.net\/assets\/img\/lignes\/L204.png\" alt=\"\" style=\"object-fit:cover\" \/><figcaption class=\"wp-element-caption\">\ud83d\udd34AUCUNE CIRCULATION SUR CETTE LIGNE<\/figcaption><\/figure>\n\n\n\n<figure class=\"wp-block-image size-large is-resized\"><img decoding=\"async\" src=\"https:\/\/transport-manager.net\/assets\/img\/lignes\/L205.png\" alt=\"\" style=\"object-fit:cover;width:97px;height:auto\" \/><figcaption class=\"wp-element-caption\">\ud83d\udfe2 aucune perturbation sur cette ligne <\/figcaption><\/figure>\n\n\n\n<figure class=\"wp-block-image size-large\"><img decoding=\"async\" src=\"https:\/\/transport-manager.net\/assets\/img\/lignes\/L206.png\" alt=\"\" \/><figcaption class=\"wp-element-caption\">\ud83d\udd34AUCUNE CIRCULATION SUR CETTE LIGNE<\/figcaption><\/figure>\n\n\n\n<figure class=\"wp-block-image size-large\"><img decoding=\"async\" src=\"https:\/\/transport-manager.net\/assets\/img\/lignes\/L251.png\" alt=\"\" \/><figcaption class=\"wp-element-caption\"> \ud83d\udfe2 aucune perturbation sur cette ligne <\/figcaption><\/figure>\n<\/div>\n<\/div><\/div>\n<\/div>\n<\/div>\n<\/div>\n<\/div><\/div>\n\n\n\n<p>En savoir plus sur : <a href=\"https:\/\/seal.transport-manager.net\/thomas711\/info-trafic-cal\/\">cliquez ici<\/a><\/p>\n","protected":false},"excerpt":{"rendered":"<p>Ligne de Tramway Lignes \u00e0 Haut Niveau de Service Lignes Principales Lignes Secondaires Lignes Suburbaines Lignes Interurbaines En savoir plus sur : cliquez ici<\/p>\n","protected":false},"author":72,"featured_media":0,"parent":0,"menu_order":0,"comment_status":"closed","ping_status":"closed","template":"","meta":{"_EventAllDay":false,"_EventTimezone":"","_EventStartDate":"","_EventEndDate":"","_EventStartDateUTC":"","_EventEndDateUTC":"","_EventShowMap":false,"_EventShowMapLink":false,"_EventURL":"","_EventCost":"","_EventCostDescription":"","_EventCurrencySymbol":"","_EventCurrencyCode":"","_EventCurrencyPosition":"","_EventDateTimeSeparator":"","_EventTimeRangeSeparator":"","_EventOrganizerID":[],"_EventVenueID":[],"_OrganizerEmail":"","_OrganizerPhone":"","_OrganizerWebsite":"","_VenueAddress":"","_VenueCity":"","_VenueCountry":"","_VenueProvince":"","_VenueState":"","_VenueZip":"","_VenuePhone":"","_VenueURL":"","_VenueStateProvince":"","_VenueLat":"","_VenueLng":"","_VenueShowMap":false,"_VenueShowMapLink":false,"footnotes":""},"class_list":["post-85","page","type-page","status-publish","hentry"],"_links":{"self":[{"href":"https:\/\/seal.transport-manager.net\/thomas711\/wp-json\/wp\/v2\/pages\/85","targetHints":{"allow":["GET"]}}],"collection":[{"href":"https:\/\/seal.transport-manager.net\/thomas711\/wp-json\/wp\/v2\/pages"}],"about":[{"href":"https:\/\/seal.transport-manager.net\/thomas711\/wp-json\/wp\/v2\/types\/page"}],"author":[{"embeddable":true,"href":"https:\/\/seal.transport-manager.net\/thomas711\/wp-json\/wp\/v2\/users\/72"}],"replies":[{"embeddable":true,"href":"https:\/\/seal.transport-manager.net\/thomas711\/wp-json\/wp\/v2\/comments?post=85"}],"version-history":[{"count":83,"href":"https:\/\/seal.transport-manager.net\/thomas711\/wp-json\/wp\/v2\/pages\/85\/revisions"}],"predecessor-version":[{"id":1324,"href":"https:\/\/seal.transport-manager.net\/thomas711\/wp-json\/wp\/v2\/pages\/85\/revisions\/1324"}],"wp:attachment":[{"href":"https:\/\/seal.transport-manager.net\/thomas711\/wp-json\/wp\/v2\/media?parent=85"}],"curies":[{"name":"wp","href":"https:\/\/api.w.org\/{rel}","templated":true}]}}