{"id":117,"date":"2021-10-10T21:30:24","date_gmt":"2021-10-10T19:30:24","guid":{"rendered":"https:\/\/seal.transport-manager.net\/trespeuix\/?page_id=117"},"modified":"2023-01-06T00:22:15","modified_gmt":"2023-01-05T23:22:15","slug":"ligne-9","status":"publish","type":"page","link":"https:\/\/seal.transport-manager.net\/trespeuix\/ligne-9\/","title":{"rendered":"Ligne 9"},"content":{"rendered":"\n<figure class=\"wp-block-image size-large is-resized\"><img loading=\"lazy\" decoding=\"async\" src=\"https:\/\/seal.transport-manager.net\/trespeuix\/wp-content\/uploads\/sites\/117\/2023\/01\/N4_L9_trans1-1024x301.png\" alt=\"\" class=\"wp-image-424\" width=\"768\" height=\"226\" srcset=\"https:\/\/seal.transport-manager.net\/trespeuix\/wp-content\/uploads\/sites\/117\/2023\/01\/N4_L9_trans1-1024x301.png 1024w, https:\/\/seal.transport-manager.net\/trespeuix\/wp-content\/uploads\/sites\/117\/2023\/01\/N4_L9_trans1-300x88.png 300w, https:\/\/seal.transport-manager.net\/trespeuix\/wp-content\/uploads\/sites\/117\/2023\/01\/N4_L9_trans1-768x226.png 768w, https:\/\/seal.transport-manager.net\/trespeuix\/wp-content\/uploads\/sites\/117\/2023\/01\/N4_L9_trans1-1536x451.png 1536w, https:\/\/seal.transport-manager.net\/trespeuix\/wp-content\/uploads\/sites\/117\/2023\/01\/N4_L9_trans1-1232x362.png 1232w, https:\/\/seal.transport-manager.net\/trespeuix\/wp-content\/uploads\/sites\/117\/2023\/01\/N4_L9_trans1-1920x564.png 1920w, https:\/\/seal.transport-manager.net\/trespeuix\/wp-content\/uploads\/sites\/117\/2023\/01\/N4_L9_trans1.png 1997w\" sizes=\"auto, (max-width: 768px) 100vw, 768px\" \/><\/figure>\n\n\n\n<p><\/p>\n\n\n\n<figure class=\"wp-block-table is-style-stripes\"><table class=\"has-black-color has-text-color\"><tbody><tr><td><strong><em>Du Lundi au Vendredi<\/em><\/strong><\/td><td class=\"has-text-align-center\" data-align=\"center\"><em><strong>Fr\u00e9quences<\/strong><\/em><\/td><\/tr><tr><td><strong>De 5h00 \u00e0 7h00 | De 9h00 \u00e0 12h00 | De 14h00 \u00e0 16h30 | De 18h30 \u00e0 20h00<\/strong><\/td><td class=\"has-text-align-center\" data-align=\"center\"><strong>00:09<\/strong><\/td><\/tr><tr><td><strong>De 7h00 \u00e0 9h00 | De 12h00 \u00e0 14h00 | De 16h3<strong>0<\/strong>\u00a0\u00e0 18h30<\/strong><\/td><td class=\"has-text-align-center\" data-align=\"center\"><strong>00:06<\/strong><\/td><\/tr><tr><td><strong>De 20h00 \u00e0 00h00<\/strong><\/td><td class=\"has-text-align-center\" data-align=\"center\"><strong>00:18<\/strong><\/td><\/tr><tr><td><strong><em>Samedi<\/em><\/strong><\/td><td class=\"has-text-align-center\" data-align=\"center\"><\/td><\/tr><tr><td><strong>De 5h00 \u00e0 7h00 | De 9h00 \u00e0 12h00 | De 14h00 \u00e0 16h30 | De 18h30 \u00e0 20h00<\/strong><\/td><td class=\"has-text-align-center\" data-align=\"center\"><strong>00:12<\/strong><\/td><\/tr><tr><td><strong>De 7h00 \u00e0 9h00 | De 12h00 \u00e0 14h00 | De 16h3<strong>0<\/strong>\u00a0\u00e0 18h30<\/strong><\/td><td class=\"has-text-align-center\" data-align=\"center\"><strong>00:09<\/strong><\/td><\/tr><tr><td><strong>De 20h00 \u00e0 00h00<\/strong><\/td><td class=\"has-text-align-center\" data-align=\"center\"><strong>00:18<\/strong><\/td><\/tr><tr><td><strong><em>Dimanche<\/em><\/strong><\/td><td class=\"has-text-align-center\" data-align=\"center\"><\/td><\/tr><tr><td><strong>De 5h00 \u00e0 7h00 | De 9h00 \u00e0 12h00 | De 14h00 \u00e0 16h30 | De 18h30 \u00e0 20h00<\/strong><\/td><td class=\"has-text-align-center\" data-align=\"center\"><strong>00:18<\/strong><\/td><\/tr><tr><td><strong>De 7h00 \u00e0 9h00 | De 12h00 \u00e0 14h00 | De 16h3<strong>0<\/strong>\u00a0\u00e0 18h30<\/strong><\/td><td class=\"has-text-align-center\" data-align=\"center\"><strong>00:12<\/strong><\/td><\/tr><\/tbody><\/table><\/figure>\n","protected":false},"excerpt":{"rendered":"<p>Du Lundi au Vendredi Fr\u00e9quences De 5h00 \u00e0 7h00 | De 9h00 \u00e0 12h00 | De 14h00 \u00e0 16h30 | De 18h30 \u00e0 20h00 00:09 De 7h00 \u00e0 9h00 |&nbsp;&hellip;<\/p>\n","protected":false},"author":118,"featured_media":304,"parent":0,"menu_order":0,"comment_status":"closed","ping_status":"closed","template":"","meta":{"footnotes":""},"class_list":["post-117","page","type-page","status-publish","has-post-thumbnail","hentry"],"_links":{"self":[{"href":"https:\/\/seal.transport-manager.net\/trespeuix\/wp-json\/wp\/v2\/pages\/117","targetHints":{"allow":["GET"]}}],"collection":[{"href":"https:\/\/seal.transport-manager.net\/trespeuix\/wp-json\/wp\/v2\/pages"}],"about":[{"href":"https:\/\/seal.transport-manager.net\/trespeuix\/wp-json\/wp\/v2\/types\/page"}],"author":[{"embeddable":true,"href":"https:\/\/seal.transport-manager.net\/trespeuix\/wp-json\/wp\/v2\/users\/118"}],"replies":[{"embeddable":true,"href":"https:\/\/seal.transport-manager.net\/trespeuix\/wp-json\/wp\/v2\/comments?post=117"}],"version-history":[{"count":4,"href":"https:\/\/seal.transport-manager.net\/trespeuix\/wp-json\/wp\/v2\/pages\/117\/revisions"}],"predecessor-version":[{"id":427,"href":"https:\/\/seal.transport-manager.net\/trespeuix\/wp-json\/wp\/v2\/pages\/117\/revisions\/427"}],"wp:featuredmedia":[{"embeddable":true,"href":"https:\/\/seal.transport-manager.net\/trespeuix\/wp-json\/wp\/v2\/media\/304"}],"wp:attachment":[{"href":"https:\/\/seal.transport-manager.net\/trespeuix\/wp-json\/wp\/v2\/media?parent=117"}],"curies":[{"name":"wp","href":"https:\/\/api.w.org\/{rel}","templated":true}]}}