{"id":47,"date":"2021-10-09T18:10:46","date_gmt":"2021-10-09T16:10:46","guid":{"rendered":"https:\/\/seal.transport-manager.net\/trespeuix\/?page_id=47"},"modified":"2023-04-01T17:10:04","modified_gmt":"2023-04-01T15:10:04","slug":"ligne-1","status":"publish","type":"page","link":"https:\/\/seal.transport-manager.net\/trespeuix\/horairesur\/ligne-1\/","title":{"rendered":"Ligne 1"},"content":{"rendered":"\n<figure class=\"wp-block-image size-large\"><img loading=\"lazy\" decoding=\"async\" width=\"1024\" height=\"323\" src=\"https:\/\/seal.transport-manager.net\/trespeuix\/wp-content\/uploads\/sites\/117\/2023\/04\/Ligne-1-Thermometre-complet-TRANS-1024x323.png\" alt=\"\" class=\"wp-image-519\" srcset=\"https:\/\/seal.transport-manager.net\/trespeuix\/wp-content\/uploads\/sites\/117\/2023\/04\/Ligne-1-Thermometre-complet-TRANS-1024x323.png 1024w, https:\/\/seal.transport-manager.net\/trespeuix\/wp-content\/uploads\/sites\/117\/2023\/04\/Ligne-1-Thermometre-complet-TRANS-300x95.png 300w, https:\/\/seal.transport-manager.net\/trespeuix\/wp-content\/uploads\/sites\/117\/2023\/04\/Ligne-1-Thermometre-complet-TRANS-768x243.png 768w, https:\/\/seal.transport-manager.net\/trespeuix\/wp-content\/uploads\/sites\/117\/2023\/04\/Ligne-1-Thermometre-complet-TRANS-1232x389.png 1232w, https:\/\/seal.transport-manager.net\/trespeuix\/wp-content\/uploads\/sites\/117\/2023\/04\/Ligne-1-Thermometre-complet-TRANS.png 1371w\" sizes=\"auto, (max-width: 1024px) 100vw, 1024px\" \/><\/figure>\n\n\n\n<div class=\"wp-block-columns is-layout-flex wp-container-core-columns-is-layout-9d6595d7 wp-block-columns-is-layout-flex\">\n<div class=\"wp-block-column is-layout-flow wp-block-column-is-layout-flow\" style=\"flex-basis:100%\">\n<div class=\"wp-block-group\"><div class=\"wp-block-group__inner-container is-layout-constrained wp-block-group-is-layout-constrained\">\n<figure class=\"wp-block-table is-style-stripes\"><table class=\"has-black-color has-text-color\"><tbody><tr><td><strong><em>Du Lundi au Vendredi<\/em><\/strong><\/td><td class=\"has-text-align-center\" data-align=\"center\"><em><strong>Fr\u00e9quences<\/strong><\/em><\/td><\/tr><tr><td><strong>De 5h00 \u00e0 7h00 | De 9h00 \u00e0 12h00 | De 14h00 \u00e0 16h30 | De 18h30 \u00e0 20h00<\/strong><\/td><td class=\"has-text-align-center\" data-align=\"center\"><strong>00:06<\/strong><\/td><\/tr><tr><td><strong>De 7h00 \u00e0 9h00 | De 12h00 \u00e0 14h00 | De 16h3<strong>0<\/strong> \u00e0 18h30<\/strong><\/td><td class=\"has-text-align-center\" data-align=\"center\"><strong>00:04<\/strong><\/td><\/tr><tr><td><strong>De 20h00 \u00e0 00h00<\/strong><\/td><td class=\"has-text-align-center\" data-align=\"center\"><strong>00:12<\/strong><\/td><\/tr><tr><td><strong><em>Samedi<\/em><\/strong><\/td><td class=\"has-text-align-center\" data-align=\"center\"><\/td><\/tr><tr><td><strong>De 5h00 \u00e0 7h00 | De 9h00 \u00e0 12h00 | De 14h00 \u00e0 16h30 | De 18h30 \u00e0 20h00<\/strong><\/td><td class=\"has-text-align-center\" data-align=\"center\"><strong>00:07<\/strong><\/td><\/tr><tr><td><strong><strong>De 7h00 \u00e0 9h00 | De 12h00 \u00e0 14h00 | De 16h3<strong>0<\/strong> \u00e0 18h30<\/strong><\/strong><\/td><td class=\"has-text-align-center\" data-align=\"center\"><strong>00:05<\/strong><\/td><\/tr><tr><td><strong>De 20h00 \u00e0 00h00<\/strong><\/td><td class=\"has-text-align-center\" data-align=\"center\"><strong>00:10<\/strong><\/td><\/tr><tr><td><strong><em>Dimanche<\/em><\/strong><\/td><td class=\"has-text-align-center\" data-align=\"center\"><\/td><\/tr><tr><td><strong>De 5h00 \u00e0 7h00 | De 9h00 \u00e0 12h00 | De 14h00 \u00e0 16h30 | De 18h30 \u00e0 20h00<\/strong><\/td><td class=\"has-text-align-center\" data-align=\"center\"><strong>00:12<\/strong><\/td><\/tr><tr><td><strong><strong>De 7h00 \u00e0 9h00 | De 12h00 \u00e0 14h00 | De 16h3<strong>0<\/strong> \u00e0 18h30<\/strong><\/strong><\/td><td class=\"has-text-align-center\" data-align=\"center\"><strong>00:10<\/strong><\/td><\/tr><\/tbody><\/table><\/figure>\n<\/div><\/div>\n<\/div>\n<\/div>\n","protected":false},"excerpt":{"rendered":"<p>Du Lundi au Vendredi Fr\u00e9quences De 5h00 \u00e0 7h00 | De 9h00 \u00e0 12h00 | De 14h00 \u00e0 16h30 | De 18h30 \u00e0 20h00 00:06 De 7h00 \u00e0 9h00 |&nbsp;&hellip;<\/p>\n","protected":false},"author":118,"featured_media":303,"parent":39,"menu_order":1,"comment_status":"closed","ping_status":"closed","template":"","meta":{"footnotes":""},"class_list":["post-47","page","type-page","status-publish","has-post-thumbnail","hentry"],"_links":{"self":[{"href":"https:\/\/seal.transport-manager.net\/trespeuix\/wp-json\/wp\/v2\/pages\/47","targetHints":{"allow":["GET"]}}],"collection":[{"href":"https:\/\/seal.transport-manager.net\/trespeuix\/wp-json\/wp\/v2\/pages"}],"about":[{"href":"https:\/\/seal.transport-manager.net\/trespeuix\/wp-json\/wp\/v2\/types\/page"}],"author":[{"embeddable":true,"href":"https:\/\/seal.transport-manager.net\/trespeuix\/wp-json\/wp\/v2\/users\/118"}],"replies":[{"embeddable":true,"href":"https:\/\/seal.transport-manager.net\/trespeuix\/wp-json\/wp\/v2\/comments?post=47"}],"version-history":[{"count":22,"href":"https:\/\/seal.transport-manager.net\/trespeuix\/wp-json\/wp\/v2\/pages\/47\/revisions"}],"predecessor-version":[{"id":520,"href":"https:\/\/seal.transport-manager.net\/trespeuix\/wp-json\/wp\/v2\/pages\/47\/revisions\/520"}],"up":[{"embeddable":true,"href":"https:\/\/seal.transport-manager.net\/trespeuix\/wp-json\/wp\/v2\/pages\/39"}],"wp:featuredmedia":[{"embeddable":true,"href":"https:\/\/seal.transport-manager.net\/trespeuix\/wp-json\/wp\/v2\/media\/303"}],"wp:attachment":[{"href":"https:\/\/seal.transport-manager.net\/trespeuix\/wp-json\/wp\/v2\/media?parent=47"}],"curies":[{"name":"wp","href":"https:\/\/api.w.org\/{rel}","templated":true}]}}