{"id":24,"date":"2026-02-26T10:15:52","date_gmt":"2026-02-26T09:15:52","guid":{"rendered":"https:\/\/seal.transport-manager.net\/tullineuge\/?page_id=24"},"modified":"2026-02-26T17:59:44","modified_gmt":"2026-02-26T16:59:44","slug":"tarification","status":"publish","type":"page","link":"https:\/\/seal.transport-manager.net\/tullineuge\/tarification\/","title":{"rendered":"Tarification"},"content":{"rendered":"\n<p>D\u00e9couvrez notre gamme tarifaire. Les tickets pr\u00e9sent\u00e9s sont vendus \u00e0 bord. La carte KorriGo peut \u00eatre achet\u00e9e en agence dans tous les r\u00e9seaux adh\u00e9rents. Si vous n\u2019avez pas de carte KorriGo, un billet papier vous sera fourni.<br><br>Carte Korrigo 1H : 1,80\u20ac<\/p>\n\n\n\n<p>Carte KorriGo 24H : 5,30\u20ac<\/p>\n\n\n\n<p><\/p>\n","protected":false},"excerpt":{"rendered":"<p>D\u00e9couvrez notre gamme tarifaire. Les tickets pr\u00e9sent\u00e9s sont vendus \u00e0 bord. La carte KorriGo peut \u00eatre achet\u00e9e en agence dans tous les r\u00e9seaux adh\u00e9rents. Si vous n\u2019avez pas de carte KorriGo, un billet papier vous sera fourni. Carte Korrigo 1H : 1,80\u20ac Carte KorriGo 24H : 5,30\u20ac<\/p>\n","protected":false},"author":709,"featured_media":0,"parent":0,"menu_order":0,"comment_status":"closed","ping_status":"closed","template":"","meta":{"footnotes":""},"class_list":["post-24","page","type-page","status-publish","hentry"],"_links":{"self":[{"href":"https:\/\/seal.transport-manager.net\/tullineuge\/wp-json\/wp\/v2\/pages\/24","targetHints":{"allow":["GET"]}}],"collection":[{"href":"https:\/\/seal.transport-manager.net\/tullineuge\/wp-json\/wp\/v2\/pages"}],"about":[{"href":"https:\/\/seal.transport-manager.net\/tullineuge\/wp-json\/wp\/v2\/types\/page"}],"author":[{"embeddable":true,"href":"https:\/\/seal.transport-manager.net\/tullineuge\/wp-json\/wp\/v2\/users\/709"}],"replies":[{"embeddable":true,"href":"https:\/\/seal.transport-manager.net\/tullineuge\/wp-json\/wp\/v2\/comments?post=24"}],"version-history":[{"count":3,"href":"https:\/\/seal.transport-manager.net\/tullineuge\/wp-json\/wp\/v2\/pages\/24\/revisions"}],"predecessor-version":[{"id":49,"href":"https:\/\/seal.transport-manager.net\/tullineuge\/wp-json\/wp\/v2\/pages\/24\/revisions\/49"}],"wp:attachment":[{"href":"https:\/\/seal.transport-manager.net\/tullineuge\/wp-json\/wp\/v2\/media?parent=24"}],"curies":[{"name":"wp","href":"https:\/\/api.w.org\/{rel}","templated":true}]}}